000
CXUS52 KKEY 011412 CCA
CF6MTH
PRELIMINARY LOCAL CLIMATOLOGICAL DATA (WS FORM: F-6)...CORRECTED
STATION: MARATHON
MONTH: APRIL
YEAR: 2022
LATITUDE: 24 43 N
LONGITUDE: 81 5 W
TEMPERATURE IN F: :PCPN: SNOW: WIND :SUNSHINE: SKY :PK WND
================================================================================
1 2 3 4 5 6A 6B 7 8 9 10 11 12 13 14 15 16 17 18
12Z AVG MX 2MIN
DY MAX MIN AVG DEP HDD CDD WTR SNW DPTH SPD SPD DIR MIN PSBL S-S WX SPD DR
================================================================================
1 88 77 83 7 0 18 0.00 0.0 0 5.9 15 160 M M 1 24 160
2 88 77 83 6 0 18 0.00 0.0 0 6.6 18 40 M M 3 26 30
3 90 72 81 4 0 16 0.02 0.0 0 7.2 22 40 M M 4 3 32 40
4 89 75 82 5 0 17 0.00 0.0 0 5.4 10 120 M M 1 17 110
5 88 79 84 7 0 19 0.00 0.0 0 10.1 15 150 M M 1 25 150
6 90 79 85 8 0 20 0.00 0.0 0 8.3 13 170 M M 2 22 130
7 90 79 85 8 0 20 0.00 0.0 0 8.1 14 300 M M 2 22 320
8 82 72 77 0 0 12 T 0.0 0 11.6 18 320 M M 4 31 330
9 81 70 76 -2 0 11 0.00 0.0 0 12.2 18 290 M M 4 30 310
10 78 60 69 -9 0 4 0.00 0.0 0 12.5 18 30 M M 1 28 360
11 84 72 78 0 0 13 0.00 0.0 0 10.7 16 100 M M 5 28 100
12 85 73 79 1 0 14 0.00 0.0 0 11.3 16 100 M M 4 27 100
13 87 76 82 4 0 17 T 0.0 0 10.6 16 90 M M 2 26 110
14 89 77 83 5 0 18 T 0.0 0 9.2 15 110 M M 2 25 110
15 90 74 82 4 0 17 0.33 0.0 0 7.5 17 80 M M 2 1 27 100
16 88 75 82 4 0 17 0.00 0.0 0 8.2 15 90 M M 2 22 110
17 88 73 81 2 0 16 0.07 0.0 0 8.0 17 80 M M 2 1 24 100
18 86 75 81 2 0 16 0.00 0.0 0 6.1 15 30 M M 2 25 10
19 87 75 81 2 0 16 0.07 0.0 0 10.1 23 50 M M 2 3 35 50
20 84 77 81 2 0 16 T 0.0 0 15.0 23 60 M M 3 32 100
21 85 74 80 1 0 15 0.02 0.0 0 16.7 23 70 M M 6 34 70
22 82 71 77 -2 0 12 1.11 0.0 0 18.4 25 60 M M 5 13 37 80
23 84 72 78 -1 0 13 0.05 0.0 0 14.0 22 70 M M 5 18 31 60
24 85 74 80 1 0 15 0.02 0.0 0 11.8 18 80 M M 3 13 29 100
25 86 71 79 -1 0 14 0.21 0.0 0 12.0 20 70 M M 2 13 30 80
26 86 75 81 1 0 16 T 0.0 0 8.9 15 100 M M 2 26 100
27 87 74 81 1 0 16 0.00 0.0 0 6.0 10 120 M M 1 16 130
28 87 73 80 0 0 15 0.00 0.0 0 4.0 9 160 M M 1 13 110
29 87 76 82 2 0 17 0.00 0.0 0 7.5 12 110 M M 1 20 120
30 87 76 82 2 0 17 0.00 0.0 0 8.5 14 80 M M 1 3 21 70
================================================================================
SM 2588 2223 0 465 1.90 0.0 292.4 M 76
================================================================================
AV 86.3 74.1 9.7 FASTST M M 3 MAX(MPH)
MISC ----> 25 60 37 80
================================================================================
NOTES:
# LAST OF SEVERAL OCCURRENCES
COLUMN 17 PEAK WIND IN M.P.H.
PRELIMINARY LOCAL CLIMATOLOGICAL DATA (WS FORM: F-6) , PAGE 2
STATION: MARATHON
MONTH: APRIL
YEAR: 2022
LATITUDE: 24 43 N
LONGITUDE: 81 5 W
[TEMPERATURE DATA] [PRECIPITATION DATA] SYMBOLS USED IN COLUMN 16
AVERAGE MONTHLY: 80.2 TOTAL FOR MONTH: 1.90 1 = FOG OR MIST
DPTR FM NORMAL: 1.9 DPTR FM NORMAL: -0.21 2 = FOG REDUCING VISIBILITY
HIGHEST: 90 ON 15, 7 GRTST 24HR 1.11 ON 22-22 TO 1/4 MILE OR LESS
LOWEST: 60 ON 10 3 = THUNDER
SNOW, ICE PELLETS, HAIL 4 = ICE PELLETS
TOTAL MONTH: 0.0 INCH 5 = HAIL
GRTST 24HR 0.0 6 = FREEZING RAIN OR DRIZZLE
GRTST DEPTH: 0 7 = DUSTSTORM OR SANDSTORM:
VSBY 1/2 MILE OR LESS
8 = SMOKE OR HAZE
[NO. OF DAYS WITH] [WEATHER - DAYS WITH] 9 = BLOWING SNOW
X = TORNADO
MAX 32 OR BELOW: 0 0.01 INCH OR MORE: 9
MAX 90 OR ABOVE: 4 0.10 INCH OR MORE: 3
MIN 32 OR BELOW: 0 0.50 INCH OR MORE: 1
MIN 0 OR BELOW: 0 1.00 INCH OR MORE: 1
[HDD (BASE 65) ]
TOTAL THIS MO. 0 CLEAR (SCALE 0-3) 22
DPTR FM NORMAL 0 PTCLDY (SCALE 4-7) 8
TOTAL FM JUL 1 30 CLOUDY (SCALE 8-10) 0
DPTR FM NORMAL -41
[CDD (BASE 65) ]
TOTAL THIS MO. 465
DPTR FM NORMAL 66 [PRESSURE DATA]
TOTAL FM JAN 1 1361 HIGHEST SLP M ON M
DPTR FM NORMAL 254 LOWEST SLP 29.85 ON 3
[REMARKS]
#FINAL-04-22#
CORRECTED ALIGNMENT OF SNOW, ICE PELLETS, HAIL TABLE.
CORRECTED SKY COVER TABLE TO MISSING.
NB