796
CXUS52 KKEY 252015 CCA
CF6MTH
PRELIMINARY LOCAL CLIMATOLOGICAL DATA (WS FORM: F-6)...CORRECTED
STATION: MARATHON
MONTH: OCTOBER
YEAR: 2020
LATITUDE: 24 43 N
LONGITUDE: 81 5 W
TEMPERATURE IN F: :PCPN: SNOW: WIND :SUNSHINE: SKY :PK WND
================================================================================
1 2 3 4 5 6A 6B 7 8 9 10 11 12 13 14 15 16 17 18
12Z AVG MX 2MIN
DY MAX MIN AVG DEP HDD CDD WTR SNW DPTH SPD SPD DIR MIN PSBL S-S WX SPD DR
================================================================================
1 91 75 83 0 0 18 1.13 0.0 0 5.7 21 170 M M 2 138 31 170
2 85 74 80 -3 0 15 1.55 0.0 0 8.1 21 290 M M 4 123 30 290
3 85 74 80 -3 0 15 0.33 0.0 0 8.2 16 110 M M 2 13 25 120
4 89 83 86 3 0 21 T 0.0 0 12.5 17 120 M M 3 18 27 120
5 90 78 84 2 0 19 0.39 0.0 0 9.5 23 130 M M 3 18 33 130
6 90 82 86 4 0 21 T 0.0 0 11.2 16 100 M M 4 26 110
7 88 80 84 2 0 19 0.24 0.0 0 12.2 17 130 M M 4 18 27 120
8 89 81 85 3 0 20 0.00 0.0 0 9.1 14 100 M M 2 20 110
9 89 78 84 2 0 19 0.04 0.0 0 9.9 15 80 M M 1 1 23 100
10 89 78 84 2 0 19 0.03 0.0 0 5.4 15 130 M M 2 1 22 120
11 89 77 83 1 0 18 1.31 0.0 0 4.5 12 100 M M 3 13 17 100
12 88 78 83 1 0 18 0.00 0.0 0 4.3 12 340 M M 1 16 330
13 87 78 83 2 0 18 0.06 0.0 0 8.2 16 10 M M 1 1 21 360
14 89 80 85 4 0 20 0.00 0.0 0 10.6 16 50 M M 2 21 30
15 87 79 83 2 0 18 0.12 0.0 0 6.8 14 70 M M 7 1 17 70
16 90 74 82 1 0 17 0.20 0.0 0 7.2 21 10 M M 1 13 34 10
17 87 75 81 0 0 16 0.09 0.0 0 13.3 22 70 M M 2 13 29 60
18 86 75 81 1 0 16 0.45 0.0 0 12.6 28 60 M M 6 138 37 60
19 85 74 80 0 0 15 0.34 0.0 0 13.3 23 110 M M 4 18 36 120
20 80 72 76 -4 0 11 2.99 0.0 0 9.9 26 130 M M 6 13 40 130
21 80 73 77 -3 0 12 1.54 0.0 0 9.3 26 50 M M 6 138 32 50
22 82 74 78 -2 0 13 1.87 0.0 0 10.5 22 60 M M 6 13 27 60
23 85 78 82 3 0 17 T 0.0 0 11.5 17 80 M M 3 24 80
24 86 78 82 3 0 17 0.09 0.0 0 8.9 18 120 M M 4 1 26 120
25 86 78 82 3 0 17 0.04 0.0 0 9.2 21 130 M M 3 1 28 130
26 86 77 82 3 0 17 0.49 0.0 0 10.7 22 130 M M 4 1 32 130
27 87 80 84 5 0 19 0.00 0.0 0 10.5 16 90 M M 2 25 80
28 87 80 84 5 0 19 0.00 0.0 0 9.1 14 110 M M 1 21 120
29 88 79 84 6 0 19 0.07 0.0 0 6.9 14 110 M M 2 1 23 110
30 87 79 83 5 0 18 0.01 0.0 0 3.9 12 220 M M 3 1 17 210
31 88 78 83 5 0 18 0.01 0.0 0 7.1 15 60 M M 1 21 90
================================================================================
SM 2695 2399 0 539 13.39 0.0 280.1 M 95
================================================================================
AV 86.9 77.4 9.0 FASTST M M 3 MAX(MPH)
MISC ----> # 28 60 # 40 130
================================================================================
NOTES:
# LAST OF SEVERAL OCCURRENCES
COLUMN 17 PEAK WIND IN M.P.H.
PRELIMINARY LOCAL CLIMATOLOGICAL DATA (WS FORM: F-6) , PAGE 2
STATION: MARATHON
MONTH: OCTOBER
YEAR: 2020
LATITUDE: 24 43 N
LONGITUDE: 81 5 W
[TEMPERATURE DATA] [PRECIPITATION DATA] SYMBOLS USED IN COLUMN 16
AVERAGE MONTHLY: 82.2 TOTAL FOR MONTH: 13.39 1 = FOG OR MIST
DPTR FM NORMAL: 1.5 DPTR FM NORMAL: 8.61 2 = FOG REDUCING VISIBILITY
HIGHEST: 91 ON 1 GRTST 24HR 2.99 ON 20-20 TO 1/4 MILE OR LESS
LOWEST: 72 ON 20 3 = THUNDER
SNOW, ICE PELLETS, HAIL 4 = ICE PELLETS
TOTAL MONTH: 0.0 INCH 5 = HAIL
GRTST 24HR 0.0 6 = FREEZING RAIN OR DRIZZLE
GRTST DEPTH: 0 7 = DUSTSTORM OR SANDSTORM:
VSBY 1/2 MILE OR LESS
8 = SMOKE OR HAZE
[NO. OF DAYS WITH] [WEATHER - DAYS WITH] 9 = BLOWING SNOW
X = TORNADO
MAX 32 OR BELOW: 0 0.01 INCH OR MORE: 23
MAX 90 OR ABOVE: 4 0.10 INCH OR MORE: 14
MIN 32 OR BELOW: 0 0.50 INCH OR MORE: 6
MIN 0 OR BELOW: 0 1.00 INCH OR MORE: 6
[HDD (BASE 65) ]
TOTAL THIS MO. 0 CLEAR (SCALE 0-3) 20
DPTR FM NORMAL 0 PTCLDY (SCALE 4-7) 11
TOTAL FM JUL 1 0 CLOUDY (SCALE 8-10) 0
DPTR FM NORMAL 0
[CDD (BASE 65) ]
TOTAL THIS MO. 539
DPTR FM NORMAL 54 [PRESSURE DATA]
TOTAL FM JAN 1 5047 HIGHEST SLP 30.07 ON 31
DPTR FM NORMAL 608 LOWEST SLP 29.79 ON 24
[REMARKS]
#FINAL-10-20#
CORRECTED DEPARTURE FROM NORMAL (COLUMN 5) FOR OCTOBER 28TH.
ROSS