000
CXUS51 KBTV 110241
CF6MVL
PRELIMINARY LOCAL CLIMATOLOGICAL DATA (WS FORM: F-6)
STATION: MORRISVILLE VT
MONTH: FEBRUARY
YEAR: 2021
LATITUDE: 44 31 N
LONGITUDE: 72 37 W
TEMPERATURE IN F: :PCPN: SNOW: WIND :SUNSHINE: SKY :PK WND
================================================================================
1 2 3 4 5 6A 6B 7 8 9 10 11 12 13 14 15 16 17 18
12Z AVG MX 2MIN
DY MAX MIN AVG DEP HDD CDD WTR SNW DPTH SPD SPD DIR MIN PSBL S-S WX SPD DR
================================================================================
1 29 -14 8 -7 57 0 T M M 2.5 9 20 M M 0 8 10 10
2 27 22 25 10 40 0 M M M 9.6 18 10 M M 10 12 24 10
3 30 25 28 13 37 0 T M M 8.1 16 330 M M 10 1 24 350
4 32 5 19 4 46 0 T M M 5.5 14 10 M M 5 1 22 340
5 33 2 18 2 47 0 0.04 M M 1.6 8 190 M M 6 12 10 190
6 30 12 21 5 44 0 0.07 M M 4.9 17 220 M M 9 1 25 210
7 28 -3 13 -3 52 0 T M M 3.9 22 180 M M 7 1 32 180
8 21 -7 7 -9 58 0 T M M 6.2 18 310 M M 1 18 28 320
9 21 -6 8 -8 57 0 T M M 1.8 6 170 M M 9 18 7 160
10 22 -1 11 -5 54 0 T M M 3.9 16 320 M M 7 18 24 310
11 19 2 11 -6 54 0 T M M 6.9 18 320 M M 5 1 30 330
12 12 -13 0 -17 65 0 0.00 M M 4.1 15 10 M M 0 18 10
13 17 -19 -1 -18 66 0 M M M 1.5 6 360 M M 3 8 30
14 26 10 18 1 47 0 0.00 M M 2.4 9 340 M M 8 13 230
15 24 5 15 -3 50 0 T M M 1.6 7 40 M M 7 1 8 50
16 36 14 25 7 40 0 0.12 M M 5.7 20 340 M M 10 1 31 340
17 20 3 12 -6 53 0 0.00 M M 5.4 16 220 M M 3 26 350
18 25 1 13 -5 52 0 0.00 M M 1.1 6 360 M M 4 7 350
19 30 13 22 3 43 0 0.02 M M 1.7 8 210 M M 10 1 10 210
20 25 17 21 2 44 0 T M M 5.2 16 350 M M 10 1 23 320
21 27 -2 13 -6 52 0 0.01 M M 3.6 16 340 M M 5 21 340
22 28 -3 13 -7 52 0 T M M 3.1 23 170 M M 8 1 31 170
23 39 26 33 13 32 0 0.06 M M 4.0 14 310 M M 10 1 23 320
24 45 35 40 20 25 0 0.01 M M 5.9 16 230 M M 8 27 260
25 44 19 32 11 33 0 0.18 M M 8.7 22 350 M M 8 1 33 340
26 32 8 20 -1 45 0 T M M 2.3 12 190 M M 3 16 180
27 41 5 23 2 42 0 0.08 M M 6.6 24 320 M M 7 1 38 310
28 43 30 37 15 28 0 0.00 M M 7.2 25 200 M M 6 34 200
================================================================================
SM 806 186 1315 0 0.59 M 125.0 M 179
================================================================================
AV 28.8 6.6 4.5 FASTST M M 6 MAX(MPH)
MISC ----> 25 200 38 310
================================================================================
NOTES:
# LAST OF SEVERAL OCCURRENCES
COLUMN 17 PEAK WIND IN M.P.H.
PRELIMINARY LOCAL CLIMATOLOGICAL DATA (WS FORM: F-6) , PAGE 2
STATION: MORRISVILLE VT
MONTH: FEBRUARY
YEAR: 2021
LATITUDE: 44 31 N
LONGITUDE: 72 37 W
[TEMPERATURE DATA] [PRECIPITATION DATA] SYMBOLS USED IN COLUMN 16
AVERAGE MONTHLY: 17.7 TOTAL FOR MONTH: 0.59 1 = FOG OR MIST
DPTR FM NORMAL: -0.2 DPTR FM NORMAL: -0.94 2 = FOG REDUCING VISIBILITY
HIGHEST: 45 ON 24 GRTST 24HR 0.19 ON 24-25 TO 1/4 MILE OR LESS
LOWEST: -19 ON 13 3 = THUNDER
SNOW, ICE PELLETS, HAIL 4 = ICE PELLETS
TOTAL MONTH: M 5 = HAIL
GRTST 24HR M ON M 6 = FREEZING RAIN OR DRIZZLE
GRTST DEPTH: M ON M 7 = DUSTSTORM OR SANDSTORM:
VSBY 1/2 MILE OR LESS
8 = SMOKE OR HAZE
[NO. OF DAYS WITH] [WEATHER - DAYS WITH] 9 = BLOWING SNOW
X = TORNADO
MAX 32 OR BELOW: 21 0.01 INCH OR MORE: 9
MAX 90 OR ABOVE: 0 0.10 INCH OR MORE: 2
MIN 32 OR BELOW: 27 0.50 INCH OR MORE: 0
MIN 0 OR BELOW: 9 1.00 INCH OR MORE: 0
[HDD (BASE 65) ]
TOTAL THIS MO. 1315 CLEAR (SCALE 0-3) 6
DPTR FM NORMAL -5 PTCLDY (SCALE 4-7) 11
TOTAL FM JUL 1 5461 CLOUDY (SCALE 8-10) 11
DPTR FM NORMAL -563
[CDD (BASE 65) ]
TOTAL THIS MO. 0
DPTR FM NORMAL 0 [PRESSURE DATA]
TOTAL FM JAN 1 0 HIGHEST SLP 30.56 ON 18
DPTR FM NORMAL 0 LOWEST SLP 29.43 ON 3
[REMARKS]
#FINAL-02-21#