000
CXUS54 KFWD 010832
CF6MWL
PRELIMINARY LOCAL CLIMATOLOGICAL DATA (WS FORM: F-6)
STATION: MINERAL WELLS
MONTH: NOVEMBER
YEAR: 2023
LATITUDE: 32 46 N
LONGITUDE: 98 4 W
TEMPERATURE IN F: :PCPN: SNOW: WIND :SUNSHINE: SKY :PK WND
================================================================================
1 2 3 4 5 6A 6B 7 8 9 10 11 12 13 14 15 16 17 18
12Z AVG MX 2MIN
DY MAX MIN AVG DEP HDD CDD WTR SNW DPTH SPD SPD DIR MIN PSBL S-S WX SPD DR
================================================================================
1 58 30 44 -16 21 0 0.00 M M 4.8 13 140 M M 0 16 150
2 67 35 51 -9 14 0 0.00 M M 9.0 18 140 M M 0 25 140
3 75 43 59 0 6 0 0.00 M M 10.2 21 190 M M 0 28 180
4 78 53 66 7 0 1 0.00 M M 10.2 17 170 M M 1 1 24 170
5 81 56 69 10 0 4 0.00 M M 9.1 17 180 M M 0 1 25 180
6 86 60 73 15 0 8 0.00 M M 11.0 18 180 M M 0 26 200
7 90 59 75 17 0 10 0.00 M M 9.7 17 160 M M 0 26 160
8 90 61 76 18 0 11 T M M 8.7 15 170 M M 0 20 230
9 71 50 61 4 4 0 0.18 M M 10.4 21 350 M M 8 1 27 350
10 64 47 56 -1 9 0 T M M 7.7 16 40 M M 6 22 80
11 67 49 58 2 7 0 0.00 M M 4.3 13 30 M M 5 19 40
12 66 45 56 0 9 0 0.00 M M 1.2 7 160 M M 0 1 10 170
13 67 48 58 2 7 0 0.00 M M 4.0 13 100 M M 3 18 17 70
14 71 45 58 2 7 0 0.00 M M 1.5 7 130 M M 1 18 11 130
15 73 43 58 3 7 0 0.00 M M 3.2 9 160 M M 0 15 140
16 66 44 55 0 10 0 0.00 M M 9.5 18 140 M M 2 12 23 150
17 60 53 57 3 8 0 0.02 M M 8.1 14 340 M M 7 12 18 130
18 69 53 61 7 4 0 T M M 4.1 9 140 M M 4 1 13 140
19 65 51 58 4 7 0 0.05 M M 10.1 17 170 M M 8 13 25 180
20 71 54 63 10 2 0 0.00 M M 13.3 25 320 M M 4 34 300
21 59 37 48 -5 17 0 0.00 M M 14.2 28 330 M M 7 39 330
22 64 31 48 -5 17 0 0.00 M M 3.5 12 330 M M 0 17 330
23 69 36 53 1 12 0 0.00 M M 8.0 16 130 M M 0 22 120
24 66 39 53 1 12 0 0.00 M M 5.8 13 130 M M 0 1 16 140
25 61 37 49 -3 16 0 0.04 M M 7.0 20 130 M M 5 1 31 130
26 53 31 42 -9 23 0 0.00 M M 11.5 23 340 M M 2 1 29 320
27 56 26 41 -10 24 0 0.00 M M 2.6 8 340 M M 0 14 330
28 63 34 49 -2 16 0 0.00 M M 5.8 13 150 M M 2 18 230
29 67 35 51 1 14 0 0.00 M M 7.5 16 160 M M 4 25 170
30 72 53 63 13 2 0 0.12 M M 8.9 15 140 M M 8 13 21 130
================================================================================
SM 2065 1338 275 34 0.41 M 224.9 M 77
================================================================================
AV 68.8 44.6 7.5 FASTST M M 3 MAX(MPH)
MISC ----> 28 330 39 330
================================================================================
NOTES:
# LAST OF SEVERAL OCCURRENCES
COLUMN 17 PEAK WIND IN M.P.H.
PRELIMINARY LOCAL CLIMATOLOGICAL DATA (WS FORM: F-6) , PAGE 2
STATION: MINERAL WELLS
MONTH: NOVEMBER
YEAR: 2023
LATITUDE: 32 46 N
LONGITUDE: 98 4 W
[TEMPERATURE DATA] [PRECIPITATION DATA] SYMBOLS USED IN COLUMN 16
AVERAGE MONTHLY: 56.7 TOTAL FOR MONTH: 0.41 1 = FOG OR MIST
DPTR FM NORMAL: 1.7 DPTR FM NORMAL: -2.00 2 = FOG REDUCING VISIBILITY
HIGHEST: 90 ON 8, 7 GRTST 24HR 0.18 ON 9- 9 TO 1/4 MILE OR LESS
LOWEST: 26 ON 27 3 = THUNDER
SNOW, ICE PELLETS, HAIL 4 = ICE PELLETS
TOTAL MONTH: M 5 = HAIL
GRTST 24HR M ON M 6 = FREEZING RAIN OR DRIZZLE
GRTST DEPTH: M ON M 7 = DUSTSTORM OR SANDSTORM:
VSBY 1/2 MILE OR LESS
8 = SMOKE OR HAZE
[NO. OF DAYS WITH] [WEATHER - DAYS WITH] 9 = BLOWING SNOW
X = TORNADO
MAX 32 OR BELOW: 0 0.01 INCH OR MORE: 5
MAX 90 OR ABOVE: 2 0.10 INCH OR MORE: 2
MIN 32 OR BELOW: 4 0.50 INCH OR MORE: 0
MIN 0 OR BELOW: 0 1.00 INCH OR MORE: 0
[HDD (BASE 65) ]
TOTAL THIS MO. 275 CLEAR (SCALE 0-3) 19
DPTR FM NORMAL -44 PTCLDY (SCALE 4-7) 10
TOTAL FM JUL 1 353 CLOUDY (SCALE 8-10) 1
DPTR FM NORMAL -63
[CDD (BASE 65) ]
TOTAL THIS MO. 34
DPTR FM NORMAL 15 [PRESSURE DATA]
TOTAL FM JAN 1 3345 HIGHEST SLP 30.52 ON 1
DPTR FM NORMAL 859 LOWEST SLP 29.58 ON 20
[REMARKS]
#FINAL-11-23#