000
CXUS55 KBOI 011002
CF6MYL
PRELIMINARY LOCAL CLIMATOLOGICAL DATA (WS FORM: F-6)
STATION: MCCALL ID
MONTH: FEBRUARY
YEAR: 2021
LATITUDE: 44 52 N
LONGITUDE: 116 6 W
TEMPERATURE IN F: :PCPN: SNOW: WIND :SUNSHINE: SKY :PK WND
================================================================================
1 2 3 4 5 6A 6B 7 8 9 10 11 12 13 14 15 16 17 18
12Z AVG MX 2MIN
DY MAX MIN AVG DEP HDD CDD WTR SNW DPTH SPD SPD DIR MIN PSBL S-S WX SPD DR
================================================================================
1 42 17 30 9 35 0 0.00 M M 3.8 16 190 M M 8 1 23 170
2 43 27 35 14 30 0 0.11 M M 9.8 25 200 M M 10 1 33 180
3 29 15 22 1 43 0 0.06 M M 3.0 12 170 M M 8 1 16 120
4 26 4 15 -6 50 0 0.03 M M 0.7 8 290 M M 8 128 10 280
5 35 19 27 6 38 0 0.20 M M 3.3 14 270 M M 9 12 20 280
6 34 16 25 4 40 0 0.01 M M 2.3 13 180 M M 9 128 18 200
7 32 14 23 2 42 0 T M M 4.7 15 260 M M 8 22 270
8 27 8 18 -3 47 0 T M M 2.6 12 250 M M 8 14 180
9 30 3 17 -4 48 0 0.00 M M 1.4 8 340 M M 3 9 350
10 28 -8 10 -11 55 0 0.00 M M 1.7 13 160 M M 1 17 160
11 22 2 12 -9 53 0 0.23 M M 0.9 8 90 M M 7 1 11 80
12 22 13 18 -3 47 0 0.29 M M 2.6 10 320 M M 10 18 14 300
13 29 15 22 0 43 0 0.44 M M 1.8 15 290 M M 10 18 20 280
14 25 5 15 -7 50 0 0.14 M M 0.6 6 330 M M 9 1 7 330
15 34 24 29 7 36 0 0.55 M M 1.4 10 340 M M 10 1 13 330
16 31 21 26 4 39 0 0.15 M M 4.3 12 290 M M 10 1 18 270
17 32 7 20 -2 45 0 0.24 M M 4.2 15 10 M M 9 1 22 280
18 23 -7 8 -14 57 0 0.07 M M 1.8 12 160 M M 5 18 16 150
19 32 22 27 4 38 0 0.58 M M 6.0 18 20 M M 9 128 29 20
20 32 8 20 -3 45 0 0.15 M M 3.9 12 270 M M 1 128 19 360
21 27 8 18 -5 47 0 0.06 M M 1.5 8 150 M M 9 18 13 170
22 37 27 32 9 33 0 0.10 M M 8.1 20 240 M M 10 18 31 270
23 37 16 27 4 38 0 0.06 M M 6.8 24 270 M M 7 1 33 280
24 31 2 17 -7 48 0 0.03 M M 5.3 15 360 M M 5 18 22 10
25 23 -5 9 -15 56 0 0.16 M M 2.0 12 170 M M 7 128 17 160
26 27 16 22 -2 43 0 0.09 M M 7.1 20 160 M M 10 18 28 170
27 28 1 15 -9 50 0 0.20 M M 4.3 16 320 M M 8 18 26 320
28 26 -5 11 -14 54 0 0.00 M M 1.6 6 340 M M 7 7 200
================================================================================
SM 844 285 1250 0 3.95 M 97.5 M 215
================================================================================
AV 30.1 10.2 3.5 FASTST M M 8 MAX(MPH)
MISC ----> 25 200 # 33 180
================================================================================
NOTES:
# LAST OF SEVERAL OCCURRENCES
COLUMN 17 PEAK WIND IN M.P.H.
PRELIMINARY LOCAL CLIMATOLOGICAL DATA (WS FORM: F-6) , PAGE 2
STATION: MCCALL ID
MONTH: FEBRUARY
YEAR: 2021
LATITUDE: 44 52 N
LONGITUDE: 116 6 W
[TEMPERATURE DATA] [PRECIPITATION DATA] SYMBOLS USED IN COLUMN 16
AVERAGE MONTHLY: 20.2 TOTAL FOR MONTH: 3.95 1 = FOG OR MIST
DPTR FM NORMAL: -1.9 DPTR FM NORMAL: 2.21 2 = FOG REDUCING VISIBILITY
HIGHEST: 43 ON 2 GRTST 24HR 0.68 ON 19-20 TO 1/4 MILE OR LESS
LOWEST: -8 ON 10 3 = THUNDER
SNOW, ICE PELLETS, HAIL 4 = ICE PELLETS
TOTAL MONTH: M 5 = HAIL
GRTST 24HR M ON M 6 = FREEZING RAIN OR DRIZZLE
GRTST DEPTH: M ON M 7 = DUSTSTORM OR SANDSTORM:
VSBY 1/2 MILE OR LESS
8 = SMOKE OR HAZE
[NO. OF DAYS WITH] [WEATHER - DAYS WITH] 9 = BLOWING SNOW
X = TORNADO
MAX 32 OR BELOW: 21 0.01 INCH OR MORE: 22
MAX 90 OR ABOVE: 0 0.10 INCH OR MORE: 14
MIN 32 OR BELOW: 28 0.50 INCH OR MORE: 2
MIN 0 OR BELOW: 4 1.00 INCH OR MORE: 0
[HDD (BASE 65) ]
TOTAL THIS MO. 1250 CLEAR (SCALE 0-3) 3
DPTR FM NORMAL 49 PTCLDY (SCALE 4-7) 11
TOTAL FM JUL 1 6016 CLOUDY (SCALE 8-10) 14
DPTR FM NORMAL -658
[CDD (BASE 65) ]
TOTAL THIS MO. 0
DPTR FM NORMAL 0 [PRESSURE DATA]
TOTAL FM JAN 1 0 HIGHEST SLP 30.58 ON 25
DPTR FM NORMAL 0 LOWEST SLP 29.62 ON 15
[REMARKS]
#FINAL-02-21#