000
CXUS53 KBIS 010830
CF6N60
PRELIMINARY LOCAL CLIMATOLOGICAL DATA (WS FORM: F-6)
STATION: GARRISON (AMOS) ND
MONTH: JUNE
YEAR: 2022
LATITUDE: 47 39 N
LONGITUDE: 101 23 W
TEMPERATURE IN F: :PCPN: SNOW: WIND :SUNSHINE: SKY :PK WND
================================================================================
1 2 3 4 5 6A 6B 7 8 9 10 11 12 13 14 15 16 17 18
12Z AVG MX 2MIN
DY MAX MIN AVG DEP HDD CDD WTR SNW DPTH SPD SPD DIR MIN PSBL S-S WX SPD DR
================================================================================
1 71 40 56 -3 9 0 0.00 M M 15.0 31 290 M M 0 46 290
2 73 41 57 -3 8 0 0.00 M M 18.5 39 310 M M 0 58 300
3 76 32 54 -6 11 0 0.00 M M 6.5 21 290 M M 0 32 300
4 77 42 60 0 5 0 0.00 M M 4.5 13 170 M M 0 20 280
5 75 45 60 0 5 0 0.00 M M 7.9 17 80 M M 0 25 60
6 66 48 57 -4 8 0 0.00 M M 10.6 18 80 M M 0 29 70
7 63 50 57 -4 8 0 0.04 M M 4.1 9 280 M M 0 12 280
8 74 52 63 2 2 0 0.00 M M 5.8 16 240 M M 0 21 240
9 75 44 60 -1 5 0 0.10 M M 4.7 25 210 M M 0 31 220
10 79 50 65 3 0 0 0.01 M M 6.0 22 80 M M 0 36 20
11 83 56 70 8 0 5 0.00 M M 7.3 17 120 M M 0 22 120
12 85 56 71 9 0 6 0.07 M M 9.6 20 220 M M 0 29 240
13 76 59 68 6 0 3 1.02 M M 8.3 43 290 M M 0 69 300
14 71 54 63 1 2 0 0.12 M M 14.4 31 240 M M 0 41 240
15 64 50 57 -6 8 0 0.05 M M 22.8 40 240 M M 0 55 230
16 74 54 64 1 1 0 0.00 M M 16.2 31 270 M M 0 46 270
17 86 49 68 5 0 3 0.00 M M 14.1 28 130 M M 0 38 120
18 98 68 83 20 0 18 0.00 M M 13.5 26 190 M M 0 35 190
19 96 68 82 18 0 17 0.00 M M 9.4 20 270 M M 0 26 300
20 83 57 70 6 0 5 0.17 M M 11.3 32 270 M M 0 47 290
21 73 54 64 0 1 0 0.01 M M 16.2 32 260 M M 0 43 290
22 83 53 68 4 0 3 0.00 M M 8.9 20 230 M M 0 26 240
23 94 56 75 11 0 10 0.00 M M 5.1 14 170 M M 0 20 200
24 83 53 68 4 0 3 0.09 M M 10.4 36 330 M M 0 49 330
25 61 51 56 -9 9 0 0.00 M M 19.6 36 310 M M 0 48 300
26 77 49 63 -2 2 0 0.00 M M 12.4 22 300 M M 0 29 310
27 82 50 66 1 0 1 0.00 M M 6.0 15 300 M M 0 20 230
28 77 52 65 0 0 0 0.00 M M 9.7 23 110 M M 0 30 110
29 85 59 72 6 0 7 0.00 M M 10.1 23 100 M M 0 33 90
30 76 55 66 0 0 1 0.03 M M 13.2 32 310 M M 0 43 310
================================================================================
SM 2336 1547 84 82 1.71 M 322.1 M 0
================================================================================
AV 77.9 51.6 10.7 FASTST M M 0 MAX(MPH)
MISC ----> 43 290 69 300
================================================================================
NOTES:
# LAST OF SEVERAL OCCURRENCES
COLUMN 17 PEAK WIND IN M.P.H.
PRELIMINARY LOCAL CLIMATOLOGICAL DATA (WS FORM: F-6) , PAGE 2
STATION: GARRISON (AMOS) ND
MONTH: JUNE
YEAR: 2022
LATITUDE: 47 39 N
LONGITUDE: 101 23 W
[TEMPERATURE DATA] [PRECIPITATION DATA] SYMBOLS USED IN COLUMN 16
AVERAGE MONTHLY: 64.7 TOTAL FOR MONTH: 1.71 1 = FOG OR MIST
DPTR FM NORMAL: 2.1 DPTR FM NORMAL: -1.83 2 = FOG REDUCING VISIBILITY
HIGHEST: 98 ON 18 GRTST 24HR 1.09 ON 12-13 TO 1/4 MILE OR LESS
LOWEST: 32 ON 3 3 = THUNDER
SNOW, ICE PELLETS, HAIL 4 = ICE PELLETS
TOTAL MONTH: M 5 = HAIL
GRTST 24HR M ON M 6 = FREEZING RAIN OR DRIZZLE
GRTST DEPTH: M ON M 7 = DUSTSTORM OR SANDSTORM:
VSBY 1/2 MILE OR LESS
8 = SMOKE OR HAZE
[NO. OF DAYS WITH] [WEATHER - DAYS WITH] 9 = BLOWING SNOW
X = TORNADO
MAX 32 OR BELOW: 0 0.01 INCH OR MORE: 11
MAX 90 OR ABOVE: 3 0.10 INCH OR MORE: 4
MIN 32 OR BELOW: 1 0.50 INCH OR MORE: 1
MIN 0 OR BELOW: 0 1.00 INCH OR MORE: 1
[HDD (BASE 65) ]
TOTAL THIS MO. 84 CLEAR (SCALE 0-3) 30
DPTR FM NORMAL -29 PTCLDY (SCALE 4-7) 0
TOTAL FM JUL 1 8800 CLOUDY (SCALE 8-10) 0
DPTR FM NORMAL -262
[CDD (BASE 65) ]
TOTAL THIS MO. 82
DPTR FM NORMAL 40 [PRESSURE DATA]
TOTAL FM JAN 1 82 HIGHEST SLP 30.31 ON 26
DPTR FM NORMAL 32 LOWEST SLP 29.38 ON 13
[REMARKS]
#FINAL-06-22#