000
CXUS51 KOKX 011544 RRA
CLMNYC
CLIMATE REPORT
NATIONAL WEATHER SERVICE NEW YORK, NY
1144 AM EDT THU JUN 01 2023
...................................
...THE CENTRAL PARK NY CLIMATE SUMMARY FOR THE MONTH OF MAY 2023...
CLIMATE NORMAL PERIOD 1991 TO 2020
CLIMATE RECORD PERIOD 1869 TO 2023
WEATHER OBSERVED NORMAL DEPART LAST YEAR`S
VALUE DATE(S) VALUE FROM VALUE DATE(S)
NORMAL
................................................................
TEMPERATURE (F)
RECORD
HIGH 99 05/19/1962
LOW 32 05/06/1891
HIGHEST 87 05/12 MM MM 93 05/31
LOWEST 43 05/18 MM MM 45 05/07
05/08
AVG. MAXIMUM 71.8 71.4 0.4 72.1
AVG. MINIMUM 53.6 55.0 -1.4 56.0
MEAN 62.7 63.2 -0.5 64.0
DAYS MAX >= 90 0 1.0 -1.0 2
DAYS MAX <= 32 0 0.0 0.0 0
DAYS MIN <= 32 0 0.0 0.0 0
DAYS MIN <= 0 0 0.0 0.0 0
PRECIPITATION (INCHES)
RECORD
MAXIMUM 10.24 1989
MINIMUM 0.30 1903
TOTALS 1.28 3.96 -2.68 4.52
DAILY AVG. 0.04 0.13 -0.09 0.15
DAYS >= .01 7 11.5 -4.5 13
DAYS >= .10 2 7.3 -5.3 10
DAYS >= .50 1 2.7 -1.7 4
DAYS >= 1.00 0 1.0 -1.0 0
GREATEST
24 HR. TOTAL 2.41 04/30 TO 05/01 1.39 05/06 TO 05/07
STORM TOTAL 0.77 0.92
(MM/DD(HH)) MM
SNOWFALL (INCHES)
TOTALS 0.0 0.0 0.0 0.0
LIQUID EQUIV 0.00 0.00 0.00 0.00
SINCE 7/1 2.3 29.8 -27.5 MM
LIQUID 7/1 0.23 2.90 -2.67 MM
SNOWDEPTH AVG. 0 0
DAYS >= TRACE 0 0.0 0.0 0
DAYS >= 1.0 0 0.0 0.0 0
GREATEST
SNOW DEPTH 0 0 MM
24 HR TOTAL MM MM
STORM TOTAL 0.0 0.0
(MM/DD(HH)) MM
DEGREE DAYS
HEATING TOTAL 111 122 -11 101
SINCE 7/1 3832 4537 -705 MM
COOLING TOTAL 45 66 -21 78
SINCE 1/1 86 81 5 MM
................................................................
WIND (MPH)
AVERAGE WIND SPEED 3.8
HIGHEST WIND SPEED/DIRECTION 22/060 DATE 05/29
HIGHEST GUST SPEED/DIRECTION 30/060 DATE 05/29
AVERAGE RH (PERCENT) 52
WEATHER CONDITIONS. NUMBER OF DAYS WITH
THUNDERSTORM 0 MIXED PRECIP 0
HEAVY RAIN 2 RAIN 4
LIGHT RAIN 8 FREEZING RAIN 0
LT FREEZING RAIN 0 HAIL 0
HEAVY SNOW 0 SNOW 0
LIGHT SNOW 0 SLEET 0
FOG 7 FOG W/VIS <= 1/4 MILE 1
HAZE 1
- INDICATES NEGATIVE NUMBERS.
R INDICATES RECORD WAS SET OR TIED.
MM INDICATES DATA IS MISSING.
T INDICATES TRACE AMOUNT.
$$