000
CXUS55 KPSR 011005
CF6NYL
PRELIMINARY LOCAL CLIMATOLOGICAL DATA (WS FORM: F-6)
STATION: YUMA AZ
MONTH: SEPTEMBER
YEAR: 2021
LATITUDE: 32 39 N
LONGITUDE: 114 37 W
TEMPERATURE IN F: :PCPN: SNOW: WIND :SUNSHINE: SKY :PK WND
================================================================================
1 2 3 4 5 6A 6B 7 8 9 10 11 12 13 14 15 16 17 18
12Z AVG MX 2MIN
DY MAX MIN AVG DEP HDD CDD WTR SNW DPTH SPD SPD DIR MIN PSBL S-S WX SPD DR
================================================================================
1 99 79 89 -5 0 24 0.00 M M 10.4 17 180 M M 2 22 150
2 100 81 91 -2 0 26 0.00 M M 8.5 15 210 M M 0 18 160
3 106 80 93 0 0 28 0.00 M M 3.7 9 260 M M 0 12 320
4 108 79 94 1 0 29 0.00 M M 4.4 14 160 M M 0 18 150
5 109 82 96 3 0 31 0.00 M M 8.4 22 160 M M 0 26 160
6 105 84 95 2 0 30 0.00 M M 11.1 26 160 M M 0 33 170
7 106 82 94 2 0 29 0.00 M M 8.0 17 160 M M 0 22 160
8 105 83 94 2 0 29 0.00 0.0 M 10.4 35 170 M M 2 8 42 170
9 107 83 95 3 0 30 0.00 0.0 M 5.8 14 200 M M 0 16 210
10 108 84 96 4 0 31 0.00 0.0 M 9.1 23 210 M M 1 26 210
11 106 84 95 4 0 30 0.00 M M 4.5 14 140 M M 0 16 150
12 110 84 97 6 0 32 0.00 M M 2.0 9 320 M M 0 12 150
13 111 81 96 5 0 31 0.00 M M 5.8 15 210 M M 0 20 210
14 107 80 94 4 0 29 0.00 M M 6.9 15 150 M M 0 19 130
15 105 77 91 1 0 26 0.00 M M 5.5 14 160 M M 0 16 200
16 105 79 92 2 0 27 0.00 M M 4.3 12 210 M M 0 13 170
17 102 85 94 5 0 29 0.00 M M 8.9 18 150 M M 2 24 180
18 102 80 91 2 0 26 T M M 4.9 16 270 M M 1 21 270
19 101 76 89 0 0 24 0.00 M M 4.3 12 190 M M 0 15 180
20 102 75 89 1 0 24 0.00 M M 3.8 13 140 M M 0 16 140
21 104 73 89 1 0 24 0.00 M M 2.9 9 40 M M 0 11 20
22 106 75 91 3 0 26 0.00 M M 3.9 17 160 M M 0 22 160
23 99 80 90 3 0 25 T M M 8.1 24 180 M M 3 3 29 170
24 92 73 83 -4 0 18 T M M 4.8 20 200 M M 5 13 23 200
25 92 68 80 -6 0 15 0.00 M M 3.9 10 190 M M 0 14 200
26 95 75 85 -1 0 20 0.00 0.0 M 8.5 22 90 M M 0 26 90
27 96 76 86 0 0 21 0.00 0.0 M 7.8 16 80 M M 1 20 90
28 95 76 86 1 0 21 0.00 M M 13.3 22 180 M M 0 27 180
29 91 69 80 -5 0 15 0.00 M M 3.7 9 240 M M 2 14 250
30 95 70 83 -1 0 18 0.00 M M 6.3 20 20 M M 1 24 30
================================================================================
SM 3069 2353 0 768 T 0.0 193.9 M 20
================================================================================
AV102.3 78.4 6.5 FASTST M M 1 MAX(MPH)
MISC ----> 35 170 42 170
================================================================================
NOTES:
# LAST OF SEVERAL OCCURRENCES
COLUMN 17 PEAK WIND IN M.P.H.
PRELIMINARY LOCAL CLIMATOLOGICAL DATA (WS FORM: F-6) , PAGE 2
STATION: YUMA AZ
MONTH: SEPTEMBER
YEAR: 2021
LATITUDE: 32 39 N
LONGITUDE: 114 37 W
[TEMPERATURE DATA] [PRECIPITATION DATA] SYMBOLS USED IN COLUMN 16
AVERAGE MONTHLY: 90.4 TOTAL FOR MONTH: T 1 = FOG OR MIST
DPTR FM NORMAL: 0.9 DPTR FM NORMAL: -0.68 2 = FOG REDUCING VISIBILITY
HIGHEST: 111 ON 13 GRTST 24HR T ON 18-18 TO 1/4 MILE OR LESS
LOWEST: 68 ON 25 3 = THUNDER
SNOW, ICE PELLETS, HAIL 4 = ICE PELLETS
TOTAL MONTH: 0.0 INCH 5 = HAIL
GRTST 24HR 0.0 6 = FREEZING RAIN OR DRIZZLE
GRTST DEPTH: M ON M 7 = DUSTSTORM OR SANDSTORM:
VSBY 1/2 MILE OR LESS
8 = SMOKE OR HAZE
[NO. OF DAYS WITH] [WEATHER - DAYS WITH] 9 = BLOWING SNOW
X = TORNADO
MAX 32 OR BELOW: 0 0.01 INCH OR MORE: 0
MAX 90 OR ABOVE: 30 0.10 INCH OR MORE: 0
MIN 32 OR BELOW: 0 0.50 INCH OR MORE: 0
MIN 0 OR BELOW: 0 1.00 INCH OR MORE: 0
[HDD (BASE 65) ]
TOTAL THIS MO. 0 CLEAR (SCALE 0-3) 28
DPTR FM NORMAL 0 PTCLDY (SCALE 4-7) 2
TOTAL FM JUL 1 0 CLOUDY (SCALE 8-10) 0
DPTR FM NORMAL 0
[CDD (BASE 65) ]
TOTAL THIS MO. 768
DPTR FM NORMAL 33 [PRESSURE DATA]
TOTAL FM JAN 1 4333 HIGHEST SLP 30.06 ON 21
DPTR FM NORMAL 130 LOWEST SLP 29.63 ON 16
[REMARKS]
#FINAL-09-21#