000
CXUS55 KPSR 011005
CF6NYL
PRELIMINARY LOCAL CLIMATOLOGICAL DATA (WS FORM: F-6)
STATION: YUMA AZ
MONTH: MARCH
YEAR: 2020
LATITUDE: 32 39 N
LONGITUDE: 114 37 W
TEMPERATURE IN F: :PCPN: SNOW: WIND :SUNSHINE: SKY :PK WND
================================================================================
1 2 3 4 5 6A 6B 7 8 9 10 11 12 13 14 15 16 17 18
12Z AVG MX 2MIN
DY MAX MIN AVG DEP HDD CDD WTR SNW DPTH SPD SPD DIR MIN PSBL S-S WX SPD DR
================================================================================
1 76 55 66 2 0 1 0.00 M M 11.3 23 300 M M 0 30 300
2 70 49 60 -5 5 0 0.00 M M 8.6 25 20 M M 3 3 32 20
3 80 48 64 -1 1 0 0.00 M M 8.7 24 150 M M 0 29 150
4 75 52 64 -1 1 0 0.00 M M 7.8 25 150 M M 1 30 140
5 84 54 69 4 0 4 0.00 M M 5.4 12 50 M M 2 16 40
6 85 56 71 5 0 6 0.00 M M 5.2 14 150 M M 1 16 140
7 80 57 69 3 0 4 0.00 M M 6.9 18 160 M M 0 22 160
8 75 58 67 1 0 2 0.00 M M 8.5 18 300 M M 0 24 300
9 75 53 64 -2 1 0 T M M 5.8 16 210 M M 3 19 220
10 74 58 66 0 0 1 1.15 M M 6.6 25 200 M M 9 1 30 200
11 68 60 64 -2 1 0 0.15 M M 2.3 9 240 M M 10 1 11 240
12 70 57 64 -3 1 0 0.84 M M 11.0 29 170 M M 9 138 35 180
13 72 51 62 -5 3 0 0.11 M M 6.1 18 150 M M 4 22 150
14 73 54 64 -3 1 0 0.00 M M 5.7 16 150 M M 1 26 160
15 73 55 64 -3 1 0 0.00 M M 4.5 12 250 M M 0 17 300
16 75 52 64 -3 1 0 0.00 M M 5.8 17 180 M M 2 21 200
17 71 53 62 -5 3 0 T M M 4.6 15 220 M M 3 19 220
18 61 52 57 -11 8 0 0.45 M M 7.5 24 290 M M 7 1 32 290
19 67 47 57 -11 8 0 0.00 M M 5.9 18 190 M M 3 28 210
20 69 50 60 -8 5 0 0.00 M M 4.1 10 200 M M 2 12 200
21 72 50 61 -7 4 0 0.00 M M 3.0 10 280 M M 0 16 230
22 75 55 65 -3 0 0 0.00 M M 3.1 9 310 M M 0 12 320
23 76 56 66 -2 0 1 0.00 M M 5.7 16 280 M M 1 20 270
24 75 54 65 -3 0 0 0.00 M M 5.6 14 300 M M 1 19 310
25 71 58 65 -4 0 0 0.00 M M 10.8 16 300 M M 3 23 300
26 68 52 60 -9 5 0 0.00 M M 14.0 23 290 M M 2 29 290
27 68 47 58 -11 7 0 0.00 M M 8.1 22 280 M M 1 26 300
28 73 47 60 -9 5 0 0.00 M M 2.1 12 160 M M 0 14 160
29 76 52 64 -5 1 0 0.00 M M 6.3 17 280 M M 0 22 280
30 81 52 67 -2 0 2 0.00 M M 7.0 15 300 M M 0 20 330
31 79 57 68 -2 0 3 0.00 M M 4.5 10 280 M M 4 13 290
================================================================================
SM 2287 1651 62 24 2.70 M 202.5 M 72
================================================================================
AV 73.8 53.3 6.5 FASTST M M 2 MAX(MPH)
MISC ----> 29 170 35 180
================================================================================
NOTES:
# LAST OF SEVERAL OCCURRENCES
COLUMN 17 PEAK WIND IN M.P.H.
PRELIMINARY LOCAL CLIMATOLOGICAL DATA (WS FORM: F-6) , PAGE 2
STATION: YUMA AZ
MONTH: MARCH
YEAR: 2020
LATITUDE: 32 39 N
LONGITUDE: 114 37 W
[TEMPERATURE DATA] [PRECIPITATION DATA] SYMBOLS USED IN COLUMN 16
AVERAGE MONTHLY: 63.5 TOTAL FOR MONTH: 2.70 1 = FOG OR MIST
DPTR FM NORMAL: -3.7 DPTR FM NORMAL: 2.37 2 = FOG REDUCING VISIBILITY
HIGHEST: 85 ON 6 GRTST 24HR 1.24 ON 10-11 TO 1/4 MILE OR LESS
LOWEST: 47 ON 28,27 3 = THUNDER
SNOW, ICE PELLETS, HAIL 4 = ICE PELLETS
TOTAL MONTH: M 5 = HAIL
GRTST 24HR M ON M 6 = FREEZING RAIN OR DRIZZLE
GRTST DEPTH: M ON M 7 = DUSTSTORM OR SANDSTORM:
VSBY 1/2 MILE OR LESS
8 = SMOKE OR HAZE
[NO. OF DAYS WITH] [WEATHER - DAYS WITH] 9 = BLOWING SNOW
X = TORNADO
MAX 32 OR BELOW: 0 0.01 INCH OR MORE: 5
MAX 90 OR ABOVE: 0 0.10 INCH OR MORE: 5
MIN 32 OR BELOW: 0 0.50 INCH OR MORE: 2
MIN 0 OR BELOW: 0 1.00 INCH OR MORE: 1
[HDD (BASE 65) ]
TOTAL THIS MO. 62 CLEAR (SCALE 0-3) 23
DPTR FM NORMAL 12 PTCLDY (SCALE 4-7) 5
TOTAL FM JUL 1 695 CLOUDY (SCALE 8-10) 3
DPTR FM NORMAL 21
[CDD (BASE 65) ]
TOTAL THIS MO. 24
DPTR FM NORMAL -93 [PRESSURE DATA]
TOTAL FM JAN 1 42 HIGHEST SLP 30.21 ON 20
DPTR FM NORMAL -111 LOWEST SLP 29.67 ON 18
[REMARKS]
#FINAL-03-20#