000
CXUS56 KSGX 011045
CF6OKB
PRELIMINARY LOCAL CLIMATOLOGICAL DATA (WS FORM: F-6)
STATION: OCEANSIDE AIRPORT CA
MONTH: MAY
YEAR: 2022
LATITUDE: 33 13 N
LONGITUDE: 117 21 W
TEMPERATURE IN F: :PCPN: SNOW: WIND :SUNSHINE: SKY :PK WND
================================================================================
1 2 3 4 5 6A 6B 7 8 9 10 11 12 13 14 15 16 17 18
12Z AVG MX 2MIN
DY MAX MIN AVG DEP HDD CDD WTR SNW DPTH SPD SPD DIR MIN PSBL S-S WX SPD DR
================================================================================
1 70 51 61 1 4 0 0.00 M M 7.4 18 210 M M 9 18 24 220
2 69 59 64 4 1 0 0.00 M M 7.6 14 250 M M 7 18 250
3 67 51 59 -1 6 0 T M M 5.5 14 230 M M 10 18 19 240
4 70 45 58 -2 7 0 0.00 M M 4.6 15 240 M M 9 18 20 240
5 73 58 66 5 0 1 0.00 M M 5.1 16 240 M M 6 18 21 240
6 70 57 64 3 1 0 0.00 M M 4.9 13 270 M M 4 18 20 250
7 71 60 66 5 0 1 0.00 M M 7.5 14 250 M M 8 8 19 250
8 68 58 63 2 2 0 0.00 M M 9.3 18 240 M M 10 8 22 230
9 68 47 58 -3 7 0 0.00 M M 7.9 20 260 M M 6 24 250
10 69 43 56 -5 9 0 T M M 6.8 20 260 M M 0 8 26 270
11 68 41 55 -7 10 0 0.00 M M 7.2 22 300 M M 0 30 300
12 77 41 59 -3 6 0 0.00 M M 7.2 17 300 M M 0 23 300
13 85 42 64 2 1 0 0.00 M M 4.3 18 270 M M 0 8 23 260
14 84 47 66 4 0 1 0.00 M M 4.1 14 230 M M 0 18 250
15 74 48 61 -1 4 0 0.00 M M 5.2 15 230 M M 3 8 18 240
16 71 60 66 4 0 1 0.00 M M 6.0 14 250 M M 7 8 18 250
17 69 60 65 3 0 0 T M M 5.9 14 260 M M 7 18 17 230
18 70 56 63 1 2 0 0.00 M M 6.1 13 250 M M 7 17 250
19 67 60 64 1 1 0 0.00 M M 5.9 13 250 M M 10 8 18 260
20 68 59 64 1 1 0 T M M 6.9 17 200 M M 10 18 21 200
21 67 60 64 1 1 0 0.00 M M 5.0 14 250 M M 10 8 19 260
22 71 60 66 3 0 1 0.00 M M 7.1 18 270 M M 7 24 250
23 67 59 63 0 2 0 0.00 M M 4.4 12 210 M M 10 8 16 270
24 69 54 62 -1 3 0 0.00 M M 4.5 14 250 M M 9 8 18 250
25 68 50 59 -4 6 0 0.00 M M 3.9 12 250 M M 5 18 14 270
26 69 58 64 1 1 0 0.00 M M 5.1 15 250 M M 10 18 20 250
27 71 61 66 3 0 1 0.00 M M 5.5 15 250 M M 6 20 250
28 70 61 66 2 0 1 T M M 6.3 15 250 M M 9 19 260
29 72 58 65 1 0 0 0.00 M M 7.1 16 250 M M 7 21 250
30 72 61 67 3 0 2 0.00 M M 6.0 15 250 M M 6 19 250
31 71 55 63 -1 2 0 0.00 M M 5.3 13 230 M M 4 18 19 240
================================================================================
SM 2195 1680 77 9 T M 185.6 M 196
================================================================================
AV 70.8 54.2 6.0 FASTST M M 6 MAX(MPH)
MISC ----> 22 300 30 300
================================================================================
NOTES:
# LAST OF SEVERAL OCCURRENCES
COLUMN 17 PEAK WIND IN M.P.H.
PRELIMINARY LOCAL CLIMATOLOGICAL DATA (WS FORM: F-6) , PAGE 2
STATION: OCEANSIDE AIRPORT CA
MONTH: MAY
YEAR: 2022
LATITUDE: 33 13 N
LONGITUDE: 117 21 W
[TEMPERATURE DATA] [PRECIPITATION DATA] SYMBOLS USED IN COLUMN 16
AVERAGE MONTHLY: 62.5 TOTAL FOR MONTH: T 1 = FOG OR MIST
DPTR FM NORMAL: 0.4 DPTR FM NORMAL: -0.30 2 = FOG REDUCING VISIBILITY
HIGHEST: 85 ON 13 GRTST 24HR T ON 3- 3 TO 1/4 MILE OR LESS
LOWEST: 41 ON 12,11 3 = THUNDER
SNOW, ICE PELLETS, HAIL 4 = ICE PELLETS
TOTAL MONTH: M 5 = HAIL
GRTST 24HR M ON M 6 = FREEZING RAIN OR DRIZZLE
GRTST DEPTH: M ON M 7 = DUSTSTORM OR SANDSTORM:
VSBY 1/2 MILE OR LESS
8 = SMOKE OR HAZE
[NO. OF DAYS WITH] [WEATHER - DAYS WITH] 9 = BLOWING SNOW
X = TORNADO
MAX 32 OR BELOW: 0 0.01 INCH OR MORE: 0
MAX 90 OR ABOVE: 0 0.10 INCH OR MORE: 0
MIN 32 OR BELOW: 0 0.50 INCH OR MORE: 0
MIN 0 OR BELOW: 0 1.00 INCH OR MORE: 0
[HDD (BASE 65) ]
TOTAL THIS MO. 77 CLEAR (SCALE 0-3) 6
DPTR FM NORMAL -22 PTCLDY (SCALE 4-7) 14
TOTAL FM JUL 1 1752 CLOUDY (SCALE 8-10) 11
DPTR FM NORMAL -182
[CDD (BASE 65) ]
TOTAL THIS MO. 9
DPTR FM NORMAL 0 [PRESSURE DATA]
TOTAL FM JAN 1 31 HIGHEST SLP 30.16 ON 12
DPTR FM NORMAL 16 LOWEST SLP 29.77 ON 20
[REMARKS]
#FINAL-05-22#