000
CXUS55 KTWC 010855
CF6OLS
PRELIMINARY LOCAL CLIMATOLOGICAL DATA (WS FORM: F-6)
STATION: NOGALES AZ AIRPORT
MONTH: NOVEMBER
YEAR: 2023
LATITUDE: 31 25 N
LONGITUDE: 110 51 W
TEMPERATURE IN F: :PCPN: SNOW: WIND :SUNSHINE: SKY :PK WND
================================================================================
1 2 3 4 5 6A 6B 7 8 9 10 11 12 13 14 15 16 17 18
12Z AVG MX 2MIN
DY MAX MIN AVG DEP HDD CDD WTR SNW DPTH SPD SPD DIR MIN PSBL S-S WX SPD DR
================================================================================
1 78 42 60 -2 5 0 0.00 M M 5.1 12 40 M M 0 18 30
2 81 42 62 1 3 0 0.00 M M 2.4 8 80 M M 0 13 300
3 83 41 62 1 3 0 0.00 M M 2.4 10 220 M M 0 17 240
4 87 42 65 4 0 0 0.00 M M 2.7 12 230 M M 0 16 200
5 90 48 69 9 0 4 0.00 M M 4.0 17 270 M M 0 25 210
6 88 51 70 10 0 5 0.00 M M 4.5 17 270 M M 0 26 260
7 86 51 69 9 0 4 0.00 M M 7.1 23 250 M M 0 39 280
8 80 50 65 6 0 0 0.00 M M 7.5 20 220 M M 1 28 230
9 72 41 57 -2 8 0 0.00 M M 4.9 17 230 M M 0 25 210
10 70 33 52 -7 13 0 0.00 M M 2.1 9 90 M M 0 14 270
11 74 38 56 -2 9 0 0.00 M M 5.2 14 140 M M 0 19 140
12 78 47 63 5 2 0 0.00 M M 5.8 15 180 M M 0 21 120
13 79 47 63 5 2 0 0.00 M M 6.2 20 110 M M 0 29 120
14 80 51 66 9 0 1 0.00 M M 3.1 9 220 M M 0 14 70
15 81 50 66 9 0 1 0.00 M M 3.4 9 230 M M 0 13 220
16 76 58 67 11 0 2 0.14 M M 3.2 12 200 M M 5 1 16 240
17 77 56 67 11 0 2 0.00 M M 1.8 10 300 M M 4 14 320
18 77 53 65 9 0 0 T M M 4.7 17 250 M M 4 12 26 220
19 70 46 58 2 7 0 0.00 M M 5.1 18 260 M M 4 12 27 290
20 66 38 52 -3 13 0 0.00 M M 6.1 16 30 M M 0 30 20
21 68 44 56 1 9 0 0.00 M M 9.4 21 120 M M 0 35 110
22 71 40 56 2 9 0 0.00 M M 9.0 23 100 M M 0 33 80
23 70 35 53 -1 12 0 0.00 M M 7.1 23 210 M M 0 30 200
24 69 44 57 3 8 0 0.00 M M 12.7 28 180 M M 1 39 170
25 64 40 52 -1 13 0 0.00 M M 4.1 15 250 M M 5 21 320
26 67 34 51 -2 14 0 0.00 M M 4.3 16 210 M M 0 22 210
27 70 42 56 3 9 0 0.00 M M 4.4 14 200 M M 0 19 200
28 72 44 58 6 7 0 0.00 M M 4.3 18 170 M M 1 25 170
29 69 39 54 2 11 0 0.00 M M 6.0 20 220 M M 1 28 230
30 58 44 51 -1 14 0 0.00 M M 5.2 14 220 M M 7 23 210
================================================================================
SM 2251 1331 171 19 0.14 M 153.8 M 33
================================================================================
AV 75.0 44.4 5.1 FASTST M M 1 MAX(MPH)
MISC ----> 28 180 # 39 280
================================================================================
NOTES:
# LAST OF SEVERAL OCCURRENCES
COLUMN 17 PEAK WIND IN M.P.H.
PRELIMINARY LOCAL CLIMATOLOGICAL DATA (WS FORM: F-6) , PAGE 2
STATION: NOGALES AZ AIRPORT
MONTH: NOVEMBER
YEAR: 2023
LATITUDE: 31 25 N
LONGITUDE: 110 51 W
[TEMPERATURE DATA] [PRECIPITATION DATA] SYMBOLS USED IN COLUMN 16
AVERAGE MONTHLY: 59.7 TOTAL FOR MONTH: 0.14 1 = FOG OR MIST
DPTR FM NORMAL: 3.0 DPTR FM NORMAL: -0.48 2 = FOG REDUCING VISIBILITY
HIGHEST: 90 ON 5 GRTST 24HR 0.14 ON 16-16 TO 1/4 MILE OR LESS
LOWEST: 33 ON 10 3 = THUNDER
SNOW, ICE PELLETS, HAIL 4 = ICE PELLETS
TOTAL MONTH: M 5 = HAIL
GRTST 24HR M ON M 6 = FREEZING RAIN OR DRIZZLE
GRTST DEPTH: M ON M 7 = DUSTSTORM OR SANDSTORM:
VSBY 1/2 MILE OR LESS
8 = SMOKE OR HAZE
[NO. OF DAYS WITH] [WEATHER - DAYS WITH] 9 = BLOWING SNOW
X = TORNADO
MAX 32 OR BELOW: 0 0.01 INCH OR MORE: 1
MAX 90 OR ABOVE: 1 0.10 INCH OR MORE: 1
MIN 32 OR BELOW: 0 0.50 INCH OR MORE: 0
MIN 0 OR BELOW: 0 1.00 INCH OR MORE: 0
[HDD (BASE 65) ]
TOTAL THIS MO. 171 CLEAR (SCALE 0-3) 24
DPTR FM NORMAL -86 PTCLDY (SCALE 4-7) 6
TOTAL FM JUL 1 200 CLOUDY (SCALE 8-10) 0
DPTR FM NORMAL -113
[CDD (BASE 65) ]
TOTAL THIS MO. 19
DPTR FM NORMAL 11 [PRESSURE DATA]
TOTAL FM JAN 1 2363 HIGHEST SLP M ON M
DPTR FM NORMAL 387 LOWEST SLP 29.76 ON 29
[REMARKS]
#FINAL-11-23#