000
CXUS53 KOAX 010930
CF6OMA
PRELIMINARY LOCAL CLIMATOLOGICAL DATA (WS FORM: F-6)
STATION: OMAHA NE
MONTH: OCTOBER
YEAR: 2021
LATITUDE: 41 17 N
LONGITUDE: 95 54 W
TEMPERATURE IN F: :PCPN: SNOW: WIND :SUNSHINE: SKY :PK WND
================================================================================
1 2 3 4 5 6A 6B 7 8 9 10 11 12 13 14 15 16 17 18
12Z AVG MX 2MIN
DY MAX MIN AVG DEP HDD CDD WTR SNW DPTH SPD SPD DIR MIN PSBL S-S WX SPD DR
================================================================================
1 74 66 70 9 0 5 T 0.0 0 6.6 13 240 M M 8 1 16 210
2 72 63 68 7 0 3 0.02 0.0 0 6.2 14 350 M M 9 1 18 330
3 79 55 67 7 0 2 0.00 0.0 0 6.7 17 330 M M 2 23 330
4 82 48 65 5 0 0 0.00 0.0 0 3.2 12 80 M M 0 1 18 80
5 79 47 63 3 2 0 0.00 0.0 0 5.4 10 100 M M 3 1 15 100
6 74 55 65 6 0 0 0.00 0.0 0 2.8 10 90 M M 5 13 90
7 76 60 68 9 0 3 0.00 0.0 0 4.9 12 140 M M 8 1 15 130
8 86 60 73 15 0 8 0.00 0.0 0 7.4 16 140 M M 4 1 21 140
9 77 64 71 13 0 6 0.00 0.0 0 8.9 25 120 M M 8 33 130
10 69 56 63 6 2 0 0.00 0.0 0 7.2 18 320 M M 7 23 300
11 76 50 63 6 2 0 0.00 0.0 0 5.7 15 330 M M 5 21 20
12 79 42 61 5 4 0 T 0.0 0 6.7 18 100 M M 3 123 26 100
13 71 54 63 7 2 0 1.09 0.0 0 16.8 30 230 M M 4 13 45 240
14 65 42 54 -1 11 0 0.00 0.0 0 6.0 13 280 M M 5 17 280
15 63 43 53 -2 12 0 T 0.0 0 9.2 24 300 M M 4 30 300
16 68 38 53 -1 12 0 0.00 0.0 0 6.1 16 280 M M 0 24 270
17 76 41 59 5 6 0 0.00 0.0 0 7.5 14 180 M M 0 18 170
18 78 47 63 10 2 0 0.00 0.0 0 13.1 24 170 M M 1 36 180
19 78 54 66 13 0 1 0.00 0.0 0 15.1 24 150 M M 2 32 150
20 66 45 56 4 9 0 0.00 0.0 0 14.0 25 290 M M 8 38 270
21 52 35 44 -8 21 0 0.00 0.0 0 11.4 23 300 M M 9 2 30 310
22 57 34 46 -6 19 0 0.00 0.0 0 5.0 15 80 M M 7 12 21 80
23 63 37 50 -1 15 0 0.00 0.0 0 10.1 20 110 M M 7 28 120
24 53 45 49 -1 16 0 2.28 0.0 0 11.4 24 350 M M 10 13 35 340
25 57 39 48 -2 17 0 0.00 0.0 0 7.7 14 360 M M 5 19 10
26 59 42 51 1 14 0 0.00 0.0 0 20.6 31 140 M M 8 39 130
27 59 51 55 6 10 0 1.11 0.0 0 12.4 26 140 M M 10 13 35 140
28 54 49 52 3 13 0 0.25 0.0 0 19.0 28 340 M M 9 37 340
29 61 37 49 1 16 0 0.00 0.0 0 13.7 24 340 M M 4 36 350
30 70 33 52 4 13 0 0.00 0.0 0 8.3 25 350 M M 2 1 35 350
31 51 36 44 -3 21 0 0.00 0.0 0 10.0 28 350 M M 5 39 350
================================================================================
SM 2124 1468 239 28 4.75 0.0 289.1 M 162
================================================================================
AV 68.5 47.4 9.3 FASTST M M 5 MAX(MPH)
MISC ----> 31 140 45 240
================================================================================
NOTES:
# LAST OF SEVERAL OCCURRENCES
COLUMN 17 PEAK WIND IN M.P.H.
PRELIMINARY LOCAL CLIMATOLOGICAL DATA (WS FORM: F-6) , PAGE 2
STATION: OMAHA NE
MONTH: OCTOBER
YEAR: 2021
LATITUDE: 41 17 N
LONGITUDE: 95 54 W
[TEMPERATURE DATA] [PRECIPITATION DATA] SYMBOLS USED IN COLUMN 16
AVERAGE MONTHLY: 57.9 TOTAL FOR MONTH: 4.75 1 = FOG OR MIST
DPTR FM NORMAL: 3.5 DPTR FM NORMAL: 2.43 2 = FOG REDUCING VISIBILITY
HIGHEST: 86 ON 8 GRTST 24HR 2.28 ON 24-24 TO 1/4 MILE OR LESS
LOWEST: 33 ON 30 3 = THUNDER
SNOW, ICE PELLETS, HAIL 4 = ICE PELLETS
TOTAL MONTH: 0.0 INCH 5 = HAIL
GRTST 24HR 0.0 6 = FREEZING RAIN OR DRIZZLE
GRTST DEPTH: 0 7 = DUSTSTORM OR SANDSTORM:
VSBY 1/2 MILE OR LESS
8 = SMOKE OR HAZE
[NO. OF DAYS WITH] [WEATHER - DAYS WITH] 9 = BLOWING SNOW
X = TORNADO
MAX 32 OR BELOW: 0 0.01 INCH OR MORE: 5
MAX 90 OR ABOVE: 0 0.10 INCH OR MORE: 4
MIN 32 OR BELOW: 0 0.50 INCH OR MORE: 3
MIN 0 OR BELOW: 0 1.00 INCH OR MORE: 3
[HDD (BASE 65) ]
TOTAL THIS MO. 239 CLEAR (SCALE 0-3) 9
DPTR FM NORMAL -112 PTCLDY (SCALE 4-7) 15
TOTAL FM JUL 1 256 CLOUDY (SCALE 8-10) 7
DPTR FM NORMAL -169
[CDD (BASE 65) ]
TOTAL THIS MO. 28
DPTR FM NORMAL 7 [PRESSURE DATA]
TOTAL FM JAN 1 1537 HIGHEST SLP 30.37 ON 31
DPTR FM NORMAL 244 LOWEST SLP 29.44 ON 13
[REMARKS]
#FINAL-10-21#