000
CXUS53 KGRB 021252
CF6OSH
PRELIMINARY LOCAL CLIMATOLOGICAL DATA (WS FORM: F-6)
STATION: OSHKOSH WI
MONTH: MAY
YEAR: 2022
LATITUDE: 44 0 N
LONGITUDE: 88 34 W
TEMPERATURE IN F: :PCPN: SNOW: WIND :SUNSHINE: SKY :PK WND
================================================================================
1 2 3 4 5 6A 6B 7 8 9 10 11 12 13 14 15 16 17 18
12Z AVG MX 2MIN
DY MAX MIN AVG DEP HDD CDD WTR SNW DPTH SPD SPD DIR MIN PSBL S-S WX SPD DR
================================================================================
1 51 46 49 -2 16 0 0.01 0.0 0 11.9 22 200 M M 10 1 31 190
2 51 43 47 -5 18 0 0.00 0.0 0 5.5 14 290 M M 10 1 20 300
3 49 38 44 -8 21 0 0.21 0.0 0 11.9 24 20 M M 7 1 32 20
4 58 32 45 -7 20 0 0.00 0.0 0 6.8 16 40 M M 0 23 50
5 60 32 46 -7 19 0 0.00 0.0 0 4.7 10 80 M M 0 15 80
6 66 45 56 3 9 0 0.00 0.0 0 11.4 21 40 M M 0 27 30
7 66 41 54 0 11 0 0.00 0.0 0 7.6 13 100 M M 0 18 90
8 60 43 52 -2 13 0 0.00 0.0 0 10.2 22 140 M M 1 30 140
9 75 51 63 9 2 0 0.00 0.0 0 16.9 33 140 M M 4 49 140
10 85 64 75 20 0 10 0.06 0.0 0 8.5 25 140 M M 4 13 35 150
11 77 61 69 14 0 4 0.00 0.0 0 9.3 20 100 M M 3 18 25 90
12 92 64 78 22 0 13 0.00 0.0 0 13.6 24 190 M M 2 18 34 190
13 92 62 77 21 0 12 T 0.0 0 10.5 22 180 M M 2 3 29 170
14 83 63 73 17 0 8 0.00 0.0 0 6.3 13 210 M M 1 23 230
15 75 58 67 10 0 2 0.00 0.0 0 6.3 13 320 M M 2 18 350
16 74 50 62 5 3 0 0.00 0.0 0 11.5 24 290 M M 1 8 36 300
17 66 40 53 -5 12 0 0.00 0.0 0 6.5 18 100 M M 0 25 110
18 63 47 55 -3 10 0 0.40 0.0 0 5.6 17 120 M M 9 1 22 120
19 73 51 62 4 3 0 0.43 0.0 0 8.4 29 330 M M 2 13 41 310
20 71 57 64 5 1 0 0.13 0.0 0 7.5 25 160 M M 9 13 35 160
21 63 51 57 -2 8 0 T 0.0 0 5.9 15 330 M M 3 21 330
22 59 45 52 -8 13 0 0.00 0.0 0 10.1 21 290 M M 7 31 300
23 60 40 50 -10 15 0 0.00 0.0 0 5.9 14 110 M M 2 20 100
24 66 38 52 -8 13 0 0.00 0.0 0 6.9 15 90 M M 3 24 80
25 62 52 57 -4 8 0 1.53 0.0 0 8.4 20 80 M M 10 1 28 70
26 72 56 64 3 1 0 0.31 0.0 0 7.6 18 20 M M 9 13 23 20
27 68 50 59 -2 6 0 0.03 0.0 0 8.2 17 30 M M 7 1 22 30
28 72 50 61 -1 4 0 0.00 0.0 0 8.6 20 180 M M 3 29 140
29 78 56 67 5 0 2 0.02 0.0 0 12.0 23 110 M M 1 3 33 110
30 88 68 78 16 0 13 0.00 0.0 0 14.9 25 180 M M 0 39 160
31 83 66 75 12 0 10 0.00 0.0 0 13.0 29 200 M M 2 43 200
================================================================================
SM 2158 1560 226 74 3.13 0.0 282.4 M 114
================================================================================
AV 69.6 50.3 9.1 FASTST M M 4 MAX(MPH)
MISC ----> 33 140 49 140
================================================================================
NOTES:
# LAST OF SEVERAL OCCURRENCES
COLUMN 17 PEAK WIND IN M.P.H.
PRELIMINARY LOCAL CLIMATOLOGICAL DATA (WS FORM: F-6) , PAGE 2
STATION: OSHKOSH WI
MONTH: MAY
YEAR: 2022
LATITUDE: 44 0 N
LONGITUDE: 88 34 W
[TEMPERATURE DATA] [PRECIPITATION DATA] SYMBOLS USED IN COLUMN 16
AVERAGE MONTHLY: 60.0 TOTAL FOR MONTH: 3.13 1 = FOG OR MIST
DPTR FM NORMAL: 2.9 DPTR FM NORMAL: -0.47 2 = FOG REDUCING VISIBILITY
HIGHEST: 92 ON 13,12 GRTST 24HR 1.72 ON 25-26 TO 1/4 MILE OR LESS
LOWEST: 32 ON 5, 4 3 = THUNDER
SNOW, ICE PELLETS, HAIL 4 = ICE PELLETS
TOTAL MONTH: 0.0 INCH 5 = HAIL
GRTST 24HR 0.0 6 = FREEZING RAIN OR DRIZZLE
GRTST DEPTH: 0 7 = DUSTSTORM OR SANDSTORM:
VSBY 1/2 MILE OR LESS
8 = SMOKE OR HAZE
[NO. OF DAYS WITH] [WEATHER - DAYS WITH] 9 = BLOWING SNOW
X = TORNADO
MAX 32 OR BELOW: 0 0.01 INCH OR MORE: 10
MAX 90 OR ABOVE: 2 0.10 INCH OR MORE: 6
MIN 32 OR BELOW: 2 0.50 INCH OR MORE: 1
MIN 0 OR BELOW: 0 1.00 INCH OR MORE: 1
[HDD (BASE 65) ]
TOTAL THIS MO. 226 CLEAR (SCALE 0-3) 19
DPTR FM NORMAL -45 PTCLDY (SCALE 4-7) 6
TOTAL FM JUL 1 7098 CLOUDY (SCALE 8-10) 6
DPTR FM NORMAL -202
[CDD (BASE 65) ]
TOTAL THIS MO. 74
DPTR FM NORMAL 46 [PRESSURE DATA]
TOTAL FM JAN 1 74 HIGHEST SLP 30.40 ON 23
DPTR FM NORMAL 44 LOWEST SLP 29.27 ON 20
[REMARKS]
#FINAL-05-22#