000
CXUS56 KMFR 022220
CF6OTH
PRELIMINARY LOCAL CLIMATOLOGICAL DATA (WS FORM: F-6)
STATION: NORTH BEND OR
MONTH: MARCH
YEAR: 2022
LATITUDE: 43 25 N
LONGITUDE: 124 15 W
TEMPERATURE IN F: :PCPN: SNOW: WIND :SUNSHINE: SKY :PK WND
================================================================================
1 2 3 4 5 6A 6B 7 8 9 10 11 12 13 14 15 16 17 18
12Z AVG MX 2MIN
DY MAX MIN AVG DEP HDD CDD WTR SNW DPTH SPD SPD DIR MIN PSBL S-S WX SPD DR
================================================================================
1 56 52 54 6 11 0 0.71 M M 9.0 21 210 M M 10 1 35 60
2 53 46 50 2 15 0 1.60 M M 4.5 14 310 M M 10 1 16 320
3 50 42 46 -2 19 0 0.01 M M 14.3 24 360 M M 8 1 29 360
4 48 39 44 -4 21 0 0.14 M M 7.1 21 350 M M 9 1 26 360
5 51 37 44 -4 21 0 T M M 8.8 22 340 M M 9 26 20
6 52 37 45 -3 20 0 0.00 M M 7.7 25 360 M M 5 29 360
7 53 33 43 -5 22 0 T M M 7.8 21 360 M M 4 12 25 350
8 53 38 46 -2 19 0 T M M 5.6 10 320 M M 7 1 13 310
9 51 37 44 -4 21 0 0.16 M M 7.6 16 340 M M 8 1 20 340
10 55 33 44 -4 21 0 0.00 M M 7.3 18 350 M M 1 12 21 360
11 53 32 43 -5 22 0 0.00 M M 5.9 12 280 M M 0 14 270
12 55 37 46 -2 19 0 0.21 M M 12.5 32 240 M M 8 1 41 250
13 53 45 49 1 16 0 0.50 M M 12.9 25 220 M M 10 1 36 210
14 58 45 52 4 13 0 0.50 M M 8.7 21 210 M M 10 1 28 200
15 55 45 50 2 15 0 0.11 M M 8.8 17 260 M M 10 1 21 260
16 55 39 47 -1 18 0 0.00 M M 6.3 15 330 M M 4 12 16 330
17 56 41 49 0 16 0 T M M 8.3 15 220 M M 9 1 18 240
18 56 48 52 3 13 0 0.08 M M 7.5 15 250 M M 9 1 18 250
19 52 39 46 -3 19 0 0.29 M M 10.5 21 330 M M 7 1 24 340
20 51 35 43 -6 22 0 0.01 M M 6.5 14 140 M M 6 16 150
21 54 44 49 0 16 0 0.13 M M 7.3 15 220 M M 10 1 18 220
22 66 46 56 7 9 0 T M M 5.4 20 350 M M 6 12 23 350
23 58 48 53 4 12 0 0.04 M M 7.0 17 10 M M 10 1 22 360
24 59 44 52 3 13 0 0.00 M M 6.1 13 280 M M 4 1 15 290
25 54 46 50 1 15 0 0.01 M M 7.5 16 270 M M 6 1 20 270
26 59 48 54 5 11 0 T M M 4.9 12 280 M M 7 12 13 280
27 58 48 53 4 12 0 0.01 M M 3.4 13 270 M M 9 14 280
28 57 48 53 4 12 0 T M M 8.6 17 360 M M 10 1 21 360
29 54 47 51 2 14 0 T M M 7.1 14 300 M M 10 M M
30 54 42 48 -1 17 0 0.07 M M 7.5 14 330 M M 8 1 17 350
31 53 38 46 -3 19 0 0.00 M M 10.0 23 350 M M 4 24 350
================================================================================
SM 1692 1299 513 0 4.58 M 242.4 M 228
================================================================================
AV 54.6 41.9 7.8 FASTST M M 7 MAX(MPH)
MISC ----> 32 240 41 250
================================================================================
NOTES:
# LAST OF SEVERAL OCCURRENCES
COLUMN 17 PEAK WIND IN M.P.H.
PRELIMINARY LOCAL CLIMATOLOGICAL DATA (WS FORM: F-6) , PAGE 2
STATION: NORTH BEND OR
MONTH: MARCH
YEAR: 2022
LATITUDE: 43 25 N
LONGITUDE: 124 15 W
[TEMPERATURE DATA] [PRECIPITATION DATA] SYMBOLS USED IN COLUMN 16
AVERAGE MONTHLY: 48.2 TOTAL FOR MONTH: 4.58 1 = FOG OR MIST
DPTR FM NORMAL: -0.3 DPTR FM NORMAL: -2.91 2 = FOG REDUCING VISIBILITY
HIGHEST: 66 ON 22 GRTST 24HR 1.60 ON 2- 2 TO 1/4 MILE OR LESS
LOWEST: 32 ON 11 3 = THUNDER
SNOW, ICE PELLETS, HAIL 4 = ICE PELLETS
TOTAL MONTH: M 5 = HAIL
GRTST 24HR M ON M 6 = FREEZING RAIN OR DRIZZLE
GRTST DEPTH: M ON M 7 = DUSTSTORM OR SANDSTORM:
VSBY 1/2 MILE OR LESS
8 = SMOKE OR HAZE
[NO. OF DAYS WITH] [WEATHER - DAYS WITH] 9 = BLOWING SNOW
X = TORNADO
MAX 32 OR BELOW: 0 0.01 INCH OR MORE: 17
MAX 90 OR ABOVE: 0 0.10 INCH OR MORE: 10
MIN 32 OR BELOW: 1 0.50 INCH OR MORE: 4
MIN 0 OR BELOW: 0 1.00 INCH OR MORE: 1
[HDD (BASE 65) ]
TOTAL THIS MO. 513 CLEAR (SCALE 0-3) 2
DPTR FM NORMAL 1 PTCLDY (SCALE 4-7) 14
TOTAL FM JUL 1 3241 CLOUDY (SCALE 8-10) 15
DPTR FM NORMAL -124
[CDD (BASE 65) ]
TOTAL THIS MO. 0
DPTR FM NORMAL 0 [PRESSURE DATA]
TOTAL FM JAN 1 0 HIGHEST SLP 30.59 ON 7
DPTR FM NORMAL 0 LOWEST SLP 29.67 ON 27
[REMARKS]
#FINAL-03-22#