000
CXUS53 KPAH 010730
CF6OWB
PRELIMINARY LOCAL CLIMATOLOGICAL DATA (WS FORM: F-6)
STATION: OWENSBORO KY
MONTH: APRIL
YEAR: 2023
LATITUDE: 37 45 N
LONGITUDE: 87 10 W
TEMPERATURE IN F: :PCPN: SNOW: WIND :SUNSHINE: SKY :PK WND
================================================================================
1 2 3 4 5 6A 6B 7 8 9 10 11 12 13 14 15 16 17 18
12Z AVG MX 2MIN
DY MAX MIN AVG DEP HDD CDD WTR SNW DPTH SPD SPD DIR MIN PSBL S-S WX SPD DR
================================================================================
1 70 39 55 1 10 0 0.00 M M 16.1 37 290 M M 5 45 310
2 64 34 49 -5 16 0 0.00 M M 6.4 17 190 M M 0 21 190
3 77 50 64 9 1 0 T M M 12.8 28 160 M M 7 33 170
4 86 60 73 18 0 8 0.00 M M 13.5 22 200 M M 6 1 28 190
5 80 52 66 10 0 1 0.34 M M 15.0 52 260 M M 7 13 66 250
6 54 46 50 -6 15 0 T M M 7.7 15 20 M M 7 20 30
7 60 44 52 -4 13 0 0.00 M M 10.3 17 60 M M 0 23 50
8 64 46 55 -2 10 0 0.00 M M 10.9 22 90 M M 0 25 90
9 70 41 56 -1 9 0 0.00 M M 8.5 18 100 M M 0 24 120
10 73 41 57 0 8 0 0.00 M M 3.8 15 240 M M 0 8 17 220
11 77 45 61 3 4 0 0.00 M M 1.8 10 130 M M 0 18 14 150
12 79 47 63 5 2 0 0.00 M M 3.5 15 260 M M 0 8 17 270
13 83 45 64 5 1 0 0.00 M M 5.1 15 130 M M 1 18 17 130
14 77 60 69 10 0 4 T M M 5.5 14 170 M M 5 16 170
15 81 54 68 9 0 3 0.22 M M 8.3 33 320 M M 3 3 39 320
16 59 47 53 -7 12 0 0.12 M M 13.7 26 290 M M 9 18 33 300
17 64 44 54 -6 11 0 0.00 M M 14.8 32 280 M M 1 38 270
18 77 40 59 -1 6 0 0.00 M M 2.2 10 310 M M 0 8 13 310
19 84 52 68 7 0 3 0.00 M M 9.1 22 210 M M 0 25 210
20 86 57 72 11 0 7 0.00 M M 13.8 28 220 M M 1 33 220
21 63 48 56 -5 9 0 0.64 M M 5.9 18 320 M M 8 1 21 310
22 61 38 50 -12 15 0 T M M 10.7 26 300 M M 3 1 32 300
23 53 36 45 -17 20 0 0.00 M M 5.6 16 300 M M 5 23 320
24 58 35 47 -15 18 0 0.00 M M 4.1 16 320 M M 0 22 330
25 66 39 53 -10 12 0 0.00 M M 2.9 10 170 M M 0 15 150
26 70 43 57 -6 8 0 0.00 M M 6.1 13 60 M M 1 8 15 50
27 71 50 61 -2 4 0 0.74 M M 8.5 20 100 M M 5 1 24 100
28 66 53 60 -4 5 0 M M M 6.6 14 310 M M 7 1 17 300
29 69 50 60 -4 5 0 0.01 M M 7.2 16 220 M M 9 1 21 220
30 58 44 51 -13 14 0 0.01 M M 12.8 32 330 M M 7 3 40 330
================================================================================
SM 2100 1380 228 26 2.08 M 253.2 M 97
================================================================================
AV 70.0 46.0 8.4 FASTST M M 3 MAX(MPH)
MISC ----> 52 260 66 250
================================================================================
NOTES:
# LAST OF SEVERAL OCCURRENCES
COLUMN 17 PEAK WIND IN M.P.H.
PRELIMINARY LOCAL CLIMATOLOGICAL DATA (WS FORM: F-6) , PAGE 2
STATION: OWENSBORO KY
MONTH: APRIL
YEAR: 2023
LATITUDE: 37 45 N
LONGITUDE: 87 10 W
[TEMPERATURE DATA] [PRECIPITATION DATA] SYMBOLS USED IN COLUMN 16
AVERAGE MONTHLY: 58.0 TOTAL FOR MONTH: 2.08 1 = FOG OR MIST
DPTR FM NORMAL: -1.3 DPTR FM NORMAL: -2.43 2 = FOG REDUCING VISIBILITY
HIGHEST: 86 ON 20, 4 GRTST 24HR 0.74 ON 27-27 TO 1/4 MILE OR LESS
LOWEST: 34 ON 2 3 = THUNDER
SNOW, ICE PELLETS, HAIL 4 = ICE PELLETS
TOTAL MONTH: M 5 = HAIL
GRTST 24HR M ON M 6 = FREEZING RAIN OR DRIZZLE
GRTST DEPTH: M ON M 7 = DUSTSTORM OR SANDSTORM:
VSBY 1/2 MILE OR LESS
8 = SMOKE OR HAZE
[NO. OF DAYS WITH] [WEATHER - DAYS WITH] 9 = BLOWING SNOW
X = TORNADO
MAX 32 OR BELOW: 0 0.01 INCH OR MORE: 7
MAX 90 OR ABOVE: 0 0.10 INCH OR MORE: 5
MIN 32 OR BELOW: 0 0.50 INCH OR MORE: 2
MIN 0 OR BELOW: 0 1.00 INCH OR MORE: 0
[HDD (BASE 65) ]
TOTAL THIS MO. 228 CLEAR (SCALE 0-3) 17
DPTR FM NORMAL 13 PTCLDY (SCALE 4-7) 10
TOTAL FM JUL 1 3677 CLOUDY (SCALE 8-10) 3
DPTR FM NORMAL -141
[CDD (BASE 65) ]
TOTAL THIS MO. 26
DPTR FM NORMAL -19 [PRESSURE DATA]
TOTAL FM JAN 1 27 HIGHEST SLP 30.48 ON 7
DPTR FM NORMAL -24 LOWEST SLP 29.57 ON 30
[REMARKS]
#FINAL-04-23#