000
CXUS53 KPAH 010830
CF6OWB
PRELIMINARY LOCAL CLIMATOLOGICAL DATA (WS FORM: F-6)
STATION: OWENSBORO KY
MONTH: DECEMBER
YEAR: 2023
LATITUDE: 37 45 N
LONGITUDE: 87 10 W
TEMPERATURE IN F: :PCPN: SNOW: WIND :SUNSHINE: SKY :PK WND
================================================================================
1 2 3 4 5 6A 6B 7 8 9 10 11 12 13 14 15 16 17 18
12Z AVG MX 2MIN
DY MAX MIN AVG DEP HDD CDD WTR SNW DPTH SPD SPD DIR MIN PSBL S-S WX SPD DR
================================================================================
1 54 43 49 6 16 0 0.28 M M 9.3 29 200 M M 9 12 35 200
2 52 44 48 5 17 0 0.00 M M 4.7 12 330 M M 8 1 13 310
3 55 37 46 4 19 0 T M M 8.8 22 250 M M 6 1 29 250
4 51 31 41 -1 24 0 0.29 M M 5.7 16 60 M M 6 12 21 50
5 53 31 42 0 23 0 T M M 10.8 23 310 M M 8 12 26 320
6 44 29 37 -4 28 0 T M M 7.2 16 330 M M 6 8 20 320
7 60 32 46 5 19 0 0.00 M M 10.8 20 210 M M 0 22 220
8 59 42 51 10 14 0 T M M 11.3 18 190 M M 7 22 180
9 64 41 53 13 12 0 0.43 M M 10.3 21 320 M M 8 13 25 320
10 41 28 35 -5 30 0 0.00 M M 7.1 15 300 M M 7 18 310
11 43 22 33 -7 32 0 0.00 M M 2.6 9 170 M M 0 1 10 170
12 56 30 43 3 22 0 0.00 M M 4.7 13 220 M M 0 14 220
13 52 32 42 3 23 0 0.00 M M 3.9 9 50 M M 0 10 50
14 59 25 42 3 23 0 0.00 M M 2.6 9 110 M M 0 12 90
15 60 29 45 6 20 0 0.00 M M 3.6 10 140 M M 0 13 140
16 57 42 50 12 15 0 0.21 M M 10.2 17 160 M M 6 1 22 170
17 51 41 46 8 19 0 0.10 M M 9.2 17 310 M M 10 1 21 300
18 41 29 35 -3 30 0 0.00 M M 16.1 33 320 M M 9 40 330
19 38 20 29 -9 36 0 0.00 M M 4.3 10 150 M M 0 12 150
20 51 27 39 1 26 0 0.00 M M 6.6 13 180 M M 0 15 180
21 52 33 43 5 22 0 0.00 M M 5.5 10 180 M M 0 12 170
22 56 34 45 8 20 0 0.00 M M 5.9 13 190 M M 4 15 180
23 57 46 52 15 13 0 0.05 M M 6.9 13 180 M M 9 1 15 170
24 66 51 59 22 6 0 T M M 8.3 15 170 M M 4 18 170
25 60 49 55 18 10 0 0.36 M M 12.7 29 130 M M 8 1 36 140
26 52 35 44 7 21 0 0.00 M M 6.2 M M M M 5 M M
27 50 26 38 1 27 0 0.05 M M 5.2 16 250 M M 5 20 250
28 41 29 35 -1 30 0 T M M 8.6 16 260 M M 9 1 18 260
29 38 33 36 0 29 0 0.07 M M 9.8 16 250 M M 10 1 18 260
30 44 34 39 3 26 0 0.00 M M 10.5 16 220 M M 7 1 20 290
31 43 34 39 3 26 0 0.00 M M 9.6 18 320 M M 7 21 290
================================================================================
SM 1600 1059 678 0 1.84 M 239.0 M 158
================================================================================
AV 51.6 34.2 7.7 FASTST M M 5 MAX(MPH)
MISC ----> 33 320 40 330
================================================================================
NOTES:
# LAST OF SEVERAL OCCURRENCES
COLUMN 17 PEAK WIND IN M.P.H.
PRELIMINARY LOCAL CLIMATOLOGICAL DATA (WS FORM: F-6) , PAGE 2
STATION: OWENSBORO KY
MONTH: DECEMBER
YEAR: 2023
LATITUDE: 37 45 N
LONGITUDE: 87 10 W
[TEMPERATURE DATA] [PRECIPITATION DATA] SYMBOLS USED IN COLUMN 16
AVERAGE MONTHLY: 42.9 TOTAL FOR MONTH: 1.84 1 = FOG OR MIST
DPTR FM NORMAL: 4.0 DPTR FM NORMAL: -2.37 2 = FOG REDUCING VISIBILITY
HIGHEST: 66 ON 24 GRTST 24HR 0.43 ON 9- 9 TO 1/4 MILE OR LESS
LOWEST: 20 ON 19 3 = THUNDER
SNOW, ICE PELLETS, HAIL 4 = ICE PELLETS
TOTAL MONTH: M 5 = HAIL
GRTST 24HR M ON M 6 = FREEZING RAIN OR DRIZZLE
GRTST DEPTH: M ON M 7 = DUSTSTORM OR SANDSTORM:
VSBY 1/2 MILE OR LESS
8 = SMOKE OR HAZE
[NO. OF DAYS WITH] [WEATHER - DAYS WITH] 9 = BLOWING SNOW
X = TORNADO
MAX 32 OR BELOW: 0 0.01 INCH OR MORE: 9
MAX 90 OR ABOVE: 0 0.10 INCH OR MORE: 6
MIN 32 OR BELOW: 15 0.50 INCH OR MORE: 0
MIN 0 OR BELOW: 0 1.00 INCH OR MORE: 0
[HDD (BASE 65) ]
TOTAL THIS MO. 678 CLEAR (SCALE 0-3) 9
DPTR FM NORMAL -131 PTCLDY (SCALE 4-7) 15
TOTAL FM JUL 1 1342 CLOUDY (SCALE 8-10) 7
DPTR FM NORMAL -151
[CDD (BASE 65) ]
TOTAL THIS MO. 0
DPTR FM NORMAL -1 [PRESSURE DATA]
TOTAL FM JAN 1 1466 HIGHEST SLP 30.77 ON 14
DPTR FM NORMAL -293 LOWEST SLP 29.75 ON 4
[REMARKS]
#FINAL-12-23#