000
CXUS56 KLOX 011155
CF6OXR
PRELIMINARY LOCAL CLIMATOLOGICAL DATA (WS FORM: F-6)
STATION: OXNARD AIRPORT CA
MONTH: AUGUST
YEAR: 2022
LATITUDE: 34 12 N
LONGITUDE: 119 12 W
TEMPERATURE IN F: :PCPN: SNOW: WIND :SUNSHINE: SKY :PK WND
================================================================================
1 2 3 4 5 6A 6B 7 8 9 10 11 12 13 14 15 16 17 18
12Z AVG MX 2MIN
DY MAX MIN AVG DEP HDD CDD WTR SNW DPTH SPD SPD DIR MIN PSBL S-S WX SPD DR
================================================================================
1 75 64 70 3 0 5 0.00 M M 7.0 17 290 M M 5 1 22 270
2 73 64 69 2 0 4 0.00 M M 8.8 20 280 M M 5 25 280
3 73 63 68 1 0 3 0.00 M M 6.0 15 280 M M 3 1 20 270
4 76 63 70 3 0 5 0.00 M M 8.3 16 280 M M 3 20 290
5 75 63 69 2 0 4 0.00 M M 9.4 22 280 M M 2 27 260
6 74 61 68 1 0 3 0.00 M M 7.6 20 280 M M 2 1 27 270
7 76 59 68 1 0 3 0.00 M M 7.0 17 270 M M 0 1 21 270
8 76 61 69 2 0 4 0.00 M M 6.9 15 280 M M 0 22 270
9 76 62 69 2 0 4 0.00 M M 6.9 17 270 M M 0 1 22 270
10 76 61 69 2 0 4 0.00 M M 6.8 15 280 M M 0 19 270
11 73 59 66 -1 0 1 0.00 M M 8.8 22 280 M M 0 1 27 290
12 73 58 66 -1 0 1 0.00 M M 6.2 17 270 M M 0 20 270
13 75 60 68 1 0 3 0.00 M M 6.1 14 280 M M 0 1 19 290
14 72 59 66 -1 0 1 0.00 M M 7.9 18 280 M M 0 1 24 280
15 71 57 64 -3 1 0 0.00 M M 8.1 15 270 M M 0 1 22 270
16 71 56 64 -3 1 0 0.00 M M 7.5 13 260 M M 4 12 17 270
17 70 56 63 -4 2 0 0.00 M M 8.2 17 280 M M 6 12 23 280
18 66 56 61 -6 4 0 0.00 M M 7.5 17 270 M M 9 12 23 280
19 67 56 62 -5 3 0 0.00 M M 5.1 14 260 M M 5 12 20 260
20 75 59 67 0 0 2 0.00 M M 6.1 13 280 M M 2 20 220
21 75 61 68 1 0 3 0.00 M M 7.7 16 280 M M 5 18 20 290
22 69 58 64 -3 1 0 0.00 M M 6.2 14 270 M M 8 12 19 270
23 70 60 65 -2 0 0 0.00 M M 5.5 15 260 M M 7 12 20 280
24 75 59 67 0 0 2 0.00 M M 7.3 14 280 M M 5 1 19 270
25 72 60 66 -1 0 1 0.00 M M 6.8 16 270 M M 8 1 21 270
26 69 60 65 -2 0 0 0.00 M M 6.1 16 270 M M 9 1 22 250
27 72 61 67 0 0 2 0.00 M M 5.6 15 270 M M 9 1 20 290
28 73 61 67 0 0 2 0.00 M M 8.2 17 280 M M 5 23 270
29 72 58 65 -2 0 0 0.00 M M 8.2 22 280 M M 1 1 28 280
30 74 57 66 -1 0 1 0.00 M M 7.8 20 280 M M 1 1 26 260
31 75 60 68 1 0 3 0.00 M M 8.9 18 280 M M 0 1 22 290
================================================================================
SM 2259 1852 12 61 0.00 M 224.5 M 104
================================================================================
AV 72.9 59.7 7.2 FASTST M M 3 MAX(MPH)
MISC ----> # 22 280 28 280
================================================================================
NOTES:
# LAST OF SEVERAL OCCURRENCES
COLUMN 17 PEAK WIND IN M.P.H.
PRELIMINARY LOCAL CLIMATOLOGICAL DATA (WS FORM: F-6) , PAGE 2
STATION: OXNARD AIRPORT CA
MONTH: AUGUST
YEAR: 2022
LATITUDE: 34 12 N
LONGITUDE: 119 12 W
[TEMPERATURE DATA] [PRECIPITATION DATA] SYMBOLS USED IN COLUMN 16
AVERAGE MONTHLY: 66.3 TOTAL FOR MONTH: 0.00 1 = FOG OR MIST
DPTR FM NORMAL: -0.8 DPTR FM NORMAL: -0.01 2 = FOG REDUCING VISIBILITY
HIGHEST: 76 ON 10, 9 GRTST 24HR 0.00 ON 3- 3 TO 1/4 MILE OR LESS
LOWEST: 56 ON 19,18 3 = THUNDER
SNOW, ICE PELLETS, HAIL 4 = ICE PELLETS
TOTAL MONTH: M 5 = HAIL
GRTST 24HR M ON M 6 = FREEZING RAIN OR DRIZZLE
GRTST DEPTH: M ON M 7 = DUSTSTORM OR SANDSTORM:
VSBY 1/2 MILE OR LESS
8 = SMOKE OR HAZE
[NO. OF DAYS WITH] [WEATHER - DAYS WITH] 9 = BLOWING SNOW
X = TORNADO
MAX 32 OR BELOW: 0 0.01 INCH OR MORE: 0
MAX 90 OR ABOVE: 0 0.10 INCH OR MORE: 0
MIN 32 OR BELOW: 0 0.50 INCH OR MORE: 0
MIN 0 OR BELOW: 0 1.00 INCH OR MORE: 0
[HDD (BASE 65) ]
TOTAL THIS MO. 12 CLEAR (SCALE 0-3) 17
DPTR FM NORMAL 0 PTCLDY (SCALE 4-7) 11
TOTAL FM JUL 1 28 CLOUDY (SCALE 8-10) 3
DPTR FM NORMAL 12
[CDD (BASE 65) ]
TOTAL THIS MO. 61
DPTR FM NORMAL -14 [PRESSURE DATA]
TOTAL FM JAN 1 135 HIGHEST SLP 30.06 ON 21
DPTR FM NORMAL -45 LOWEST SLP 29.73 ON 19
[REMARKS]
#FINAL-08-22#