000
CXUS53 KDDC 041814
CF6P28
PRELIMINARY LOCAL CLIMATOLOGICAL DATA (WS FORM: F-6)
STATION: MEDICINE LODGE KS
MONTH: DECEMBER
YEAR: 2020
LATITUDE: 37 17 N
LONGITUDE: 98 35 W
TEMPERATURE IN F: :PCPN: SNOW: WIND :SUNSHINE: SKY :PK WND
================================================================================
1 2 3 4 5 6A 6B 7 8 9 10 11 12 13 14 15 16 17 18
12Z AVG MX 2MIN
DY MAX MIN AVG DEP HDD CDD WTR SNW DPTH SPD SPD DIR MIN PSBL S-S WX SPD DR
================================================================================
1 51 21 36 -2 29 0 0.00 0.0 0 5.1 10 130 M M 0 16 150
2 37 30 34 -4 31 0 0.09 0.5 0 16.0 26 20 M M 0 37 10
3 39 25 32 -6 33 0 0.10 1.0 2 11.5 25 20 M M 0 34 20
4 54 20 37 0 28 0 0.00 0.0 T 5.1 12 340 M M 0 15 340
5 56 25 41 4 24 0 0.00 0.0 0 7.6 21 350 M M 0 30 10
6 55 27 41 4 24 0 0.00 0.0 0 5.8 14 20 M M 0 20 10
7 64 25 45 9 20 0 0.00 0.0 0 6.0 14 340 M M 0 19 320
8 68 27 48 12 17 0 0.00 0.0 0 5.7 12 270 M M 0 16 260
9 69 26 48 12 17 0 0.00 0.0 0 4.3 10 330 M M 0 14 340
10 63 26 45 9 20 0 0.00 0.0 0 5.2 21 10 M M 0 29 360
11 43 33 38 3 27 0 0.00 0.0 0 11.6 22 320 M M 0 32 330
12 38 32 35 0 30 0 0.00 0.0 0 9.9 22 340 M M 0 30 340
13 33 17 25 -10 40 0 0.30 4.0 4 9.0 22 350 M M 0 31 360
14 30 10 20 -14 45 0 0.00 0.0 2 5.7 14 150 M M 0 23 130
15 31 26 29 -5 36 0 0.15 1.0 3 6.6 13 90 M M 0 19 130
16 33 20 27 -7 38 0 0.00 0.0 2 4.1 9 210 M M 0 12 210
17 49 19 34 0 31 0 0.00 0.0 1 6.2 13 200 M M 0 21 150
18 51 31 41 7 24 0 0.00 0.0 0 8.9 20 190 M M 0 27 200
19 50 26 38 4 27 0 0.00 0.0 0 4.0 9 270 M M 0 14 290
20 58 23 41 7 24 0 0.00 0.0 0 6.2 15 250 M M 0 19 230
21 64 29 47 14 18 0 0.00 0.0 0 4.4 13 50 M M 0 17 60
22 63 26 45 12 20 0 0.00 0.0 0 10.5 25 180 M M 0 41 160
23 57 19 38 5 27 0 0.00 0.0 0 17.7 39 340 M M 0 57 330
24 46 17 32 -1 33 0 0.00 0.0 0 7.2 26 340 M M 0 39 340
25 64 22 43 10 22 0 0.00 0.0 0 3.3 15 280 M M 0 23 260
26 63 21 42 9 23 0 0.00 0.0 0 6.0 18 180 M M 0 26 170
27 56 22 39 6 26 0 0.00 0.0 0 9.8 26 340 M M 0 38 340
28 40 27 34 1 31 0 0.00 0.0 0 7.1 18 90 M M 0 29 80
29 40 32 36 3 29 0 0.99 0.0 0 7.9 20 90 M M 0 31 90
30 43 22 33 0 32 0 0.00 0.0 0 8.2 17 10 M M 0 24 340
31 42 15 29 -4 36 0 0.00 0.0 0 5.8 20 20 M M M 27 20
================================================================================
SM 1550 741 862 0 1.63 6.5 232.4 M 0
================================================================================
AV 50.0 23.9 7.5 FASTST M M 0 MAX(MPH)
MISC ----> 39 340 57 330
================================================================================
NOTES:
# LAST OF SEVERAL OCCURRENCES
COLUMN 17 PEAK WIND IN M.P.H.
PRELIMINARY LOCAL CLIMATOLOGICAL DATA (WS FORM: F-6) , PAGE 2
STATION: MEDICINE LODGE KS
MONTH: DECEMBER
YEAR: 2020
LATITUDE: 37 17 N
LONGITUDE: 98 35 W
[TEMPERATURE DATA] [PRECIPITATION DATA] SYMBOLS USED IN COLUMN 16
AVERAGE MONTHLY: 37.0 TOTAL FOR MONTH: 1.63 1 = FOG OR MIST
DPTR FM NORMAL: 2.3 DPTR FM NORMAL: 0.71 2 = FOG REDUCING VISIBILITY
HIGHEST: 69 ON 9 GRTST 24HR 0.99 ON 29-29 TO 1/4 MILE OR LESS
LOWEST: 10 ON 14 3 = THUNDER
SNOW, ICE PELLETS, HAIL 4 = ICE PELLETS
TOTAL MONTH: 6.5 INCHES 5 = HAIL
GRTST 24HR 4.0 ON 13-13 6 = FREEZING RAIN OR DRIZZLE
GRTST DEPTH: 4 ON 13 7 = DUSTSTORM OR SANDSTORM:
VSBY 1/2 MILE OR LESS
8 = SMOKE OR HAZE
[NO. OF DAYS WITH] [WEATHER - DAYS WITH] 9 = BLOWING SNOW
X = TORNADO
MAX 32 OR BELOW: 2 0.01 INCH OR MORE: 5
MAX 90 OR ABOVE: 0 0.10 INCH OR MORE: 4
MIN 32 OR BELOW: 30 0.50 INCH OR MORE: 1
MIN 0 OR BELOW: 0 1.00 INCH OR MORE: 0
[HDD (BASE 65) ]
TOTAL THIS MO. 862
DPTR FM NORMAL -79
TOTAL FM JUL 1 1698
DPTR FM NORMAL -101
[CDD (BASE 65) ]
TOTAL THIS MO. 0
DPTR FM NORMAL 0 [PRESSURE DATA]
TOTAL FM JAN 1 1667 HIGHEST SLP 30.43 ON 28
DPTR FM NORMAL -103 LOWEST SLP 29.48 ON 23
[REMARKS]
#FINAL-12-20#