000
CXUS53 KDDC 031709
CLSP28
CLIMATE REPORT
NATIONAL WEATHER SERVICE DODGE CITY, KANSAS
1109 AM CST FRI DEC 03 2021
...................................
...THE MEDICINE LODGE KS CLIMATE SUMMARY FOR THE SEASON, FROM
9/1/2021 TO 11/30/2021...
CLIMATE NORMAL PERIOD 1991 TO 2020
CLIMATE RECORD PERIOD 1893 TO 2021
WEATHER OBSERVED NORMAL DEPART LAST YEAR`S
VALUE DATE(S) VALUE FROM VALUE DATE(S)
NORMAL
................................................................
TEMPERATURE (F)
RECORD
HIGH 113 09/29/1984
LOW 0 11/29/1976
HIGHEST 102 09/11 MM MM 97 09/06
LOWEST 21 11/18 MM MM 22 10/26
AVG. MAXIMUM 76.6 71.5 5.1 71.1
AVG. MINIMUM 47.8 45.7 2.1 43.9
MEAN 62.2 58.6 3.6 57.5
DAYS MAX >= 90 20 11.3 8.7 11
DAYS MAX <= 32 0 0.5 -0.5 2
DAYS MIN <= 32 12 17.2 -5.2 19
DAYS MIN <= 0 0 0.0 0.0 0
PRECIPITATION (INCHES)
RECORD
MAXIMUM 21.01 1923
MINIMUM 0.31 1939
TOTALS 4.86 6.15 -1.29 6.55
DAYS >= .01 14 17.4 -3.4 16
DAYS >= .10 10 9.3 0.7 11
DAYS >= .50 4 3.3 0.7 4
DAYS >= 1.00 1 1.6 -0.6 2
GREATEST
24 HR. TOTAL 1.23 10/12 TO 10/13 2.46
SNOWFALL (INCHES)
RECORDS
TOTAL 11.0 1972
24 HR TOTAL 8.0 11/18/1972 TO 11/18/1972
SNOW DEPTH 6 11/05/1951
TOTALS 0.0 0.3 -0.3 1.0
SINCE 7/1 0.0 0.3 -0.3 1.0
SNOWDEPTH AVG. 0 0
DAYS >= TRACE 0 0.3 -0.3 2
GREATEST
SNOW DEPTH 0 11/30 1 10/27
24 HR TOTAL 0.0 11/30 TO 11/30 1.0
DEGREE DAYS
HEATING TOTAL 628 857 -229 836
SINCE 7/1 628 856 -228 836
COOLING TOTAL 398 276 122 197
SINCE 1/1 1933 1821 112 1667
................................................................
WIND (MPH)
AVERAGE WIND SPEED 8.5
RESULTANT WIND SPEED/DIRECTION 2/130
HIGHEST WIND SPEED/DIRECTION 39/340 DATE 10/28
HIGHEST GUST SPEED/DIRECTION 59/350 DATE 10/28
AVERAGE RH (PERCENT) 56
- INDICATES NEGATIVE NUMBERS.
R INDICATES RECORD WAS SET OR TIED.
MM INDICATES DATA IS MISSING.
T INDICATES TRACE AMOUNT.
$$