000
CXUS53 KPAH 021449
CLSPAH
CLIMATE REPORT
NATIONAL WEATHER SERVICE PADUCAH KY
949 AM CDT SAT SEP 02 2023
...................................
...THE PADUCAH KY CLIMATE SUMMARY FOR THE SUMMER SEASON, FROM
6/1/2023 TO 8/31/2023...
CLIMATE NORMAL PERIOD 1991 TO 2020
CLIMATE RECORD PERIOD 1937 TO 2023
WEATHER OBSERVED NORMAL DEPART LAST YEAR`S
VALUE DATE(S) VALUE FROM VALUE
NORMAL
..............................................................
TEMPERATURE (F)
RECORD
HIGH 108 07/17/1942
LOW 44 06/01/1993
08/29/1986
HIGHEST 101 06/30 88 13
LOWEST 51 06/09 67 -16
AVG. MAXIMUM 88.4 88.8 -0.4
AVG. MINIMUM 66.6 67.4 -0.8
MEAN 77.5 78.1 -0.6
DAYS MAX >= 90 41 41.9 -0.9
DAYS MAX <= 32 0 0.0 0.0
DAYS MIN <= 32 0 0.0 0.0
DAYS MIN <= 0 0 0.0 0.0
PRECIPITATION (INCHES)
RECORD
MAXIMUM 22.45 1958
MINIMUM 4.48 1944
TOTALS 18.90 11.92 6.98
DAILY AVG. 0.20 0.13 0.07
DAYS >= .01 29 25.7 3.3
DAYS >= .10 20 17.4 2.6
DAYS >= .50 11 7.6 3.4
DAYS >= 1.00 5 3.5 1.5
GREATEST
24 HR. TOTAL 7.42
STORM TOTAL 6.95
(MM/DD(HH))
SNOWFALL (INCHES)
RECORDS
TOTAL 0.0 2002
24 HR TOTAL 0.0 08/31/2002 TO 08/31/2002
TOTALS 0.0 0.0 0.0
LIQUID EQUIV 0.00
SINCE 7/1 0.0 0.0 0.0
LIQUID 7/1 0.00
SNOWDEPTH AVG. 0
DAYS >= TRACE 0
DAYS >= 1.0 0
GREATEST
SNOW DEPTH 0
24 HR TOTAL 0.0
STORM TOTAL 0.0
(MM/DD(HH))
DEGREE DAYS
HEATING TOTAL 0 2 -2
SINCE 7/1 0 0 0
COOLING TOTAL 1159 1210 -51
SINCE 1/1 1364 1420 -56
FREEZE DATES
RECORD
EARLIEST 10/01/1984
LATEST 04/28/1992
EARLIEST MM
LATEST 03/29
..............................................................
WIND (MPH)
AVERAGE WIND SPEED 3.5
HIGHEST WIND SPEED/DIRECTION 35/270 DATE 07/17
HIGHEST GUST SPEED/DIRECTION 50/320 DATE 07/29
SKY COVER
POSSIBLE SUNSHINE (PERCENT) MM
AVERAGE SKY COVER 0.22
NUMBER OF DAYS FAIR 72
NUMBER OF DAYS PC 19
NUMBER OF DAYS CLOUDY 1
AVERAGE RH (PERCENT) 72
WEATHER CONDITIONS. NUMBER OF DAYS WITH
THUNDERSTORM 26 MIXED PRECIP 0
HEAVY RAIN 14 RAIN 19
LIGHT RAIN 30 FREEZING RAIN 0
LT FREEZING RAIN 0 HAIL 0
HEAVY SNOW 0 SNOW 0
LIGHT SNOW 0 SLEET 0
FOG 66 FOG W/VIS <= 1/4 MILE 7
HAZE 21
- INDICATES NEGATIVE NUMBERS.
R INDICATES RECORD WAS SET OR TIED.
MM INDICATES DATA IS MISSING.
T INDICATES TRACE AMOUNT.
$$