000
CXUS54 KLZK 241230
CF6PBF
PRELIMINARY LOCAL CLIMATOLOGICAL DATA (WS FORM: F-6)
STATION: PINE BLUFF
MONTH: APRIL
YEAR: 2024
LATITUDE: 34 10 N
LONGITUDE: 91 56 W
TEMPERATURE IN F: :PCPN: SNOW: WIND :SUNSHINE: SKY :PK WND
================================================================================
1 2 3 4 5 6A 6B 7 8 9 10 11 12 13 14 15 16 17 18
12Z AVG MX 2MIN
DY MAX MIN AVG DEP HDD CDD WTR SNW DPTH SPD SPD DIR MIN PSBL S-S WX SPD DR
================================================================================
1 80 68 74 15 0 9 0.00 0.0 0 12.1 20 170 M M 5 28 160
2 82 55 69 9 0 4 0.32 0.0 0 14.9 28 170 M M 5 13 38 300
3 66 46 56 -4 9 0 T 0.0 0 11.8 26 310 M M 1 39 330
4 74 45 60 0 5 0 0.00 0.0 0 9.0 20 300 M M 0 31 330
5 72 40 56 -4 9 0 0.00 0.0 0 5.5 14 30 M M 0 8 19 30
6 74 50 62 1 3 0 0.00 0.0 0 10.0 20 130 M M 0 26 130
7 83 58 71 10 0 6 0.03 0.0 0 11.2 24 190 M M 7 31 170
8 83 57 70 9 0 5 0.30 0.0 0 7.8 24 180 M M 7 3 33 180
9 66 59 63 2 2 0 2.13 0.0 0 9.2 41 110 M M 8 13 55 110
10 69 59 64 2 1 0 0.37 0.0 0 6.2 28 330 M M 9 3 38 320
11 74 54 64 2 1 0 0.61 0.0 0 14.8 29 330 M M 4 46 320
12 78 49 64 2 1 0 0.00 0.0 0 6.5 17 270 M M 0 28 310
13 86 53 70 8 0 5 0.00 0.0 0 7.2 21 200 M M 0 29 200
14 82 62 72 9 0 7 0.00 0.0 0 10.3 22 190 M M 1 31 210
15 82 62 72 9 0 7 T 0.0 0 7.8 16 170 M M 3 20 180
16 84 67 76 13 0 11 0.02 0.0 0 13.7 26 180 M M 5 3 37 180
17 85 70 78 14 0 13 0.00 0.0 0 6.6 15 210 M M 4 1 23 190
18 78 67 73 9 0 8 0.03 0.0 0 7.8 15 180 M M 8 1 20 180
19 73 59 66 2 0 1 T 0.0 0 11.7 21 360 M M 9 3 29 10
20 60 53 57 -7 8 0 0.21 0.0 0 8.9 21 30 M M 10 29 40
21 66 50 58 -7 7 0 0.01 0.0 0 9.3 20 20 M M 3 28 340
22 71 42 57 -8 8 0 0.00 0.0 0 5.2 14 190 M M 0 18 190
23 79 48 64 -1 1 0 0.00 0.0 0 10.3 20 180 M M 0 29 180
================================================================================
SM 1747 1273 55 76 4.03 0.0 217.8 M 89
================================================================================
AV 76.0 55.3 9.5 FASTST M M 4 MAX(MPH)
MISC ----> 41 110 55 110
================================================================================
NOTES:
# LAST OF SEVERAL OCCURRENCES
COLUMN 17 PEAK WIND IN M.P.H.
PRELIMINARY LOCAL CLIMATOLOGICAL DATA (WS FORM: F-6) , PAGE 2
STATION: PINE BLUFF
MONTH: APRIL
YEAR: 2024
LATITUDE: 34 10 N
LONGITUDE: 91 56 W
[TEMPERATURE DATA] [PRECIPITATION DATA] SYMBOLS USED IN COLUMN 16
AVERAGE MONTHLY: 65.7 TOTAL FOR MONTH: 4.03 1 = FOG OR MIST
DPTR FM NORMAL: 3.4 DPTR FM NORMAL: -0.06 2 = FOG REDUCING VISIBILITY
HIGHEST: 86 ON 13 GRTST 24HR 2.36 ON 8- 9 TO 1/4 MILE OR LESS
LOWEST: 40 ON 5 3 = THUNDER
SNOW, ICE PELLETS, HAIL 4 = ICE PELLETS
TOTAL MONTH: 0.0 INCH 5 = HAIL
GRTST 24HR 0.0 6 = FREEZING RAIN OR DRIZZLE
GRTST DEPTH: 0 7 = DUSTSTORM OR SANDSTORM:
VSBY 1/2 MILE OR LESS
8 = SMOKE OR HAZE
[NO. OF DAYS WITH] [WEATHER - DAYS WITH] 9 = BLOWING SNOW
X = TORNADO
MAX 32 OR BELOW: 0 0.01 INCH OR MORE: 10
MAX 90 OR ABOVE: 0 0.10 INCH OR MORE: 6
MIN 32 OR BELOW: 0 0.50 INCH OR MORE: 2
MIN 0 OR BELOW: 0 1.00 INCH OR MORE: 1
[HDD (BASE 65) ]
TOTAL THIS MO. 55 CLEAR (SCALE 0-3) 9
DPTR FM NORMAL -56 PTCLDY (SCALE 4-7) 10
TOTAL FM JUL 1 2250 CLOUDY (SCALE 8-10) 4
DPTR FM NORMAL -551
[CDD (BASE 65) ]
TOTAL THIS MO. 76
DPTR FM NORMAL 31 [PRESSURE DATA]
TOTAL FM JAN 1 122 HIGHEST SLP M ON M
DPTR FM NORMAL 54 LOWEST SLP 29.51 ON 10
[REMARKS]