000
CXUS52 KMFL 011159
CLMPBI
CLIMATE REPORT
NATIONAL WEATHER SERVICE MIAMI, FL
759 AM EDT MON MAY 01 2023
...................................
...THE WEST PALM BEACH CLIMATE SUMMARY FOR THE MONTH OF APRIL 2023...
CLIMATE NORMAL PERIOD: 1991 TO 2020
CLIMATE RECORD PERIOD: 1888 TO 2023
WEATHER OBSERVED NORMAL DEPART LAST YEAR`S
VALUE DATE(S) VALUE FROM VALUE
NORMAL
..............................................................
TEMPERATURE (F)
RECORD
HIGH 99 04/30/1971
LOW 38 04/06/1920
HIGHEST 90 04/04 90
LOWEST 64 04/18 54
04/19
AVG. MAXIMUM 85.6 82.2 3.4 83.7
AVG. MINIMUM 70.8 67.5 3.3 70.6
MEAN 78.2 74.9 3.3 77.1
DAYS MAX >= 90 1 1
DAYS MAX <= 32 0 0
DAYS MIN <= 32 0 0
DAYS MIN <= 0 0 0
PRECIPITATION (INCHES)
RECORD
MAXIMUM 18.26 1942
MINIMUM 0.04 1967
TOTALS 11.13 3.68 7.45 6.40
DAILY AVG. 0.37 0.12 0.25 0.21
DAYS >= .01 12 12
DAYS >= .10 7 6
DAYS >= .50 5 4
DAYS >= 1.00 4 3
GREATEST
24 HR. TOTAL 5.25 04/16 TO 04/17 2.15
DEGREE DAYS
HEATING TOTAL 0 3 -3 0
SINCE 7/1 94 199 -105 MM
COOLING TOTAL 404 298 106 371
SINCE 1/1 1204 762 442 MM
..............................................................
WIND (MPH)
AVERAGE WIND SPEED 11.2
HIGHEST WIND SPEED/DIRECTION 33/220 DATE 04/30
HIGHEST GUST SPEED/DIRECTION 43/230 DATE 04/30
SKY COVER
POSSIBLE SUNSHINE (PERCENT) MM
AVERAGE SKY COVER 0.57
NUMBER OF DAYS FAIR 1
NUMBER OF DAYS PC 25
NUMBER OF DAYS CLOUDY 4
AVERAGE RH (PERCENT) 72
WEATHER CONDITIONS. NUMBER OF DAYS WITH
THUNDERSTORM 12 MIXED PRECIP 0
HEAVY RAIN 6 RAIN 6
LIGHT RAIN 14 FREEZING RAIN 0
LT FREEZING RAIN 0 HAIL 0
HEAVY SNOW 0 SNOW 0
LIGHT SNOW 0 SLEET 0
FOG 11 FOG W/VIS <= 1/4 MILE 1
HAZE 1
- INDICATES NEGATIVE NUMBERS.
R INDICATES RECORD WAS SET OR TIED.
MM INDICATES DATA IS MISSING.
T INDICATES TRACE AMOUNT.
$$