000
CXUS56 KPDT 011910
CF6PDT
PRELIMINARY LOCAL CLIMATOLOGICAL DATA (WS FORM: F-6)
STATION: PENDLETON OR
MONTH: JANUARY
YEAR: 2022
LATITUDE: 45 40 N
LONGITUDE: 118 51 W
TEMPERATURE IN F: :PCPN: SNOW: WIND :SUNSHINE: SKY :PK WND
================================================================================
1 2 3 4 5 6A 6B 7 8 9 10 11 12 13 14 15 16 17 18
12Z AVG MX 2MIN
DY MAX MIN AVG DEP HDD CDD WTR SNW DPTH SPD SPD DIR MIN PSBL S-S WX SPD DR
================================================================================
1 16 -5 6 -28 59 0 0.00 0.0 5 3.7 10 90 M M 1 11 80
2 41 7 24 -10 41 0 0.00 0.0 4 10.7 33 170 M M 0 18 50 180
3 44 29 37 3 28 0 0.65 3.5 4 13.4 38 160 M M 7 12 52 160
4 40 26 33 -1 32 0 0.09 0.0 7 6.0 14 200 M M 6 1 18 210
5 36 28 32 -2 33 0 0.37 3.2 4 9.2 20 40 M M 10 12 24 40
6 46 28 37 3 28 0 0.22 0.2 6 5.9 17 30 M M 8 16 21 30
7 48 34 41 7 24 0 T 0.0 3 17.2 44 240 M M 7 57 250
8 44 29 37 3 28 0 0.00 0.0 T 7.8 15 250 M M 2 20 240
9 44 26 35 1 30 0 0.00 0.0 0 5.5 15 150 M M 0 21 180
10 42 24 33 -1 32 0 0.00 0.0 0 6.3 17 310 M M 2 1 21 310
11 55 30 43 9 22 0 T 0.0 0 7.4 16 310 M M 6 1 20 300
12 57 39 48 14 17 0 T 0.0 0 5.9 13 220 M M 3 18 190
13 48 31 40 5 25 0 0.03 0.0 0 6.6 20 280 M M 5 128 25 280
14 53 31 42 7 23 0 0.00 0.0 0 6.4 22 300 M M 6 128 27 300
15 32 29 31 -4 34 0 0.00 0.0 0 2.3 10 310 M M 10 12 12 310
16 31 28 30 -5 35 0 T T 0 2.4 8 340 M M 10 12 9 350
17 38 29 34 -1 31 0 0.00 0.0 0 4.1 15 310 M M 8 12 17 310
18 49 31 40 5 25 0 T 0.0 0 6.8 14 250 M M 7 1 19 250
19 43 32 38 3 27 0 T 0.0 0 4.7 12 320 M M 10 12 14 320
20 58 34 46 11 19 0 0.11 0.0 0 13.2 36 260 M M 7 1 47 260
21 48 32 40 5 25 0 0.00 0.0 0 6.6 24 260 M M 0 32 270
22 47 26 37 2 28 0 0.00 0.0 0 5.4 12 320 M M 2 12 14 290
23 33 27 30 -6 35 0 0.00 0.0 0 2.5 9 30 M M 10 12 11 300
24 32 29 31 -5 34 0 T 0.0 0 3.8 10 10 M M 10 12 13 10
25 30 27 29 -7 36 0 0.00 0.0 0 2.5 9 220 M M 10 16 11 220
26 31 27 29 -7 36 0 0.00 0.0 0 3.7 10 10 M M 10 1 14 20
27 30 28 29 -7 36 0 0.00 0.0 0 3.5 9 60 M M 10 1 13 50
28 30 27 29 -7 36 0 0.00 0.0 0 3.4 9 50 M M 10 10 50
29 31 26 29 -7 36 0 0.00 0.0 0 2.7 12 320 M M 10 13 330
30 46 26 36 0 29 0 0.06 0.0 0 7.0 28 260 M M 8 1 37 260
31 45 33 39 3 26 0 T 0.0 0 23.3 39 250 M M 1 53 260
================================================================================
SM 1268 848 950 0 1.53 6.9 209.9 M 196
================================================================================
AV 40.9 27.4 6.8 FASTST M M 6 MAX(MPH)
MISC ----> 44 240 57 250
================================================================================
NOTES:
# LAST OF SEVERAL OCCURRENCES
COLUMN 17 PEAK WIND IN M.P.H.
PRELIMINARY LOCAL CLIMATOLOGICAL DATA (WS FORM: F-6) , PAGE 2
STATION: PENDLETON OR
MONTH: JANUARY
YEAR: 2022
LATITUDE: 45 40 N
LONGITUDE: 118 51 W
[TEMPERATURE DATA] [PRECIPITATION DATA] SYMBOLS USED IN COLUMN 16
AVERAGE MONTHLY: 34.1 TOTAL FOR MONTH: 1.53 1 = FOG OR MIST
DPTR FM NORMAL: -0.8 DPTR FM NORMAL: 0.01 2 = FOG REDUCING VISIBILITY
HIGHEST: 58 ON 20 GRTST 24HR 0.65 ON 3- 3 TO 1/4 MILE OR LESS
LOWEST: -5 ON 1 3 = THUNDER
SNOW, ICE PELLETS, HAIL 4 = ICE PELLETS
TOTAL MONTH: 8.5 INCHES 5 = HAIL
GRTST 24HR 3.5 ON 3- 3 6 = FREEZING RAIN OR DRIZZLE
GRTST DEPTH: 7 ON 4 7 = DUSTSTORM OR SANDSTORM:
VSBY 1/2 MILE OR LESS
8 = SMOKE OR HAZE
[NO. OF DAYS WITH] [WEATHER - DAYS WITH] 9 = BLOWING SNOW
X = TORNADO
MAX 32 OR BELOW: 9 0.01 INCH OR MORE: 7
MAX 90 OR ABOVE: 0 0.10 INCH OR MORE: 4
MIN 32 OR BELOW: 27 0.50 INCH OR MORE: 1
MIN 0 OR BELOW: 1 1.00 INCH OR MORE: 0
[HDD (BASE 65) ]
TOTAL THIS MO. 950 CLEAR (SCALE 0-3) 9
DPTR FM NORMAL 15 PTCLDY (SCALE 4-7) 10
TOTAL FM JUL 1 2970 CLOUDY (SCALE 8-10) 12
DPTR FM NORMAL -200
[CDD (BASE 65) ]
TOTAL THIS MO. 0
DPTR FM NORMAL 0 [PRESSURE DATA]
TOTAL FM JAN 1 0 HIGHEST SLP 30.70 ON 27
DPTR FM NORMAL 0 LOWEST SLP 29.34 ON 7
[REMARKS]
#FINAL-01-22#