000
CXUS56 KPQR 011210
CF6PDX
PRELIMINARY LOCAL CLIMATOLOGICAL DATA (WS FORM: F-6)
STATION: PORTLAND OR
MONTH: FEBRUARY
YEAR: 2021
LATITUDE: 45 35 N
LONGITUDE: 122 36 W
TEMPERATURE IN F: :PCPN: SNOW: WIND :SUNSHINE: SKY :PK WND
================================================================================
1 2 3 4 5 6A 6B 7 8 9 10 11 12 13 14 15 16 17 18
12Z AVG MX 2MIN
DY MAX MIN AVG DEP HDD CDD WTR SNW DPTH SPD SPD DIR MIN PSBL S-S WX SPD DR
================================================================================
1 50 46 48 5 17 0 0.58 0.0 0 9.1 24 200 M M 9 1 30 210
2 49 41 45 2 20 0 0.32 0.0 0 11.4 26 190 M M 9 1 32 200
3 48 39 44 1 21 0 0.26 0.0 0 6.4 22 190 M M 9 32 170
4 47 40 44 1 21 0 0.02 0.0 0 7.1 14 210 M M 10 18 17 200
5 53 42 48 5 17 0 0.06 0.0 0 9.1 21 200 M M 9 1 26 200
6 48 38 43 0 22 0 0.03 0.0 0 8.4 23 200 M M 8 1 30 200
7 50 41 46 3 19 0 T 0.0 0 6.7 21 270 M M 8 24 270
8 47 35 41 -2 24 0 0.00 0.0 0 1.6 7 210 M M 8 8 260
9 47 31 39 -4 26 0 0.00 0.0 0 3.6 9 300 M M 4 12 12 270
10 47 31 39 -4 26 0 0.00 0.0 0 1.7 9 110 M M 8 10 120
11 40 28 34 -9 31 0 0.06 0.1 T 17.3 32 100 M M 10 4 40 100
12 30 24 27 -16 38 0 0.79 6.1 1 20.3 31 110 M M 10 1469 38 110
13 30 24 27 -17 38 0 0.22 3.8 7 16.7 31 110 M M 10 689 39 100
14 32 27 30 -14 35 0 0.42 0.1 10 14.4 22 110 M M 10 146 27 120
15 49 30 40 -4 25 0 0.14 0.0 9 11.6 24 130 M M 10 16 31 130
16 49 38 44 0 21 0 0.01 0.0 8 5.0 17 320 M M 9 20 310
17 49 36 43 -1 22 0 T 0.0 5 2.9 10 120 M M 8 12 120
18 42 37 40 -4 25 0 0.19 0.0 3 10.9 20 110 M M 8 1 24 120
19 50 36 43 -1 22 0 0.11 0.0 1 4.5 14 190 M M 9 128 17 190
20 52 39 46 2 19 0 0.01 0.0 T 6.7 18 280 M M 9 1 25 320
21 51 45 48 4 17 0 T 0.0 0 15.8 23 200 M M 10 29 190
22 53 43 48 4 17 0 0.18 0.0 0 13.0 25 200 M M 9 18 32 200
23 50 38 44 -1 21 0 0.02 0.0 0 6.4 17 270 M M 7 8 22 270
24 48 34 41 -4 24 0 0.01 0.0 0 3.6 10 300 M M 6 1 14 20
25 51 39 45 0 20 0 0.09 0.0 0 11.3 23 300 M M 9 1 29 300
26 50 41 46 1 19 0 0.20 0.0 0 13.5 30 290 M M 8 38 300
27 52 38 45 0 20 0 0.01 0.0 0 6.0 17 290 M M 9 21 250
28 58 44 51 5 14 0 0.00 0.0 M 5.1 13 180 M M 7 17 180
================================================================================
SM 1322 1025 641 0 3.73 10.1 250.1 M 240
================================================================================
AV 47.2 36.6 8.9 FASTST M M 9 MAX(MPH)
MISC ----> 32 100 40 100
================================================================================
NOTES:
# LAST OF SEVERAL OCCURRENCES
COLUMN 17 PEAK WIND IN M.P.H.
PRELIMINARY LOCAL CLIMATOLOGICAL DATA (WS FORM: F-6) , PAGE 2
STATION: PORTLAND OR
MONTH: FEBRUARY
YEAR: 2021
LATITUDE: 45 35 N
LONGITUDE: 122 36 W
[TEMPERATURE DATA] [PRECIPITATION DATA] SYMBOLS USED IN COLUMN 16
AVERAGE MONTHLY: 41.9 TOTAL FOR MONTH: 3.73 1 = FOG OR MIST
DPTR FM NORMAL: -1.9 DPTR FM NORMAL: 0.07 2 = FOG REDUCING VISIBILITY
HIGHEST: 58 ON 28 GRTST 24HR 0.99 ON 12-13 TO 1/4 MILE OR LESS
LOWEST: 24 ON 13,12 3 = THUNDER
SNOW, ICE PELLETS, HAIL 4 = ICE PELLETS
TOTAL MONTH: 10.1 INCHES 5 = HAIL
GRTST 24HR 6.1 ON 12-12 6 = FREEZING RAIN OR DRIZZLE
GRTST DEPTH: 10 ON 14 7 = DUSTSTORM OR SANDSTORM:
VSBY 1/2 MILE OR LESS
8 = SMOKE OR HAZE
[NO. OF DAYS WITH] [WEATHER - DAYS WITH] 9 = BLOWING SNOW
X = TORNADO
MAX 32 OR BELOW: 3 0.01 INCH OR MORE: 21
MAX 90 OR ABOVE: 0 0.10 INCH OR MORE: 11
MIN 32 OR BELOW: 7 0.50 INCH OR MORE: 2
MIN 0 OR BELOW: 0 1.00 INCH OR MORE: 0
[HDD (BASE 65) ]
TOTAL THIS MO. 641 CLEAR (SCALE 0-3) 0
DPTR FM NORMAL 47 PTCLDY (SCALE 4-7) 7
TOTAL FM JUL 1 2782 CLOUDY (SCALE 8-10) 21
DPTR FM NORMAL -276
[CDD (BASE 65) ]
TOTAL THIS MO. 0
DPTR FM NORMAL 0 [PRESSURE DATA]
TOTAL FM JAN 1 0 HIGHEST SLP 30.62 ON 24
DPTR FM NORMAL 0 LOWEST SLP 29.64 ON 13
[REMARKS]
#FINAL-02-21#