000
CXUS56 KFGZ 010910
CF6PGA
PRELIMINARY LOCAL CLIMATOLOGICAL DATA (WS FORM: F-6)
STATION: PAGE AZ AIRPORT
MONTH: FEBRUARY
YEAR: 2024
LATITUDE: 36 55 N
LONGITUDE: 111 27 W
TEMPERATURE IN F: :PCPN: SNOW: WIND :SUNSHINE: SKY :PK WND
================================================================================
1 2 3 4 5 6A 6B 7 8 9 10 11 12 13 14 15 16 17 18
12Z AVG MX 2MIN
DY MAX MIN AVG DEP HDD CDD WTR SNW DPTH SPD SPD DIR MIN PSBL S-S WX SPD DR
================================================================================
1 56 43 50 10 15 0 0.04 M M 2.9 10 350 M M 4 8 16 350
2 52 42 47 7 18 0 0.02 M M 6.9 17 260 M M 7 27 290
3 52 39 46 5 19 0 0.00 M M 8.5 20 260 M M 1 34 230
4 51 34 43 2 22 0 0.00 M M 3.0 10 160 M M 6 14 330
5 51 38 45 4 20 0 0.00 M M 1.4 12 160 M M 0 8 16 160
6 60 40 50 9 15 0 0.00 M M 13.6 40 170 M M 3 54 170
7 51 41 46 4 19 0 0.00 M M 7.5 23 170 M M 7 36 170
8 45 34 40 -2 25 0 0.28 M M 5.4 20 170 M M 10 12 26 170
9 44 31 38 -4 27 0 0.02 M M 4.2 12 230 M M 7 19 230
10 46 34 40 -2 25 0 0.00 M M 6.4 14 310 M M 8 23 280
11 45 28 37 -5 28 0 0.00 M M 2.6 9 60 M M 0 16 280
12 49 28 39 -4 26 0 0.00 M M 2.0 8 10 M M 0 8 12 10
13 52 30 41 -2 24 0 0.00 M M 2.9 8 50 M M 0 13 10
14 57 33 45 2 20 0 0.00 M M 2.9 8 150 M M 0 13 360
15 58 35 47 4 18 0 0.00 M M 3.6 12 310 M M 2 8 17 290
16 60 35 48 4 17 0 0.00 M M 2.9 10 260 M M 0 19 290
17 54 38 46 2 19 0 0.00 M M 4.1 13 50 M M 1 17 50
18 60 41 51 7 14 0 0.00 M M 2.7 8 70 M M 1 14 10
19 63 37 50 6 15 0 0.00 M M 2.4 9 360 M M 1 13 350
20 61 46 54 9 11 0 0.00 M M 3.7 10 330 M M 1 14 330
21 59 41 50 5 15 0 0.00 M M 5.9 16 350 M M 3 30 280
22 58 37 48 3 17 0 0.00 M M 3.4 9 90 M M 0 14 90
23 58 36 47 1 18 0 0.00 M M 2.6 9 40 M M 0 8 17 30
24 58 35 47 1 18 0 0.00 M M 2.5 8 360 M M 0 M M
25 64 37 51 5 14 0 0.00 M M 2.5 7 120 M M 1 9 40
26 68 45 57 10 8 0 T M M 10.1 25 230 M M 0 46 220
27 61 44 53 6 12 0 T M M 10.2 23 270 M M 4 44 280
28 53 33 43 -4 22 0 0.00 M M 2.9 10 30 M M 0 8 15 20
29 60 32 46 -2 19 0 0.00 M M 3.7 13 190 M M 0 19 200
================================================================================
SM 1606 1067 540 0 0.36 M 133.4 M 67
================================================================================
AV 55.4 36.8 4.6 FASTST M M 2 MAX(MPH)
MISC ----> 40 170 54 170
================================================================================
NOTES:
# LAST OF SEVERAL OCCURRENCES
COLUMN 17 PEAK WIND IN M.P.H.
PRELIMINARY LOCAL CLIMATOLOGICAL DATA (WS FORM: F-6) , PAGE 2
STATION: PAGE AZ AIRPORT
MONTH: FEBRUARY
YEAR: 2024
LATITUDE: 36 55 N
LONGITUDE: 111 27 W
[TEMPERATURE DATA] [PRECIPITATION DATA] SYMBOLS USED IN COLUMN 16
AVERAGE MONTHLY: 46.1 TOTAL FOR MONTH: 0.36 1 = FOG OR MIST
DPTR FM NORMAL: 2.6 DPTR FM NORMAL: -0.20 2 = FOG REDUCING VISIBILITY
HIGHEST: 68 ON 26 GRTST 24HR 0.28 ON 8- 8 TO 1/4 MILE OR LESS
LOWEST: 28 ON 12,11 3 = THUNDER
SNOW, ICE PELLETS, HAIL 4 = ICE PELLETS
TOTAL MONTH: M 5 = HAIL
GRTST 24HR M ON M 6 = FREEZING RAIN OR DRIZZLE
GRTST DEPTH: M ON M 7 = DUSTSTORM OR SANDSTORM:
VSBY 1/2 MILE OR LESS
8 = SMOKE OR HAZE
[NO. OF DAYS WITH] [WEATHER - DAYS WITH] 9 = BLOWING SNOW
X = TORNADO
MAX 32 OR BELOW: 0 0.01 INCH OR MORE: 4
MAX 90 OR ABOVE: 0 0.10 INCH OR MORE: 1
MIN 32 OR BELOW: 5 0.50 INCH OR MORE: 0
MIN 0 OR BELOW: 0 1.00 INCH OR MORE: 0
[HDD (BASE 65) ]
TOTAL THIS MO. 540 CLEAR (SCALE 0-3) 21
DPTR FM NORMAL -63 PTCLDY (SCALE 4-7) 7
TOTAL FM JUL 1 2608 CLOUDY (SCALE 8-10) 1
DPTR FM NORMAL -435
[CDD (BASE 65) ]
TOTAL THIS MO. 0
DPTR FM NORMAL 0 [PRESSURE DATA]
TOTAL FM JAN 1 0 HIGHEST SLP M ON M
DPTR FM NORMAL 0 LOWEST SLP 29.49 ON 6
[REMARKS]
#FINAL-02-24#