000
CXUS56 KFGZ 010910
CF6PGA
PRELIMINARY LOCAL CLIMATOLOGICAL DATA (WS FORM: F-6)
STATION: PAGE AZ AIRPORT
MONTH: FEBRUARY
YEAR: 2021
LATITUDE: 36 55 N
LONGITUDE: 111 27 W
TEMPERATURE IN F: :PCPN: SNOW: WIND :SUNSHINE: SKY :PK WND
================================================================================
1 2 3 4 5 6A 6B 7 8 9 10 11 12 13 14 15 16 17 18
12Z AVG MX 2MIN
DY MAX MIN AVG DEP HDD CDD WTR SNW DPTH SPD SPD DIR MIN PSBL S-S WX SPD DR
================================================================================
1 47 36 42 3 23 0 0.00 M M 0.9 7 360 M M 4 8 9 10
2 56 41 49 10 16 0 0.00 M M 2.2 7 360 M M 8 12 350
3 68 37 53 14 12 0 0.00 M M 5.5 23 220 M M 0 37 220
4 51 35 43 4 22 0 0.00 M M 6.2 13 280 M M 1 21 290
5 59 30 45 5 20 0 0.00 M M 5.6 17 300 M M 0 24 290
6 57 37 47 7 18 0 0.00 M M 4.3 12 300 M M 0 19 290
7 62 34 48 8 17 0 0.00 M M 2.4 8 50 M M 0 10 70
8 66 34 50 10 15 0 0.00 M M 3.7 15 270 M M 0 25 270
9 62 42 52 12 13 0 0.00 M M 2.4 12 280 M M 3 20 270
10 61 46 54 13 11 0 T M M 3.7 17 240 M M 4 8 24 250
11 65 37 51 10 14 0 0.00 M M 3.5 10 270 M M 0 14 270
12 55 41 48 7 17 0 0.01 M M 5.0 17 310 M M 5 24 310
13 48 35 42 1 23 0 0.07 M M 5.6 17 280 M M 5 26 280
14 52 38 45 3 20 0 0.00 M M 9.7 17 290 M M 3 29 300
15 53 31 42 0 23 0 0.00 M M 4.0 16 210 M M 7 23 270
16 53 39 46 4 19 0 0.02 M M 10.4 23 310 M M 4 32 300
17 44 34 39 -3 26 0 0.00 M M 7.8 16 300 M M 4 23 320
18 46 29 38 -5 27 0 0.00 M M 4.2 12 290 M M 0 18 270
19 54 29 42 -1 23 0 0.00 M M 3.3 8 40 M M 1 10 20
20 58 31 45 2 20 0 0.00 M M 6.8 25 310 M M 2 8 36 310
21 54 35 45 1 20 0 0.00 M M 5.8 13 290 M M 0 20 270
22 55 31 43 -1 22 0 0.00 M M 2.6 9 20 M M 0 8 13 350
23 61 33 47 3 18 0 0.00 M M 2.2 10 30 M M 0 13 40
24 65 34 50 6 15 0 0.00 M M 6.6 20 270 M M 0 32 270
25 50 34 42 -3 23 0 0.00 M M 5.4 13 320 M M 0 20 310
26 57 29 43 -2 22 0 0.00 M M 5.3 16 220 M M 0 24 210
27 51 34 43 -2 22 0 0.00 M M 10.0 17 50 M M 3 24 310
28 47 30 39 -7 26 0 0.00 M M 6.2 17 30 M M 2 22 30
================================================================================
SM 1557 976 547 0 0.10 M 141.3 M 56
================================================================================
AV 55.6 34.9 5.0 FASTST M M 2 MAX(MPH)
MISC ----> 25 310 37 220
================================================================================
NOTES:
# LAST OF SEVERAL OCCURRENCES
COLUMN 17 PEAK WIND IN M.P.H.
PRELIMINARY LOCAL CLIMATOLOGICAL DATA (WS FORM: F-6) , PAGE 2
STATION: PAGE AZ AIRPORT
MONTH: FEBRUARY
YEAR: 2021
LATITUDE: 36 55 N
LONGITUDE: 111 27 W
[TEMPERATURE DATA] [PRECIPITATION DATA] SYMBOLS USED IN COLUMN 16
AVERAGE MONTHLY: 45.2 TOTAL FOR MONTH: 0.10 1 = FOG OR MIST
DPTR FM NORMAL: 3.3 DPTR FM NORMAL: -0.55 2 = FOG REDUCING VISIBILITY
HIGHEST: 68 ON 3 GRTST 24HR 0.07 ON 13-13 TO 1/4 MILE OR LESS
LOWEST: 29 ON 26,19 3 = THUNDER
SNOW, ICE PELLETS, HAIL 4 = ICE PELLETS
TOTAL MONTH: M 5 = HAIL
GRTST 24HR M ON M 6 = FREEZING RAIN OR DRIZZLE
GRTST DEPTH: M ON M 7 = DUSTSTORM OR SANDSTORM:
VSBY 1/2 MILE OR LESS
8 = SMOKE OR HAZE
[NO. OF DAYS WITH] [WEATHER - DAYS WITH] 9 = BLOWING SNOW
X = TORNADO
MAX 32 OR BELOW: 0 0.01 INCH OR MORE: 3
MAX 90 OR ABOVE: 0 0.10 INCH OR MORE: 0
MIN 32 OR BELOW: 8 0.50 INCH OR MORE: 0
MIN 0 OR BELOW: 0 1.00 INCH OR MORE: 0
[HDD (BASE 65) ]
TOTAL THIS MO. 547 CLEAR (SCALE 0-3) 19
DPTR FM NORMAL -99 PTCLDY (SCALE 4-7) 9
TOTAL FM JUL 1 2873 CLOUDY (SCALE 8-10) 0
DPTR FM NORMAL -322
[CDD (BASE 65) ]
TOTAL THIS MO. 0
DPTR FM NORMAL 0 [PRESSURE DATA]
TOTAL FM JAN 1 0 HIGHEST SLP M ON M
DPTR FM NORMAL 0 LOWEST SLP 29.41 ON 13
[REMARKS]
#FINAL-02-21#