000
CXUS55 KPSR 011432
CLMPHX
CLIMATE REPORT
NATIONAL WEATHER SERVICE PHOENIX AZ
732 AM MST FRI MAR 01 2024
...................................
...THE PHOENIX AZ CLIMATE SUMMARY FOR THE MONTH OF FEBRUARY 2024...
CLIMATE NORMAL PERIOD 1991 TO 2020
CLIMATE RECORD PERIOD 1895 TO 2024
WEATHER OBSERVED NORMAL DEPART LAST YEAR`S
VALUE DATE(S) VALUE FROM VALUE
NORMAL
..............................................................
TEMPERATURE (F)
RECORD
HIGH 92 02/27/1986
02/25/1921
LOW 24 02/08/1933
02/07/1899
HIGHEST 84 02/25 83 1
LOWEST 40 02/09 39 1
02/11
AVG. MAXIMUM 72.1 70.8 1.3
AVG. MINIMUM 50.7 49.0 1.7
MEAN 61.4 59.9 1.5
DAYS MAX >= 90 0 0.0 0.0
DAYS MAX >= 100 0
DAYS MAX >= 110 0
DAYS MIN <= 32 0 0.1 -0.1
DAYS MIN >= 90 0
PRECIPITATION (INCHES)
RECORD
MAXIMUM 4.64 1905
MINIMUM 0.00 2016
TOTALS 1.32 0.87 0.45
DAYS >= .01 6 4.1 1.9
DAYS >= .10 6 2.1 3.9
DAYS >= .50 0 0.5 -0.5
DAYS >= 1.00 0 0.1 -0.1
GREATEST
24 HR. TOTAL 0.59 02/01 TO 02/02
DEGREE DAYS
HEATING TOTAL 130 159 -29
SINCE 7/1 580 802 -222
COOLING TOTAL 31 16 15
SINCE 1/1 42 18 24
..............................................................
WIND (MPH)
AVERAGE WIND SPEED 6.1
HIGHEST GUST SPEED/DIRECTION 46/190 DATE 02/06
AVERAGE RH (PERCENT) 48
WEATHER CONDITIONS. NUMBER OF DAYS WITH
THUNDERSTORM 1 HEAVY RAIN 1
RAIN 3 LIGHT RAIN 7
FOG W/VIS <= 1/4 MILE 0
- INDICATES NEGATIVE NUMBERS.
R INDICATES RECORD WAS SET OR TIED.
MM INDICATES DATA IS MISSING.
T INDICATES TRACE AMOUNT.
$$