000
CXUS55 KPIH 011533
CF6PIH
PRELIMINARY LOCAL CLIMATOLOGICAL DATA (WS FORM: F-6)
STATION: POCATELLO
MONTH: SEPTEMBER
YEAR: 2022
LATITUDE: 42 55 N
LONGITUDE: 112 36 W
TEMPERATURE IN F: :PCPN: SNOW: WIND :SUNSHINE: SKY :PK WND
================================================================================
1 2 3 4 5 6A 6B 7 8 9 10 11 12 13 14 15 16 17 18
12Z AVG MX 2MIN
DY MAX MIN AVG DEP HDD CDD WTR SNW DPTH SPD SPD DIR MIN PSBL S-S WX SPD DR
================================================================================
1 96 54 75 10 0 10 0.00 0.0 0 14.1 26 240 M M 0 33 240
2 92 49 71 6 0 6 0.00 0.0 0 5.9 15 270 M M 0 19 270
3 102 42 72 8 0 7 0.00 0.0 0 6.6 15 300 M M 0 8 22 190
4 97 59 78 14 0 13 0.00 0.0 0 11.4 21 250 M M 0 27 250
5 96 51 74 10 0 9 0.00 0.0 0 8.6 23 260 M M 0 28 250
6 101 50 76 13 0 11 0.00 0.0 0 4.5 16 230 M M 0 20 220
7 100 54 77 14 0 12 0.00 0.0 0 6.4 29 230 M M 1 40 230
8 86 53 70 7 0 5 0.00 0.0 0 15.9 32 240 M M 0 8 41 240
9 74 41 58 -4 7 0 0.00 0.0 0 7.2 17 50 M M 1 8 24 60
10 77 35 56 -6 9 0 0.00 0.0 0 5.4 13 50 M M 0 8 17 50
11 85 36 61 -1 4 0 0.00 0.0 0 3.2 9 90 M M 0 14 320
12 90 37 64 3 1 0 0.00 0.0 0 4.8 17 220 M M 0 8 22 220
13 77 55 66 5 0 1 0.13 0.0 0 5.1 20 200 M M 5 18 26 200
14 76 50 63 3 2 0 T 0.0 0 4.1 14 360 M M 4 13 19 350
15 76 50 63 3 2 0 0.37 0.0 0 6.2 28 250 M M 6 138 46 240
16 73 49 61 1 4 0 0.00 0.0 0 8.5 21 230 M M 4 27 230
17 68 44 56 -3 9 0 0.01 0.0 0 4.5 21 200 M M 3 30 200
18 81 45 63 4 2 0 T 0.0 0 9.1 25 180 M M 2 3 36 180
19 84 46 65 7 0 0 0.00 0.0 0 10.2 24 200 M M 0 33 200
20 89 44 67 9 0 2 T 0.0 0 7.6 26 210 M M 2 36 200
21 85 43 64 6 1 0 0.57 0.0 0 9.4 29 150 M M 5 13 37 130
22 66 51 59 2 6 0 0.01 0.0 0 14.9 28 240 M M 4 37 230
23 72 41 57 0 8 0 0.00 0.0 0 10.8 23 230 M M 0 32 230
24 76 38 57 1 8 0 0.00 0.0 0 4.6 13 260 M M 0 18 260
25 80 39 60 4 5 0 0.00 0.0 0 2.9 8 330 M M 0 11 330
26 83 38 61 5 4 0 0.00 0.0 0 3.1 9 330 M M 0 11 320
27 86 41 64 9 1 0 0.00 0.0 0 3.9 10 60 M M 0 14 30
28 88 42 65 10 0 0 T 0.0 0 12.5 39 180 M M 1 8 53 190
29 75 55 65 11 0 0 T 0.0 0 12.7 28 190 M M 2 38 180
30 62 43 53 -1 12 0 0.00 0.0 0 10.5 21 240 M M 3 26 250
================================================================================
SM 2493 1375 85 76 1.09 0.0 234.6 M 43
================================================================================
AV 83.1 45.8 7.8 FASTST M M 1 MAX(MPH)
MISC ----> 39 180 53 190
================================================================================
NOTES:
# LAST OF SEVERAL OCCURRENCES
COLUMN 17 PEAK WIND IN M.P.H.
PRELIMINARY LOCAL CLIMATOLOGICAL DATA (WS FORM: F-6) , PAGE 2
STATION: POCATELLO
MONTH: SEPTEMBER
YEAR: 2022
LATITUDE: 42 55 N
LONGITUDE: 112 36 W
[TEMPERATURE DATA] [PRECIPITATION DATA] SYMBOLS USED IN COLUMN 16
AVERAGE MONTHLY: 64.5 TOTAL FOR MONTH: 1.09 1 = FOG OR MIST
DPTR FM NORMAL: 4.8 DPTR FM NORMAL: 0.20 2 = FOG REDUCING VISIBILITY
HIGHEST: 102 ON 3 GRTST 24HR 0.58 ON 21-22 TO 1/4 MILE OR LESS
LOWEST: 35 ON 10 3 = THUNDER
SNOW, ICE PELLETS, HAIL 4 = ICE PELLETS
TOTAL MONTH: 0.0 INCH 5 = HAIL
GRTST 24HR 0.0 6 = FREEZING RAIN OR DRIZZLE
GRTST DEPTH: 0 7 = DUSTSTORM OR SANDSTORM:
VSBY 1/2 MILE OR LESS
8 = SMOKE OR HAZE
[NO. OF DAYS WITH] [WEATHER - DAYS WITH] 9 = BLOWING SNOW
X = TORNADO
MAX 32 OR BELOW: 0 0.01 INCH OR MORE: 5
MAX 90 OR ABOVE: 8 0.10 INCH OR MORE: 3
MIN 32 OR BELOW: 0 0.50 INCH OR MORE: 1
MIN 0 OR BELOW: 0 1.00 INCH OR MORE: 0
[HDD (BASE 65) ]
TOTAL THIS MO. 85 CLEAR (SCALE 0-3) 24
DPTR FM NORMAL -101 PTCLDY (SCALE 4-7) 6
TOTAL FM JUL 1 85 CLOUDY (SCALE 8-10) 0
DPTR FM NORMAL -143
[CDD (BASE 65) ]
TOTAL THIS MO. 76
DPTR FM NORMAL 50 [PRESSURE DATA]
TOTAL FM JAN 1 667 HIGHEST SLP 30.33 ON 25
DPTR FM NORMAL 237 LOWEST SLP 29.68 ON 19
[REMARKS]
1ST: HIGH OF 96 TIES OLD RECORD SET IN 2019.
3RD: HIGH OF 102 BREAKS THE PREVIOUS RECORD OF 98 SET IN 2017. THIS
ALSO BREAKS THE PREVIOUS TEMPERATURE RECORD FOR THE ENTIRE MONTH OF
SEPTEMBER. THE PREVIOUS RECORD WAS 100 SET ON SEPTEMBER 5, 2020.
4TH: HIGH OF 97 BREAKS THE PREVIOUS RECORD OF 96 SET IN 1998.
6TH: HIGH OF 101 BREAKS THE PREVIOUS RECORD OF 97 SET IN 1955.
7TH: A RECORD HIGH TEMPERATURE OF 100 WAS SET AT POCATELLO ID TODAY.
THIS BREAKS THE OLD RECORD OF 97 SET IN 1979.
20TH: HIGH OF 89 BREAKS THE PREVIOUS RECORD OF 86 SET IN 1939 AND
1962.
#FINAL-09-22#