000
CXUS55 KPIH 011917
CLMPIH
CLIMATE REPORT
NATIONAL WEATHER SERVICE POCATELLO ID
1205 PM MST THU FEB 01 2024
...................................
...THE POCATELLO CLIMATE SUMMARY FOR THE MONTH OF JANUARY 2024...
CLIMATE NORMAL PERIOD 1991 TO 2020
CLIMATE RECORD PERIOD 1939 TO 2024
WEATHER OBSERVED NORMAL DEPART LAST YEAR`S
VALUE DATE(S) VALUE FROM VALUE DATE(S)
NORMAL
................................................................
TEMPERATURE (F)
RECORD
HIGH 61 01/30/2018
LOW -31 01/25/1949
HIGHEST 58 01/31 57 1 45 01/14
LOWEST -14 01/15 -28 14 -16 01/30
01/16
AVG. MAXIMUM 35.2 34.2 1.0 31.0
AVG. MINIMUM 20.2 17.1 3.1 17.6
MEAN 27.7 25.6 2.1 24.3
DAYS MAX >= 90 0 0.0 0.0 0
DAYS MAX <= 32 12 12.3 -0.3 14
DAYS MIN <= 32 28 29.0 -1.0 31
DAYS MIN <= 0 2 3.5 -1.5 3
PRECIPITATION (INCHES)
RECORD
MAXIMUM 3.24 1980
MINIMUM 0.20 1945
TOTALS 1.37 1.11 0.26 1.09
DAILY AVG. 0.04 0.04 0.00 0.04
DAYS >= .01 13 10.5 2.5 12
DAYS >= .10 5 3.8 1.2 4
DAYS >= .50 0 0.2 -0.2 0
DAYS >= 1.00 0 0.0 0.0 0
GREATEST
24 HR. TOTAL 0.30 01/13 TO 01/14 0.38
SNOWFALL (INCHES)
RECORDS
TOTAL 32.2 2017
TOTALS 16.2 8.5 7.7 6.9
SINCE 7/1 37.7 23.8 13.9 MM
SNOWDEPTH AVG. 2 1
DAYS >= 1.0 6 3.0 3.0 2
GREATEST
SNOW DEPTH 8 01/14 2 01/29
01/30
01/31
24 HR TOTAL MM 1.9
DEGREE DAYS
HEATING TOTAL 1150 1220 -70 1252
SINCE 7/1 3822 4118 -296 MM
COOLING TOTAL 0 0 0 0
SINCE 1/1 0 0 0 MM
................................................................
WIND (MPH)
AVERAGE WIND SPEED 9.6
HIGHEST WIND SPEED/DIRECTION 44/260 DATE 01/12
HIGHEST GUST SPEED/DIRECTION 56/260 DATE 01/12
SKY COVER
POSSIBLE SUNSHINE (PERCENT) MM
AVERAGE SKY COVER 0.66
NUMBER OF DAYS FAIR 5
NUMBER OF DAYS PC 11
NUMBER OF DAYS CLOUDY 15
AVERAGE RH (PERCENT) 81
WEATHER CONDITIONS. NUMBER OF DAYS WITH
THUNDERSTORM 0 MIXED PRECIP 0
HEAVY RAIN 0 RAIN 0
LIGHT RAIN 7 FREEZING RAIN 0
LT FREEZING RAIN 1 HAIL 0
HEAVY SNOW 1 SNOW 4
LIGHT SNOW 15 SLEET 0
FOG 22 FOG W/VIS <= 1/4 MILE 7
HAZE 11
- INDICATES NEGATIVE NUMBERS.
R INDICATES RECORD WAS SET OR TIED.
MM INDICATES DATA IS MISSING.
T INDICATES TRACE AMOUNT.
&&
15TH: LOW OF -14 BREAKS OLD RECORD OF -9 SET IN 1964
16TH: LOW OF -14 BREAKS OLD RECORD OF -13 SET IN 1947
$$