000
CXUS55 KPIH 082029
CLMPIH
CLIMATE REPORT
NATIONAL WEATHER SERVICE POCATELLO ID
223 PM MDT FRI SEP 08 2023
...................................
...THE POCATELLO CLIMATE SUMMARY FOR THE MONTH OF AUGUST 2023...
CLIMATE NORMAL PERIOD 1991 TO 2020
CLIMATE RECORD PERIOD 1939 TO 2023
WEATHER OBSERVED NORMAL DEPART LAST YEAR`S
VALUE DATE(S) VALUE FROM VALUE DATE(S)
NORMAL
................................................................
TEMPERATURE (F)
RECORD
HIGH 104 08/08/1990
08/02/1969
LOW 30 08/25/1992
HIGHEST 97 08/15 104 -7 98 08/01
08/16
08/31
LOWEST 41 08/31 30 11 43 08/08
AVG. MAXIMUM 86.1 88.1 -2.0 91.4
AVG. MINIMUM 54.6 50.5 4.1 54.5
MEAN 70.4 69.3 1.1 73.0
DAYS MAX >= 90 11 15.3 -4.3 23
DAYS MAX <= 32 0 0.0 0.0 0
DAYS MIN <= 32 0 0.1 -0.1 0
DAYS MIN <= 0 0 0.0 0.0 0
PRECIPITATION (INCHES)
RECORD
MAXIMUM 3.98 1968
MINIMUM 0.00 2002
TOTALS 0.93 0.53 0.40 0.79
DAILY AVG. 0.03 0.02 0.01 0.03
DAYS >= .01 9 4.4 4.6 6
DAYS >= .10 3 1.9 1.1 2
DAYS >= .50 0 0.2 -0.2 0
DAYS >= 1.00 0 0.0 0.0 0
GREATEST
24 HR. TOTAL 0.35 08/20 TO 08/20 0.34
SNOWFALL (INCHES)
RECORDS
TOTAL 0.0 2010
TOTALS 0.0 0.0 0.0 0.0
SINCE 7/1 0.0 0.0 0.0 MM
SNOWDEPTH AVG. 0 0
DAYS >= 1.0 0 0.0 0.0 0
GREATEST
SNOW DEPTH 0 0 MM
24 HR TOTAL MM MM
DEGREE DAYS
HEATING TOTAL 4 25 -21 0
SINCE 7/1 6 37 -31 MM
COOLING TOTAL 177 158 19 254
SINCE 1/1 429 404 25 MM
................................................................
WIND (MPH)
AVERAGE WIND SPEED 8.2
HIGHEST WIND SPEED/DIRECTION 36/220 DATE 08/29
HIGHEST GUST SPEED/DIRECTION 51/210 DATE 08/29
SKY COVER
POSSIBLE SUNSHINE (PERCENT) MM
AVERAGE SKY COVER 0.24
NUMBER OF DAYS FAIR 23
NUMBER OF DAYS PC 5
NUMBER OF DAYS CLOUDY 3
AVERAGE RH (PERCENT) 55
WEATHER CONDITIONS. NUMBER OF DAYS WITH
THUNDERSTORM 8 MIXED PRECIP 0
HEAVY RAIN 0 RAIN 3
LIGHT RAIN 13 FREEZING RAIN 0
LT FREEZING RAIN 0 HAIL 0
HEAVY SNOW 0 SNOW 0
LIGHT SNOW 0 SLEET 0
FOG 3 FOG W/VIS <= 1/4 MILE 0
HAZE 0
- INDICATES NEGATIVE NUMBERS.
R INDICATES RECORD WAS SET OR TIED.
MM INDICATES DATA IS MISSING.
T INDICATES TRACE AMOUNT.
&&
16TH: HIGH OF 97 TIED OLD RECORD SET IN 1958.
$$