000
CXUS54 KBRO 010800
CF6PIL
PRELIMINARY LOCAL CLIMATOLOGICAL DATA (WS FORM: F-6)
STATION: BAYVIEW
MONTH: JULY
YEAR: 2022
LATITUDE: 26 10 N
LONGITUDE: 97 20 W
TEMPERATURE IN F: :PCPN: SNOW: WIND :SUNSHINE: SKY :PK WND
================================================================================
1 2 3 4 5 6A 6B 7 8 9 10 11 12 13 14 15 16 17 18
12Z AVG MX 2MIN
DY MAX MIN AVG DEP HDD CDD WTR SNW DPTH SPD SPD DIR MIN PSBL S-S WX SPD DR
================================================================================
1 97 81 89 4 0 24 0.00 0.0 0 15.4 26 140 M M 1 41 140
2 95 81 88 3 0 23 0.00 0.0 0 15.0 26 130 M M 2 35 160
3 94 80 87 2 0 22 0.00 0.0 0 14.1 24 130 M M 1 33 130
4 96 81 89 4 0 24 0.00 0.0 0 15.4 24 130 M M 2 35 150
5 96 81 89 4 0 24 0.00 0.0 0 13.8 24 130 M M 2 34 180
6 95 79 87 2 0 22 0.00 0.0 0 12.6 24 130 M M 2 32 120
7 96 78 87 2 0 22 0.00 0.0 0 12.0 24 130 M M 1 34 130
8 95 79 87 2 0 22 0.00 0.0 0 12.4 23 110 M M 1 30 110
9 95 76 86 1 0 21 0.00 0.0 0 10.7 22 120 M M 1 29 120
10 98 78 88 3 0 23 0.00 0.0 0 11.6 25 120 M M 1 32 130
11 98 79 89 4 0 24 0.00 0.0 0 12.4 24 120 M M 1 32 140
12 97 79 88 3 0 23 0.00 0.0 0 12.9 24 110 M M 1 32 90
13 96 79 88 3 0 23 T 0.0 0 11.8 28 110 M M 1 3 35 110
14 90 77 84 -1 0 19 T 0.0 0 10.8 22 180 M M 3 34 170
15 90 79 85 0 0 20 0.06 0.0 0 9.2 23 140 M M 2 30 140
16 96 80 88 3 0 23 0.00 0.0 0 12.4 22 140 M M 0 33 120
17 94 77 86 1 0 21 0.00 0.0 0 11.6 22 110 M M 0 30 110
18 95 77 86 1 0 21 0.00 0.0 0 12.4 23 130 M M 1 32 110
19 97 80 89 4 0 24 0.00 0.0 0 15.5 30 160 M M 1 40 170
20 96 82 89 4 0 24 0.00 0.0 0 18.5 30 150 M M 2 40 140
21 96 81 89 4 0 24 0.00 0.0 0 15.9 26 140 M M 1 37 150
22 95 80 88 3 0 23 0.00 0.0 0 13.8 23 110 M M 1 33 120
23 97 80 89 4 0 24 T 0.0 0 14.5 25 150 M M 2 3 35 130
24 96 80 88 3 0 23 0.00 0.0 0 14.4 25 140 M M 1 33 140
25 95 80 88 2 0 23 0.00 0.0 0 12.6 23 100 M M 1 31 100
26 94 78 86 0 0 21 0.00 0.0 0 11.7 23 110 M M 1 31 110
27 96 79 88 2 0 23 T 0.0 0 11.9 24 130 M M 1 3 30 130
28 95 78 87 1 0 22 0.00 0.0 0 14.0 25 130 M M 1 33 130
29 97 80 89 3 0 24 T 0.0 0 12.5 26 140 M M 1 34 150
30 93 77 85 -1 0 20 0.00 0.0 0 10.3 20 120 M M 0 28 100
31 92 77 85 -1 0 20 0.00 0.0 0 8.9 18 110 M M 1 27 70
================================================================================
SM 2952 2453 0 696 0.06 0.0 401.0 M 37
================================================================================
AV 95.2 79.1 12.9 FASTST M M 1 MAX(MPH)
MISC ----> # 30 160 41 140
================================================================================
NOTES:
# LAST OF SEVERAL OCCURRENCES
COLUMN 17 PEAK WIND IN M.P.H.
PRELIMINARY LOCAL CLIMATOLOGICAL DATA (WS FORM: F-6) , PAGE 2
STATION: BAYVIEW
MONTH: JULY
YEAR: 2022
LATITUDE: 26 10 N
LONGITUDE: 97 20 W
[TEMPERATURE DATA] [PRECIPITATION DATA] SYMBOLS USED IN COLUMN 16
AVERAGE MONTHLY: 87.2 TOTAL FOR MONTH: 0.06 1 = FOG OR MIST
DPTR FM NORMAL: 2.1 DPTR FM NORMAL: -1.38 2 = FOG REDUCING VISIBILITY
HIGHEST: 98 ON 11,10 GRTST 24HR 0.06 ON 15-15 TO 1/4 MILE OR LESS
LOWEST: 76 ON 9 3 = THUNDER
SNOW, ICE PELLETS, HAIL 4 = ICE PELLETS
TOTAL MONTH: 0.0 INCH 5 = HAIL
GRTST 24HR 0.0 6 = FREEZING RAIN OR DRIZZLE
GRTST DEPTH: 0 7 = DUSTSTORM OR SANDSTORM:
VSBY 1/2 MILE OR LESS
8 = SMOKE OR HAZE
[NO. OF DAYS WITH] [WEATHER - DAYS WITH] 9 = BLOWING SNOW
X = TORNADO
MAX 32 OR BELOW: 0 0.01 INCH OR MORE: 1
MAX 90 OR ABOVE: 31 0.10 INCH OR MORE: 0
MIN 32 OR BELOW: 0 0.50 INCH OR MORE: 0
MIN 0 OR BELOW: 0 1.00 INCH OR MORE: 0
[HDD (BASE 65) ]
TOTAL THIS MO. 0 CLEAR (SCALE 0-3) 30
DPTR FM NORMAL 0 PTCLDY (SCALE 4-7) 1
TOTAL FM JUL 1 0 CLOUDY (SCALE 8-10) 0
DPTR FM NORMAL 0
[CDD (BASE 65) ]
TOTAL THIS MO. 696
DPTR FM NORMAL 73 [PRESSURE DATA]
TOTAL FM JAN 1 2441 HIGHEST SLP M ON M
DPTR FM NORMAL 103 LOWEST SLP 29.79 ON 11
[REMARKS]
#FINAL-07-22#