000
CXUS54 KBRO 010800
CF6PIL
PRELIMINARY LOCAL CLIMATOLOGICAL DATA (WS FORM: F-6)
STATION: BAYVIEW
MONTH: APRIL
YEAR: 2022
LATITUDE: 26 10 N
LONGITUDE: 97 20 W
TEMPERATURE IN F: :PCPN: SNOW: WIND :SUNSHINE: SKY :PK WND
================================================================================
1 2 3 4 5 6A 6B 7 8 9 10 11 12 13 14 15 16 17 18
12Z AVG MX 2MIN
DY MAX MIN AVG DEP HDD CDD WTR SNW DPTH SPD SPD DIR MIN PSBL S-S WX SPD DR
================================================================================
1 79 59 69 -4 0 4 0.00 0.0 0 8.6 16 110 M M 5 12 23 100
2 82 72 77 4 0 12 0.00 0.0 0 8.6 16 50 M M 6 21 50
3 81 68 75 2 0 10 0.00 0.0 0 11.0 18 100 M M 4 24 90
4 86 73 80 7 0 15 0.00 0.0 0 15.2 24 150 M M 9 1 32 150
5 89 73 81 7 0 16 0.00 0.0 0 9.3 18 100 M M 4 18 23 90
6 100 73 87 13 0 22 0.00 0.0 0 12.0 30 50 M M 4 18 42 40
7 77 55 66 -8 0 1 0.00 0.0 0 13.7 24 20 M M 0 34 30
8 77 53 65 -9 0 0 0.00 0.0 0 7.6 16 110 M M 0 23 100
9 83 57 70 -4 0 5 0.00 0.0 0 17.9 33 160 M M 0 46 140
10 82 71 77 3 0 12 0.00 0.0 0 24.5 38 160 M M 5 53 170
11 84 72 78 4 0 13 0.00 0.0 0 17.6 26 150 M M 10 40 170
12 88 74 81 6 0 16 0.06 0.0 0 17.9 43 150 M M 8 13 54 160
13 99 74 87 12 0 22 T 0.0 0 16.0 26 200 M M 4 1 39 190
14 82 73 78 3 0 13 0.00 0.0 0 11.4 21 60 M M 10 18 27 60
15 89 73 81 6 0 16 0.00 0.0 0 12.0 23 110 M M 8 1 29 120
16 88 76 82 7 0 17 0.00 0.0 0 14.7 21 110 M M 7 28 130
17 88 74 81 5 0 16 0.00 0.0 0 12.5 22 150 M M 7 1 32 140
18 84 74 79 3 0 14 T 0.0 0 11.5 20 70 M M 9 28 70
19 79 73 76 0 0 11 0.35 0.0 0 15.5 25 150 M M 9 1 34 160
20 84 74 79 3 0 14 0.01 0.0 0 16.9 36 150 M M 5 47 150
21 86 75 81 5 0 16 T 0.0 0 16.6 26 150 M M 8 35 150
22 86 74 80 4 0 15 0.00 0.0 0 19.0 26 140 M M 8 35 120
23 87 74 81 5 0 16 0.00 0.0 0 20.5 31 150 M M 8 42 150
24 87 75 81 4 0 16 0.00 0.0 0 19.9 30 150 M M 8 41 140
25 86 76 81 4 0 16 T 0.0 0 15.6 23 140 M M 7 31 130
26 78 68 73 -4 0 8 0.55 0.0 0 7.7 23 230 M M 7 13 34 210
27 83 73 78 1 0 13 T 0.0 0 11.4 17 120 M M 6 26 120
28 84 72 78 1 0 13 T 0.0 0 16.0 25 130 M M 5 32 130
29 86 74 80 2 0 15 0.00 0.0 0 17.4 26 140 M M 5 35 140
30 87 75 81 3 0 16 0.00 0.0 0 14.4 22 140 M M 7 29 150
================================================================================
SM 2551 2127 0 393 0.97 0.0 432.9 M 183
================================================================================
AV 85.0 70.9 14.4 FASTST M M 6 MAX(MPH)
MISC ----> 43 150 54 160
================================================================================
NOTES:
# LAST OF SEVERAL OCCURRENCES
COLUMN 17 PEAK WIND IN M.P.H.
PRELIMINARY LOCAL CLIMATOLOGICAL DATA (WS FORM: F-6) , PAGE 2
STATION: BAYVIEW
MONTH: APRIL
YEAR: 2022
LATITUDE: 26 10 N
LONGITUDE: 97 20 W
[TEMPERATURE DATA] [PRECIPITATION DATA] SYMBOLS USED IN COLUMN 16
AVERAGE MONTHLY: 78.0 TOTAL FOR MONTH: 0.97 1 = FOG OR MIST
DPTR FM NORMAL: 2.8 DPTR FM NORMAL: -0.31 2 = FOG REDUCING VISIBILITY
HIGHEST: 100 ON 6 GRTST 24HR 0.55 ON 26-26 TO 1/4 MILE OR LESS
LOWEST: 53 ON 8 3 = THUNDER
SNOW, ICE PELLETS, HAIL 4 = ICE PELLETS
TOTAL MONTH: 0.0 INCH 5 = HAIL
GRTST 24HR 0.0 6 = FREEZING RAIN OR DRIZZLE
GRTST DEPTH: 0 7 = DUSTSTORM OR SANDSTORM:
VSBY 1/2 MILE OR LESS
8 = SMOKE OR HAZE
[NO. OF DAYS WITH] [WEATHER - DAYS WITH] 9 = BLOWING SNOW
X = TORNADO
MAX 32 OR BELOW: 0 0.01 INCH OR MORE: 4
MAX 90 OR ABOVE: 2 0.10 INCH OR MORE: 2
MIN 32 OR BELOW: 0 0.50 INCH OR MORE: 1
MIN 0 OR BELOW: 0 1.00 INCH OR MORE: 0
[HDD (BASE 65) ]
TOTAL THIS MO. 0 CLEAR (SCALE 0-3) 3
DPTR FM NORMAL -7 PTCLDY (SCALE 4-7) 19
TOTAL FM JUL 1 579 CLOUDY (SCALE 8-10) 8
DPTR FM NORMAL 60
[CDD (BASE 65) ]
TOTAL THIS MO. 393
DPTR FM NORMAL 79 [PRESSURE DATA]
TOTAL FM JAN 1 603 HIGHEST SLP M ON M
DPTR FM NORMAL -51 LOWEST SLP 29.55 ON 5
[REMARKS]
#FINAL-04-22#