000
CXUS53 KAPX 010730
CF6PLN
PRELIMINARY LOCAL CLIMATOLOGICAL DATA (WS FORM: F-6)
STATION: PELLSTON
MONTH: JUNE
YEAR: 2022
LATITUDE: 45 34 N
LONGITUDE: 84 48 W
TEMPERATURE IN F: :PCPN: SNOW: WIND :SUNSHINE: SKY :PK WND
================================================================================
1 2 3 4 5 6A 6B 7 8 9 10 11 12 13 14 15 16 17 18
12Z AVG MX 2MIN
DY MAX MIN AVG DEP HDD CDD WTR SNW DPTH SPD SPD DIR MIN PSBL S-S WX SPD DR
================================================================================
1 74 42 58 0 7 0 0.00 M M 8.3 20 290 M M 3 27 310
2 71 42 57 -1 8 0 0.00 M M 4.7 14 300 M M 1 19 310
3 71 36 54 -5 11 0 0.00 M M 6.5 29 310 M M 4 38 320
4 70 30 50 -9 15 0 0.00 M M 5.3 18 250 M M 2 31 290
5 74 50 62 3 3 0 0.00 M M 3.8 12 80 M M 4 16 10
6 58 52 55 -5 10 0 0.87 M M 6.2 17 100 M M 10 1 28 110
7 68 48 58 -2 7 0 0.00 M M 9.2 18 330 M M 7 1 25 310
8 73 41 57 -3 8 0 0.00 M M 3.7 16 310 M M 1 1 20 290
9 70 47 59 -1 6 0 0.11 M M 8.4 21 280 M M 2 13 27 270
10 76 40 58 -3 7 0 0.00 M M 4.9 22 320 M M 1 30 320
11 79 41 60 -1 5 0 0.20 M M 4.1 20 270 M M 5 1 30 260
12 69 45 57 -4 8 0 0.00 M M 5.3 13 20 M M 3 1 18 10
13 71 40 56 -6 9 0 T M M 3.5 10 80 M M 2 16 140
14 85 50 68 6 0 3 T M M 8.5 18 110 M M 1 28 110
15 90 64 77 15 0 12 0.71 M M 6.8 26 310 M M 1 138 35 300
16 85 60 73 11 0 8 0.05 M M 12.3 31 250 M M 4 1 53 250
17 71 50 61 -1 4 0 0.00 M M 15.2 25 300 M M 2 46 290
18 70 40 55 -8 10 0 0.00 M M 6.4 16 20 M M 0 23 340
19 72 38 55 -8 10 0 0.10 M M 2.4 18 350 M M 3 1 26 360
20 81 58 70 7 0 5 1.93 M M 5.9 21 240 M M 4 13 36 250
21 87 64 76 13 0 11 0.00 M M 7.1 18 260 M M 0 29 270
22 75 48 62 -2 3 0 0.00 M M 9.3 22 320 M M 0 29 310
23 78 43 61 -3 4 0 0.00 M M 4.0 14 290 M M 0 20 240
24 86 55 71 7 0 6 0.00 M M 5.5 18 260 M M 1 28 250
25 90 57 74 10 0 9 T M M 4.5 16 200 M M 2 25 280
26 73 56 65 1 0 0 0.01 M M 9.0 21 240 M M 7 1 33 250
27 65 44 55 -9 10 0 T M M 11.0 22 300 M M 6 1 36 300
28 81 43 62 -3 3 0 0.01 M M 7.0 25 300 M M 3 13 37 310
29 75 53 64 -1 1 0 0.00 M M 5.0 12 150 M M 2 1 18 340
30 83 57 70 5 0 5 0.20 M M 11.2 21 220 M M 3 13 43 240
================================================================================
SM 2271 1434 149 59 4.19 M 205.0 M 84
================================================================================
AV 75.7 47.8 6.8 FASTST M M 3 MAX(MPH)
MISC ----> 31 250 53 250
================================================================================
NOTES:
# LAST OF SEVERAL OCCURRENCES
COLUMN 17 PEAK WIND IN M.P.H.
PRELIMINARY LOCAL CLIMATOLOGICAL DATA (WS FORM: F-6) , PAGE 2
STATION: PELLSTON
MONTH: JUNE
YEAR: 2022
LATITUDE: 45 34 N
LONGITUDE: 84 48 W
[TEMPERATURE DATA] [PRECIPITATION DATA] SYMBOLS USED IN COLUMN 16
AVERAGE MONTHLY: 61.8 TOTAL FOR MONTH: 4.19 1 = FOG OR MIST
DPTR FM NORMAL: -0.2 DPTR FM NORMAL: 1.62 2 = FOG REDUCING VISIBILITY
HIGHEST: 90 ON 25,15 GRTST 24HR 2.03 ON 19-20 TO 1/4 MILE OR LESS
LOWEST: 30 ON 4 3 = THUNDER
SNOW, ICE PELLETS, HAIL 4 = ICE PELLETS
TOTAL MONTH: M 5 = HAIL
GRTST 24HR M ON M 6 = FREEZING RAIN OR DRIZZLE
GRTST DEPTH: M ON M 7 = DUSTSTORM OR SANDSTORM:
VSBY 1/2 MILE OR LESS
8 = SMOKE OR HAZE
[NO. OF DAYS WITH] [WEATHER - DAYS WITH] 9 = BLOWING SNOW
X = TORNADO
MAX 32 OR BELOW: 0 0.01 INCH OR MORE: 10
MAX 90 OR ABOVE: 2 0.10 INCH OR MORE: 7
MIN 32 OR BELOW: 1 0.50 INCH OR MORE: 3
MIN 0 OR BELOW: 0 1.00 INCH OR MORE: 1
[HDD (BASE 65) ]
TOTAL THIS MO. 149 CLEAR (SCALE 0-3) 18
DPTR FM NORMAL 7 PTCLDY (SCALE 4-7) 11
TOTAL FM JUL 1 8016 CLOUDY (SCALE 8-10) 1
DPTR FM NORMAL -374
[CDD (BASE 65) ]
TOTAL THIS MO. 59
DPTR FM NORMAL 9 [PRESSURE DATA]
TOTAL FM JAN 1 117 HIGHEST SLP 30.33 ON 19
DPTR FM NORMAL 53 LOWEST SLP 29.66 ON 16
[REMARKS]
#FINAL-06-22#