000
CXUS53 KAPX 010732
CF6PLN
PRELIMINARY LOCAL CLIMATOLOGICAL DATA (WS FORM: F-6)
STATION: PELLSTON
MONTH: MARCH
YEAR: 2022
LATITUDE: 45 34 N
LONGITUDE: 84 48 W
TEMPERATURE IN F: :PCPN: SNOW: WIND :SUNSHINE: SKY :PK WND
================================================================================
1 2 3 4 5 6A 6B 7 8 9 10 11 12 13 14 15 16 17 18
12Z AVG MX 2MIN
DY MAX MIN AVG DEP HDD CDD WTR SNW DPTH SPD SPD DIR MIN PSBL S-S WX SPD DR
================================================================================
1 31 17 24 3 41 0 0.00 M M 7.7 22 320 M M 10 29 290
2 30 1 16 -6 49 0 0.02 M M 7.6 23 320 M M 7 1 29 320
3 23 -5 9 -13 56 0 0.00 M M 6.0 18 290 M M 4 25 320
4 30 -7 12 -10 53 0 0.00 M M 4.0 15 280 M M 1 20 260
5 41 24 33 10 32 0 0.46 M M 8.9 21 140 M M 9 16 32 140
6 47 29 38 15 27 0 0.45 M M 13.3 31 240 M M 10 136 53 230
7 30 21 26 2 39 0 0.05 M M 11.1 25 330 M M 8 1 33 330
8 36 5 21 -3 44 0 0.00 M M 8.8 22 220 M M 1 33 230
9 32 21 27 3 38 0 T M M 10.0 25 280 M M 7 18 36 280
10 21 2 12 -13 53 0 0.00 M M 7.6 18 310 M M 5 29 220
11 29 0 15 -10 50 0 0.01 M M 8.3 23 310 M M 6 128 31 200
12 17 9 13 -12 52 0 T M M 15.0 26 300 M M 6 8 36 320
13 30 14 22 -4 43 0 T M M 7.5 17 280 M M 9 18 27 270
14 33 8 21 -5 44 0 0.08 M M 1.1 9 160 M M 7 128 13 360
15 45 14 30 4 35 0 0.00 M M 4.6 14 210 M M 5 128 20 240
16 57 31 44 17 21 0 0.00 M M 5.8 13 180 M M 1 20 180
17 53 36 45 18 20 0 T M M 7.0 17 310 M M 2 18 22 320
18 39 32 36 8 29 0 0.23 M M 7.7 16 70 M M 10 1 22 80
19 38 32 35 7 30 0 0.31 M M 9.7 17 50 M M 10 1 29 60
20 53 26 40 12 25 0 0.00 M M 6.9 14 280 M M 0 18 270
21 45 23 34 5 31 0 0.00 M M 2.9 12 100 M M 2 16 60
22 39 27 33 4 32 0 0.00 M M 13.7 23 110 M M 5 31 110
23 38 33 36 6 29 0 0.57 M M 17.4 28 100 M M 10 16 47 80
24 38 32 35 5 30 0 T M M 5.8 15 70 M M 10 16 21 60
25 44 30 37 7 28 0 0.00 M M 8.6 18 240 M M 4 27 250
26 34 19 27 -4 38 0 T M M 19.7 29 320 M M 10 42 320
27 21 13 17 -14 48 0 T M M 17.7 28 310 M M 8 8 40 330
28 26 1 14 -18 51 0 T M M 9.8 22 300 M M 3 8 30 310
29 42 4 23 -9 42 0 0.00 M M 3.8 14 140 M M 2 22 150
30 34 30 32 0 33 0 0.68 M M 10.2 21 110 M M 10 16 31 110
31 34 30 32 -1 33 0 0.59 M M 13.8 26 310 M M 10 1 36 300
================================================================================
SM 1110 552 1176 0 3.45 M 282.0 M 192
================================================================================
AV 35.8 17.8 9.1 FASTST M M 6 MAX(MPH)
MISC ----> 31 240 53 230
================================================================================
NOTES:
# LAST OF SEVERAL OCCURRENCES
COLUMN 17 PEAK WIND IN M.P.H.
PRELIMINARY LOCAL CLIMATOLOGICAL DATA (WS FORM: F-6) , PAGE 2
STATION: PELLSTON
MONTH: MARCH
YEAR: 2022
LATITUDE: 45 34 N
LONGITUDE: 84 48 W
[TEMPERATURE DATA] [PRECIPITATION DATA] SYMBOLS USED IN COLUMN 16
AVERAGE MONTHLY: 26.8 TOTAL FOR MONTH: 3.45 1 = FOG OR MIST
DPTR FM NORMAL: -0.2 DPTR FM NORMAL: 1.71 2 = FOG REDUCING VISIBILITY
HIGHEST: 57 ON 16 GRTST 24HR 1.18 ON 30-31 TO 1/4 MILE OR LESS
LOWEST: -7 ON 4 3 = THUNDER
SNOW, ICE PELLETS, HAIL 4 = ICE PELLETS
TOTAL MONTH: M 5 = HAIL
GRTST 24HR M ON M 6 = FREEZING RAIN OR DRIZZLE
GRTST DEPTH: M ON M 7 = DUSTSTORM OR SANDSTORM:
VSBY 1/2 MILE OR LESS
8 = SMOKE OR HAZE
[NO. OF DAYS WITH] [WEATHER - DAYS WITH] 9 = BLOWING SNOW
X = TORNADO
MAX 32 OR BELOW: 12 0.01 INCH OR MORE: 11
MAX 90 OR ABOVE: 0 0.10 INCH OR MORE: 7
MIN 32 OR BELOW: 29 0.50 INCH OR MORE: 3
MIN 0 OR BELOW: 3 1.00 INCH OR MORE: 0
[HDD (BASE 65) ]
TOTAL THIS MO. 1176 CLEAR (SCALE 0-3) 7
DPTR FM NORMAL -2 PTCLDY (SCALE 4-7) 11
TOTAL FM JUL 1 6763 CLOUDY (SCALE 8-10) 13
DPTR FM NORMAL -308
[CDD (BASE 65) ]
TOTAL THIS MO. 0
DPTR FM NORMAL 0 [PRESSURE DATA]
TOTAL FM JAN 1 0 HIGHEST SLP 30.47 ON 3
DPTR FM NORMAL 0 LOWEST SLP 28.98 ON 31
[REMARKS]
#FINAL-03-22#