609
CXUS53 KAPX 010730
CF6PLN
PRELIMINARY LOCAL CLIMATOLOGICAL DATA (WS FORM: F-6)
STATION: PELLSTON
MONTH: MARCH
YEAR: 2021
LATITUDE: 45 34 N
LONGITUDE: 84 48 W
TEMPERATURE IN F: :PCPN: SNOW: WIND :SUNSHINE: SKY :PK WND
================================================================================
1 2 3 4 5 6A 6B 7 8 9 10 11 12 13 14 15 16 17 18
12Z AVG MX 2MIN
DY MAX MIN AVG DEP HDD CDD WTR SNW DPTH SPD SPD DIR MIN PSBL S-S WX SPD DR
================================================================================
1 29 14 22 1 43 0 T M M 19.3 32 320 M M 10 1289 44 310
2 38 1 20 -1 45 0 0.00 M M 11.5 26 260 M M 6 43 260
3 38 19 29 8 36 0 0.00 M M 9.2 22 330 M M 6 12 36 250
4 28 13 21 -1 44 0 T M M 10.0 21 340 M M 3 26 340
5 33 12 23 1 42 0 0.00 M M 14.0 31 320 M M 4 39 330
6 28 2 15 -7 50 0 0.00 M M 9.8 22 330 M M 1 31 320
7 34 -6 14 -9 51 0 0.00 M M 2.5 8 90 M M 1 12 140
8 46 25 36 13 29 0 0.00 M M 7.1 20 280 M M 4 1 32 240
9 51 17 34 11 31 0 0.00 M M 7.2 16 150 M M 1 12 21 150
10 56 40 48 24 17 0 0.33 M M 6.7 14 190 M M 8 12 22 180
11 57 28 43 19 22 0 0.10 M M 16.4 33 240 M M 5 1 61 250
12 37 14 26 2 39 0 T M M 12.3 30 300 M M 3 45 320
13 48 9 29 4 36 0 0.00 M M 7.8 23 260 M M 0 52 260
14 42 21 32 7 33 0 0.00 M M 11.5 25 350 M M 0 34 340
15 38 11 25 -1 40 0 0.00 M M 8.0 21 100 M M 0 28 140
16 36 25 31 5 34 0 T M M 5.3 13 100 M M 9 1 18 90
17 35 25 30 4 35 0 0.01 M M 3.0 10 290 M M 9 18 13 300
18 44 24 34 7 31 0 0.00 M M 10.1 23 50 M M 0 31 50
19 50 16 33 6 32 0 0.00 M M 3.1 13 250 M M 0 18 250
20 56 23 40 12 25 0 0.00 M M 6.4 18 250 M M 0 29 230
21 67 21 44 16 21 0 0.00 M M 5.6 17 200 M M 0 25 200
22 64 43 54 25 11 0 0.00 M M 8.2 20 210 M M 5 30 210
23 68 39 54 25 11 0 0.00 M M 2.8 16 80 M M 8 19 80
24 65 41 53 23 12 0 0.30 M M 7.7 23 240 M M 9 1 34 230
25 48 29 39 9 26 0 0.02 M M 10.7 26 240 M M 10 18 44 230
26 36 29 33 2 32 0 T M M 8.7 20 300 M M 10 18 26 310
27 44 31 38 7 27 0 0.07 M M 4.1 13 90 M M 10 1 16 90
28 35 29 32 0 33 0 0.17 M M 15.0 31 320 M M 10 1 44 310
29 50 18 34 2 31 0 0.00 M M 7.4 15 150 M M 1 24 140
30 65 32 49 17 16 0 0.00 M M 14.7 28 240 M M 3 45 260
31 35 21 28 -5 37 0 T M M 12.6 22 330 M M 9 1 31 360
================================================================================
SM 1401 666 972 0 1.00 M 278.7 M 145
================================================================================
AV 45.2 21.5 9.0 FASTST M M 5 MAX(MPH)
MISC ----> 33 240 61 250
================================================================================
NOTES:
# LAST OF SEVERAL OCCURRENCES
COLUMN 17 PEAK WIND IN M.P.H.
PRELIMINARY LOCAL CLIMATOLOGICAL DATA (WS FORM: F-6) , PAGE 2
STATION: PELLSTON
MONTH: MARCH
YEAR: 2021
LATITUDE: 45 34 N
LONGITUDE: 84 48 W
[TEMPERATURE DATA] [PRECIPITATION DATA] SYMBOLS USED IN COLUMN 16
AVERAGE MONTHLY: 33.3 TOTAL FOR MONTH: 1.00 1 = FOG OR MIST
DPTR FM NORMAL: 6.9 DPTR FM NORMAL: -0.85 2 = FOG REDUCING VISIBILITY
HIGHEST: 68 ON 23 GRTST 24HR 0.43 ON 10-11 TO 1/4 MILE OR LESS
LOWEST: -6 ON 7 3 = THUNDER
SNOW, ICE PELLETS, HAIL 4 = ICE PELLETS
TOTAL MONTH: M 5 = HAIL
GRTST 24HR M ON M 6 = FREEZING RAIN OR DRIZZLE
GRTST DEPTH: M ON M 7 = DUSTSTORM OR SANDSTORM:
VSBY 1/2 MILE OR LESS
8 = SMOKE OR HAZE
[NO. OF DAYS WITH] [WEATHER - DAYS WITH] 9 = BLOWING SNOW
X = TORNADO
MAX 32 OR BELOW: 3 0.01 INCH OR MORE: 7
MAX 90 OR ABOVE: 0 0.10 INCH OR MORE: 4
MIN 32 OR BELOW: 27 0.50 INCH OR MORE: 0
MIN 0 OR BELOW: 1 1.00 INCH OR MORE: 0
[HDD (BASE 65) ]
TOTAL THIS MO. 972 CLEAR (SCALE 0-3) 14
DPTR FM NORMAL -226 PTCLDY (SCALE 4-7) 8
TOTAL FM JUL 1 6479 CLOUDY (SCALE 8-10) 9
DPTR FM NORMAL -827
[CDD (BASE 65) ]
TOTAL THIS MO. 0
DPTR FM NORMAL 0 [PRESSURE DATA]
TOTAL FM JAN 1 0 HIGHEST SLP 30.60 ON 19
DPTR FM NORMAL 0 LOWEST SLP 29.52 ON 11
[REMARKS]
#FINAL-03-21#