000
CXUS56 KLOX 011155
CF6PMD
PRELIMINARY LOCAL CLIMATOLOGICAL DATA (WS FORM: F-6)
STATION: PALMDALE AIRPORT CA
MONTH: MARCH
YEAR: 2022
LATITUDE: 34 37 N
LONGITUDE: 118 5 W
TEMPERATURE IN F: :PCPN: SNOW: WIND :SUNSHINE: SKY :PK WND
================================================================================
1 2 3 4 5 6A 6B 7 8 9 10 11 12 13 14 15 16 17 18
12Z AVG MX 2MIN
DY MAX MIN AVG DEP HDD CDD WTR SNW DPTH SPD SPD DIR MIN PSBL S-S WX SPD DR
================================================================================
1 80 33 57 6 8 0 0.00 M M 6.0 12 40 M M 0 15 40
2 79 33 56 4 9 0 0.00 M M 4.6 12 230 M M 0 13 240
3 75 39 57 5 8 0 0.00 M M 11.8 26 200 M M 1 33 200
4 58 43 51 -1 14 0 0.01 M M 16.4 31 270 M M 6 37 270
5 50 36 43 -9 22 0 T M M 21.1 36 280 M M 2 40 270
6 59 27 43 -9 22 0 0.00 M M 9.8 29 280 M M 0 8 33 280
7 60 28 44 -8 21 0 0.00 M M 9.5 25 50 M M 0 36 70
8 63 28 46 -7 19 0 0.00 M M 6.8 16 250 M M 0 20 220
9 69 36 53 0 12 0 0.00 M M 14.5 38 280 M M 0 43 290
10 63 33 48 -5 17 0 0.00 M M 14.7 31 270 M M 0 36 260
11 64 27 46 -7 19 0 0.00 M M 8.2 23 80 M M 0 28 70
12 70 29 50 -3 15 0 0.00 M M 4.3 14 210 M M 0 15 240
13 68 48 58 4 7 0 0.00 M M 22.6 45 280 M M 0 8 51 260
14 75 38 57 3 8 0 0.00 M M 4.4 23 270 M M 0 30 270
15 76 40 58 4 7 0 0.00 M M 13.1 31 280 M M 0 36 280
16 68 47 58 4 7 0 0.00 M M 18.2 25 280 M M 0 41 270
17 74 39 57 3 8 0 0.00 M M 9.3 18 280 M M 0 M M
18 77 41 59 5 6 0 0.00 M M 4.4 10 270 M M 0 M M
19 68 49 59 5 6 0 0.00 M M 14.8 28 250 M M 1 37 220
20 61 42 52 -2 13 0 0.00 M M 20.9 31 270 M M 1 52 250
21 74 38 56 1 9 0 0.00 M M 6.5 18 300 M M 0 22 300
22 80 42 61 6 4 0 0.00 M M 9.0 23 80 M M 0 28 60
23 81 44 63 8 2 0 0.00 M M 5.4 16 230 M M 0 19 230
24 86 50 68 13 0 3 0.00 M M 7.0 20 220 M M 0 23 240
25 87 49 68 13 0 3 0.00 M M 6.6 20 210 M M 0 24 210
26 86 47 67 12 0 2 0.00 M M 11.2 26 200 M M 0 36 240
27 80 44 62 6 3 0 0.00 M M 14.0 25 200 M M 0 37 180
28 56 47 52 -4 13 0 0.12 M M 13.7 32 150 M M 6 39 150
29 64 43 54 -2 11 0 0.00 M M 17.5 35 290 M M 1 40 290
30 77 43 60 4 5 0 0.00 M M 10.7 29 280 M M 0 35 270
31 74 46 60 4 5 0 0.00 M M 9.4 25 260 M M 0 30 270
================================================================================
SM 2202 1229 300 8 0.13 M 346.3 M 18
================================================================================
AV 71.0 39.6 11.2 FASTST M M 1 MAX(MPH)
MISC ----> 45 280 52 250
================================================================================
NOTES:
# LAST OF SEVERAL OCCURRENCES
COLUMN 17 PEAK WIND IN M.P.H.
PRELIMINARY LOCAL CLIMATOLOGICAL DATA (WS FORM: F-6) , PAGE 2
STATION: PALMDALE AIRPORT CA
MONTH: MARCH
YEAR: 2022
LATITUDE: 34 37 N
LONGITUDE: 118 5 W
[TEMPERATURE DATA] [PRECIPITATION DATA] SYMBOLS USED IN COLUMN 16
AVERAGE MONTHLY: 55.3 TOTAL FOR MONTH: 0.13 1 = FOG OR MIST
DPTR FM NORMAL: 1.5 DPTR FM NORMAL: -0.74 2 = FOG REDUCING VISIBILITY
HIGHEST: 87 ON 25 GRTST 24HR 0.12 ON 28-28 TO 1/4 MILE OR LESS
LOWEST: 27 ON 11, 6 3 = THUNDER
SNOW, ICE PELLETS, HAIL 4 = ICE PELLETS
TOTAL MONTH: M 5 = HAIL
GRTST 24HR M ON M 6 = FREEZING RAIN OR DRIZZLE
GRTST DEPTH: M ON M 7 = DUSTSTORM OR SANDSTORM:
VSBY 1/2 MILE OR LESS
8 = SMOKE OR HAZE
[NO. OF DAYS WITH] [WEATHER - DAYS WITH] 9 = BLOWING SNOW
X = TORNADO
MAX 32 OR BELOW: 0 0.01 INCH OR MORE: 2
MAX 90 OR ABOVE: 0 0.10 INCH OR MORE: 1
MIN 32 OR BELOW: 5 0.50 INCH OR MORE: 0
MIN 0 OR BELOW: 0 1.00 INCH OR MORE: 0
[HDD (BASE 65) ]
TOTAL THIS MO. 300 CLEAR (SCALE 0-3) 29
DPTR FM NORMAL -48 PTCLDY (SCALE 4-7) 2
TOTAL FM JUL 1 2324 CLOUDY (SCALE 8-10) 0
DPTR FM NORMAL -180
[CDD (BASE 65) ]
TOTAL THIS MO. 8
DPTR FM NORMAL 6 [PRESSURE DATA]
TOTAL FM JAN 1 8 HIGHEST SLP 30.41 ON 11
DPTR FM NORMAL 6 LOWEST SLP 29.68 ON 28
[REMARKS]
#FINAL-03-22#