000
CXUS54 KMOB 010639
CF6PNS
PRELIMINARY LOCAL CLIMATOLOGICAL DATA (WS FORM: F-6)
STATION: PENSACOLA
MONTH: MAY
YEAR: 2022
LATITUDE: 30 28 N
LONGITUDE: 87 12 W
TEMPERATURE IN F: :PCPN: SNOW: WIND :SUNSHINE: SKY :PK WND
================================================================================
1 2 3 4 5 6A 6B 7 8 9 10 11 12 13 14 15 16 17 18
12Z AVG MX 2MIN
DY MAX MIN AVG DEP HDD CDD WTR SNW DPTH SPD SPD DIR MIN PSBL S-S WX SPD DR
================================================================================
1 87 73 80 8 0 15 0.00 0.0 0 9.4 20 200 M M 1 3 28 190
2 84 72 78 6 0 13 0.00 0.0 0 8.6 16 150 M M 2 22 150
3 86 74 80 7 0 15 0.00 0.0 0 8.8 20 180 M M 2 27 180
4 87 71 79 6 0 14 0.00 0.0 0 5.6 15 170 M M 1 24 180
5 86 72 79 6 0 14 0.00 0.0 0 7.3 17 180 M M 3 1 25 170
6 86 70 78 5 0 13 0.46 0.0 0 12.0 35 300 M M 4 13 52 300
7 88 65 77 3 0 12 0.00 0.0 0 7.6 18 290 M M 0 25 290
8 84 65 75 1 0 10 0.00 0.0 0 5.4 14 190 M M 0 21 170
9 81 68 75 1 0 10 0.00 0.0 0 9.3 16 120 M M 2 23 140
10 81 67 74 0 0 9 0.00 0.0 0 7.4 14 170 M M 0 20 140
11 91 65 78 3 0 13 0.00 0.0 0 6.2 14 330 M M 0 19 40
12 88 66 77 2 0 12 0.00 0.0 0 6.3 14 230 M M 1 22 190
13 86 67 77 2 0 12 1.03 0.0 0 6.6 16 90 M M 2 13 26 70
14 88 68 78 2 0 13 0.00 0.0 0 5.2 14 210 M M 1 18 170
15 87 68 78 2 0 13 0.79 0.0 0 7.0 30 70 M M 2 13 40 70
16 87 68 78 2 0 13 0.00 0.0 0 6.6 14 230 M M 0 19 210
17 88 74 81 5 0 16 0.00 0.0 0 7.3 14 220 M M 1 3 20 200
18 90 77 84 7 0 19 0.00 0.0 0 8.3 18 190 M M 5 25 190
19 89 76 83 6 0 18 0.00 0.0 0 9.2 18 200 M M 2 26 200
20 87 78 83 6 0 18 0.00 0.0 0 12.8 21 190 M M 4 3 31 160
21 87 78 83 6 0 18 0.00 0.0 0 12.3 22 160 M M 7 3 28 170
22 83 71 77 -1 0 12 1.97 0.0 0 12.5 40 180 M M 6 13 55 170
23 81 70 76 -2 0 11 0.64 0.0 0 6.6 32 220 M M 4 3 48 220
24 84 72 78 0 0 13 0.00 0.0 0 10.2 18 130 M M 6 3 25 120
25 83 69 76 -2 0 11 2.90 0.0 0 13.6 39 170 M M 9 13 59 170
26 77 69 73 -5 0 8 4.18 0.0 0 7.7 24 130 M M 7 1238 33 150
27 88 67 78 -1 0 13 0.00 0.0 0 9.2 21 240 M M 0 29 230
28 85 66 76 -3 0 11 0.00 0.0 0 5.5 14 190 M M 1 17 190
29 81 75 78 -1 0 13 0.08 0.0 0 5.7 13 100 M M 4 18 17 120
30 87 75 81 2 0 16 0.00 0.0 0 8.6 16 170 M M 1 23 130
31 86 77 82 2 0 17 0.00 0.0 0 6.7 14 170 M M 2 20 150
================================================================================
SM 2653 2193 0 415 12.05 0.0 255.5 M 80
================================================================================
AV 85.6 70.7 8.2 FASTST M M 3 MAX(MPH)
MISC ----> 40 180 59 170
================================================================================
NOTES:
# LAST OF SEVERAL OCCURRENCES
COLUMN 17 PEAK WIND IN M.P.H.
PRELIMINARY LOCAL CLIMATOLOGICAL DATA (WS FORM: F-6) , PAGE 2
STATION: PENSACOLA
MONTH: MAY
YEAR: 2022
LATITUDE: 30 28 N
LONGITUDE: 87 12 W
[TEMPERATURE DATA] [PRECIPITATION DATA] SYMBOLS USED IN COLUMN 16
AVERAGE MONTHLY: 78.2 TOTAL FOR MONTH: 12.05 1 = FOG OR MIST
DPTR FM NORMAL: 2.2 DPTR FM NORMAL: 8.15 2 = FOG REDUCING VISIBILITY
HIGHEST: 91 ON 11 GRTST 24HR 5.41 ON 25-26 TO 1/4 MILE OR LESS
LOWEST: 65 ON 11, 8 3 = THUNDER
SNOW, ICE PELLETS, HAIL 4 = ICE PELLETS
TOTAL MONTH: 0.0 INCH 5 = HAIL
GRTST 24HR 0.0 6 = FREEZING RAIN OR DRIZZLE
GRTST DEPTH: 0 7 = DUSTSTORM OR SANDSTORM:
VSBY 1/2 MILE OR LESS
8 = SMOKE OR HAZE
[NO. OF DAYS WITH] [WEATHER - DAYS WITH] 9 = BLOWING SNOW
X = TORNADO
MAX 32 OR BELOW: 0 0.01 INCH OR MORE: 8
MAX 90 OR ABOVE: 2 0.10 INCH OR MORE: 7
MIN 32 OR BELOW: 0 0.50 INCH OR MORE: 6
MIN 0 OR BELOW: 0 1.00 INCH OR MORE: 4
[HDD (BASE 65) ]
TOTAL THIS MO. 0 CLEAR (SCALE 0-3) 21
DPTR FM NORMAL -1 PTCLDY (SCALE 4-7) 9
TOTAL FM JUL 1 1013 CLOUDY (SCALE 8-10) 1
DPTR FM NORMAL -290
[CDD (BASE 65) ]
TOTAL THIS MO. 415
DPTR FM NORMAL 73 [PRESSURE DATA]
TOTAL FM JAN 1 710 HIGHEST SLP M ON M
DPTR FM NORMAL 148 LOWEST SLP 29.74 ON 7
[REMARKS]
#FINAL-05-22#
KPNS ASOS SUSTAINED AN OUTAGE TO THE TEMPERATURE EQUIPMENT ON MONDAY
MAY 23RD. MAX/MIN AND AVERAGE TEMPERATURES FROM NAVAL LIVE OAKS RAWS
(NLOF1) WAS USED AS A BACKUP FOR KPNS TEMPERATURES MAY 23RD TO MAY
31ST.