000
CXUS55 KALY 010710
CF6POU
PRELIMINARY LOCAL CLIMATOLOGICAL DATA (WS FORM: F-6)
STATION: POUGHKEEPSIE NY
MONTH: MARCH
YEAR: 2023
LATITUDE: 41 37 N
LONGITUDE: 73 53 W
TEMPERATURE IN F: :PCPN: SNOW: WIND :SUNSHINE: SKY :PK WND
================================================================================
1 2 3 4 5 6A 6B 7 8 9 10 11 12 13 14 15 16 17 18
12Z AVG MX 2MIN
DY MAX MIN AVG DEP HDD CDD WTR SNW DPTH SPD SPD DIR MIN PSBL S-S WX SPD DR
================================================================================
1 41 20 31 -2 34 0 0.00 M M 2.1 14 130 M M 6 12 18 140
2 54 34 44 11 21 0 0.17 M M 5.6 17 270 M M 6 1 24 270
3 47 24 36 3 29 0 0.20 M M 5.2 20 120 M M 4 1 26 120
4 41 33 37 3 28 0 0.48 M M 6.1 16 60 M M 10 1 20 50
5 49 32 41 7 24 0 0.00 M M 3.5 14 300 M M 8 1 21 300
6 50 29 40 6 25 0 0.00 M M 7.3 17 300 M M 2 25 290
7 47 30 39 4 26 0 0.00 M M 10.1 29 320 M M 6 37 320
8 44 28 36 1 29 0 0.00 M M 10.4 24 20 M M 5 35 360
9 47 26 37 2 28 0 0.00 M M 6.1 22 360 M M 5 31 30
10 46 22 34 -2 31 0 0.35 M M 2.6 12 120 M M 4 18 15 130
11 41 33 37 1 28 0 0.18 M M 7.7 16 360 M M 8 1 21 360
12 47 23 35 -1 30 0 0.00 M M 2.5 9 140 M M 1 13 150
13 43 33 38 2 27 0 0.35 M M 4.7 12 80 M M 10 18 15 330
14 37 33 35 -2 30 0 1.25 M M 9.0 20 310 M M 10 1 29 290
15 41 33 37 0 28 0 0.00 M M 13.9 25 310 M M 4 39 300
16 54 21 38 0 27 0 0.00 M M 4.3 17 260 M M 0 21 260
17 58 31 45 7 20 0 T M M 2.6 10 240 M M 5 14 140
18 52 38 45 7 20 0 0.00 M M 9.6 23 270 M M 7 30 270
19 38 26 32 -7 33 0 T M M 11.4 24 280 M M 5 33 270
20 53 23 38 -1 27 0 0.00 M M 5.1 15 220 M M 0 22 240
21 63 25 44 5 21 0 0.00 M M 4.7 20 270 M M 0 24 260
22 64 29 47 7 18 0 0.00 M M 4.3 16 140 M M 2 26 140
23 58 45 52 12 13 0 0.12 M M 4.3 14 240 M M 9 18 20 230
24 54 34 44 4 21 0 0.00 M M 5.8 15 10 M M 1 19 360
25 41 30 36 -5 29 0 0.22 M M 3.9 16 120 M M 8 18 26 140
26 61 34 48 7 17 0 0.00 M M 7.5 25 270 M M 3 1 34 270
27 62 27 45 3 20 0 0.06 M M 2.4 14 170 M M 4 19 170
28 53 28 41 -1 24 0 0.00 M M 7.3 17 20 M M 7 25 330
29 55 25 40 -2 25 0 T M M 4.4 24 290 M M 2 40 280
30 44 26 35 -8 30 0 0.00 M M 9.7 21 270 M M 1 27 340
31 50 22 36 -7 29 0 0.01 M M 3.0 15 160 M M 6 23 150
================================================================================
SM 1535 897 792 0 3.39 M 187.1 M 149
================================================================================
AV 49.5 28.9 6.0 FASTST M M 5 MAX(MPH)
MISC ----> 29 320 40 280
================================================================================
NOTES:
# LAST OF SEVERAL OCCURRENCES
COLUMN 17 PEAK WIND IN M.P.H.
PRELIMINARY LOCAL CLIMATOLOGICAL DATA (WS FORM: F-6) , PAGE 2
STATION: POUGHKEEPSIE NY
MONTH: MARCH
YEAR: 2023
LATITUDE: 41 37 N
LONGITUDE: 73 53 W
[TEMPERATURE DATA] [PRECIPITATION DATA] SYMBOLS USED IN COLUMN 16
AVERAGE MONTHLY: 39.2 TOTAL FOR MONTH: 3.39 1 = FOG OR MIST
DPTR FM NORMAL: 1.6 DPTR FM NORMAL: 0.30 2 = FOG REDUCING VISIBILITY
HIGHEST: 64 ON 22 GRTST 24HR 1.56 ON 13-14 TO 1/4 MILE OR LESS
LOWEST: 20 ON 1 3 = THUNDER
SNOW, ICE PELLETS, HAIL 4 = ICE PELLETS
TOTAL MONTH: M 5 = HAIL
GRTST 24HR M ON M 6 = FREEZING RAIN OR DRIZZLE
GRTST DEPTH: M ON M 7 = DUSTSTORM OR SANDSTORM:
VSBY 1/2 MILE OR LESS
8 = SMOKE OR HAZE
[NO. OF DAYS WITH] [WEATHER - DAYS WITH] 9 = BLOWING SNOW
X = TORNADO
MAX 32 OR BELOW: 0 0.01 INCH OR MORE: 11
MAX 90 OR ABOVE: 0 0.10 INCH OR MORE: 9
MIN 32 OR BELOW: 21 0.50 INCH OR MORE: 1
MIN 0 OR BELOW: 0 1.00 INCH OR MORE: 1
[HDD (BASE 65) ]
TOTAL THIS MO. 792 CLEAR (SCALE 0-3) 10
DPTR FM NORMAL -56 PTCLDY (SCALE 4-7) 15
TOTAL FM JUL 1 4570 CLOUDY (SCALE 8-10) 6
DPTR FM NORMAL -699
[CDD (BASE 65) ]
TOTAL THIS MO. 0
DPTR FM NORMAL 0 [PRESSURE DATA]
TOTAL FM JAN 1 0 HIGHEST SLP M ON M
DPTR FM NORMAL 0 LOWEST SLP 29.36 ON 4
[REMARKS]
#FINAL-03-23#