000
CXUS56 KLOX 020031
CF6PRB
PRELIMINARY LOCAL CLIMATOLOGICAL DATA (WS FORM: F-6)
STATION: PASO ROBLES AIRPORT CA
MONTH: NOVEMBER
YEAR: 2021
LATITUDE: 35 40 N
LONGITUDE: 120 38 W
TEMPERATURE IN F: :PCPN: SNOW: WIND :SUNSHINE: SKY :PK WND
================================================================================
1 2 3 4 5 6A 6B 7 8 9 10 11 12 13 14 15 16 17 18
12Z AVG MX 2MIN
DY MAX MIN AVG DEP HDD CDD WTR SNW DPTH SPD SPD DIR MIN PSBL S-S WX SPD DR
================================================================================
1 64 50 57 -1 8 0 0.00 M M 5.3 15 230 M M 4 1 17 230
2 78 51 65 8 0 0 0.00 M M 2.7 10 200 M M 2 13 200
3 78 53 66 9 0 1 0.00 M M 5.3 14 300 M M 4 12 18 70
4 76 48 62 6 3 0 0.00 M M 4.2 16 330 M M 0 1 19 320
5 78 44 61 5 4 0 0.00 M M 3.6 14 310 M M 0 12 19 320
6 73 43 58 2 7 0 0.00 M M 4.2 10 310 M M 0 13 310
7 69 41 55 -1 10 0 0.00 M M 4.9 18 90 M M 1 22 80
8 71 37 54 -1 11 0 T M M 4.4 17 210 M M 1 21 210
9 67 50 59 4 6 0 0.01 M M 5.0 12 210 M M 7 1 14 200
10 72 50 61 6 4 0 0.00 M M 7.9 16 90 M M 3 20 90
11 74 45 60 6 5 0 0.00 M M 9.2 21 100 M M 0 24 90
12 81 43 62 8 3 0 0.00 M M 5.3 16 90 M M 0 1 20 90
13 82 43 63 9 2 0 0.00 M M 4.4 16 100 M M 0 18 21 90
14 83 41 62 9 3 0 0.00 M M 2.1 10 150 M M 0 18 11 150
15 83 40 62 9 3 0 0.00 M M 2.1 12 230 M M 0 14 220
16 75 46 61 8 4 0 0.00 M M 3.8 13 90 M M 0 128 16 90
17 71 43 57 5 8 0 0.00 M M 2.3 13 110 M M 4 12 16 110
18 73 40 57 5 8 0 0.00 M M 2.5 13 210 M M 0 18 17 220
19 68 47 58 6 7 0 0.00 M M 2.4 12 310 M M 5 18 14 310
20 69 44 57 6 8 0 0.00 M M 6.5 18 90 M M 4 128 24 100
21 78 36 57 6 8 0 0.00 M M 5.8 24 80 M M 2 128 27 80
22 75 34 55 4 10 0 0.00 M M 2.2 9 100 M M 0 18 10 100
23 73 33 53 3 12 0 0.00 M M 3.0 15 310 M M 0 18 320
24 68 32 50 0 15 0 0.00 M M 5.1 14 100 M M 0 18 16 100
25 75 28 52 2 13 0 0.00 M M 3.5 13 60 M M 0 16 80
26 72 29 51 1 14 0 0.00 M M 2.4 13 90 M M 0 16 90
27 78 33 56 7 9 0 0.00 M M 3.4 15 90 M M 0 18 90
28 78 36 57 8 8 0 0.00 M M 1.8 9 110 M M 0 11 100
29 81 34 58 9 7 0 0.00 M M M M M M M 0 M M
30 82 37 60 11 5 0 0.00 M M 3.5 16 90 M M 0 19 90
================================================================================
SM 2245 1231 205 1 0.01 M 118.8 M 37
================================================================================
AV 74.8 41.0 4.1 FASTST M M 1 MAX(MPH)
MISC ----> 24 80 27 80
================================================================================
NOTES:
# LAST OF SEVERAL OCCURRENCES
COLUMN 17 PEAK WIND IN M.P.H.
PRELIMINARY LOCAL CLIMATOLOGICAL DATA (WS FORM: F-6) , PAGE 2
STATION: PASO ROBLES AIRPORT CA
MONTH: NOVEMBER
YEAR: 2021
LATITUDE: 35 40 N
LONGITUDE: 120 38 W
[TEMPERATURE DATA] [PRECIPITATION DATA] SYMBOLS USED IN COLUMN 16
AVERAGE MONTHLY: 57.9 TOTAL FOR MONTH: 0.01 1 = FOG OR MIST
DPTR FM NORMAL: 5.0 DPTR FM NORMAL: -0.86 2 = FOG REDUCING VISIBILITY
HIGHEST: 83 ON 15,14 GRTST 24HR 0.01 ON 8- 9 TO 1/4 MILE OR LESS
LOWEST: 28 ON 25 3 = THUNDER
SNOW, ICE PELLETS, HAIL 4 = ICE PELLETS
TOTAL MONTH: M 5 = HAIL
GRTST 24HR M ON M 6 = FREEZING RAIN OR DRIZZLE
GRTST DEPTH: M ON M 7 = DUSTSTORM OR SANDSTORM:
VSBY 1/2 MILE OR LESS
8 = SMOKE OR HAZE
[NO. OF DAYS WITH] [WEATHER - DAYS WITH] 9 = BLOWING SNOW
X = TORNADO
MAX 32 OR BELOW: 0 0.01 INCH OR MORE: 1
MAX 90 OR ABOVE: 0 0.10 INCH OR MORE: 0
MIN 32 OR BELOW: 3 0.50 INCH OR MORE: 0
MIN 0 OR BELOW: 0 1.00 INCH OR MORE: 0
[HDD (BASE 65) ]
TOTAL THIS MO. 205 CLEAR (SCALE 0-3) 24
DPTR FM NORMAL -161 PTCLDY (SCALE 4-7) 6
TOTAL FM JUL 1 338 CLOUDY (SCALE 8-10) 0
DPTR FM NORMAL -184
[CDD (BASE 65) ]
TOTAL THIS MO. 1
DPTR FM NORMAL 0 [PRESSURE DATA]
TOTAL FM JAN 1 1304 HIGHEST SLP 30.40 ON 25
DPTR FM NORMAL 346 LOWEST SLP 29.94 ON 23
[REMARKS]
#FINAL-11-21#