000
CXUS55 KALY 010810
CF6PSF
PRELIMINARY LOCAL CLIMATOLOGICAL DATA (WS FORM: F-6)
STATION: PITTSFIELD MA
MONTH: DECEMBER
YEAR: 2022
LATITUDE: 42 25 N
LONGITUDE: 73 18 W
TEMPERATURE IN F: :PCPN: SNOW: WIND :SUNSHINE: SKY :PK WND
================================================================================
1 2 3 4 5 6A 6B 7 8 9 10 11 12 13 14 15 16 17 18
12Z AVG MX 2MIN
DY MAX MIN AVG DEP HDD CDD WTR SNW DPTH SPD SPD DIR MIN PSBL S-S WX SPD DR
================================================================================
1 35 29 32 -1 33 0 T M M 16.8 33 300 M M 9 46 270
2 39 26 33 1 32 0 0.00 M M 6.4 18 300 M M 5 25 290
3 52 34 43 11 22 0 0.39 M M 15.4 31 290 M M 8 1 42 300
4 34 20 27 -5 38 0 0.00 M M 9.0 31 300 M M 6 40 300
5 42 18 30 -1 35 0 0.00 M M 2.5 15 200 M M 0 21 200
6 51 28 40 9 25 0 0.28 M M 10.2 22 140 M M 9 1 30 150
7 55 46 51 20 14 0 0.45 M M 6.7 16 320 M M 10 1 26 120
8 47 31 39 9 26 0 0.00 M M 7.0 17 300 M M 6 25 310
9 39 20 30 0 35 0 0.00 M M 5.9 13 280 M M 0 16 280
10 39 16 28 -2 37 0 0.00 M M 4.1 12 50 M M 3 15 40
11 29 24 27 -3 38 0 0.52 M M 5.9 12 140 M M 10 12 14 60
12 28 13 21 -8 44 0 0.01 M M 4.6 13 320 M M 6 1 18 330
13 29 11 20 -9 45 0 0.00 M M 10.2 29 290 M M 0 37 280
14 29 15 22 -7 43 0 T M M 8.7 21 310 M M 2 29 320
15 35 11 23 -5 42 0 0.09 M M 6.7 17 120 M M 7 1 24 130
16 35 32 34 6 31 0 0.61 M M 9.6 21 60 M M 10 12 30 40
17 34 28 31 3 34 0 0.05 M M 10.6 21 280 M M 10 16 28 290
18 31 24 28 0 37 0 T M M 7.7 15 280 M M 8 8 22 300
19 31 25 28 1 37 0 T M M 14.2 23 290 M M 10 8 30 300
20 29 21 25 -2 40 0 0.00 M M 8.7 16 330 M M 7 24 300
21 34 11 23 -4 42 0 0.00 M M 0.9 8 310 M M 1 1 10 310
22 36 17 27 1 38 0 0.11 M M 5.0 17 120 M M 5 1 22 50
23 54 7 31 5 34 0 0.95 M M 15.4 31 260 M M 10 128 40 270
24 7 -1 3 -23 62 0 T M M 9.2 17 240 M M 5 89 23 240
25 20 4 12 -14 53 0 0.00 M M 6.9 17 250 M M 3 22 250
26 22 10 16 -9 49 0 0.00 M M 5.0 12 250 M M 3 14 250
27 27 10 19 -6 46 0 0.00 M M 4.9 15 270 M M 6 18 260
28 38 8 23 -2 42 0 0.00 M M 2.5 14 220 M M 5 19 240
29 49 18 34 9 31 0 0.00 M M 0.9 10 220 M M 0 1 16 230
30 50 31 41 17 24 0 0.00 M M 0.3 8 20 M M 7 1 10 360
31 53 30 42 18 23 0 0.14 M M 4.5 18 210 M M 6 12 28 210
================================================================================
SM 1133 617 1132 0 3.60 M 226.4 M 177
================================================================================
AV 36.5 19.9 7.3 FASTST M M 6 MAX(MPH)
MISC ----> 33 300 46 270
================================================================================
NOTES:
# LAST OF SEVERAL OCCURRENCES
COLUMN 17 PEAK WIND IN M.P.H.
PRELIMINARY LOCAL CLIMATOLOGICAL DATA (WS FORM: F-6) , PAGE 2
STATION: PITTSFIELD MA
MONTH: DECEMBER
YEAR: 2022
LATITUDE: 42 25 N
LONGITUDE: 73 18 W
[TEMPERATURE DATA] [PRECIPITATION DATA] SYMBOLS USED IN COLUMN 16
AVERAGE MONTHLY: 28.2 TOTAL FOR MONTH: 3.60 1 = FOG OR MIST
DPTR FM NORMAL: 0.0 DPTR FM NORMAL: -0.03 2 = FOG REDUCING VISIBILITY
HIGHEST: 55 ON 7 GRTST 24HR 1.04 ON 22-23 TO 1/4 MILE OR LESS
LOWEST: -1 ON 24 3 = THUNDER
SNOW, ICE PELLETS, HAIL 4 = ICE PELLETS
TOTAL MONTH: M 5 = HAIL
GRTST 24HR M ON M 6 = FREEZING RAIN OR DRIZZLE
GRTST DEPTH: M ON M 7 = DUSTSTORM OR SANDSTORM:
VSBY 1/2 MILE OR LESS
8 = SMOKE OR HAZE
[NO. OF DAYS WITH] [WEATHER - DAYS WITH] 9 = BLOWING SNOW
X = TORNADO
MAX 32 OR BELOW: 11 0.01 INCH OR MORE: 11
MAX 90 OR ABOVE: 0 0.10 INCH OR MORE: 8
MIN 32 OR BELOW: 29 0.50 INCH OR MORE: 3
MIN 0 OR BELOW: 1 1.00 INCH OR MORE: 0
[HDD (BASE 65) ]
TOTAL THIS MO. 1132 CLEAR (SCALE 0-3) 7
DPTR FM NORMAL -9 PTCLDY (SCALE 4-7) 15
TOTAL FM JUL 1 2501 CLOUDY (SCALE 8-10) 9
DPTR FM NORMAL -220
[CDD (BASE 65) ]
TOTAL THIS MO. 0
DPTR FM NORMAL 0 [PRESSURE DATA]
TOTAL FM JAN 1 413 HIGHEST SLP 30.51 ON 2
DPTR FM NORMAL 68 LOWEST SLP 28.84 ON 23
[REMARKS]
#FINAL-12-22#