471
CXUS51 KALY 130431
CLSPSF
CLIMATE REPORT
NATIONAL WEATHER SERVICE ALBANY NY
1131 PM EST SAT DEC 12 2020
...................................
...THE PITTSFIELD MA CLIMATE SUMMARY FOR THE SEASON, FROM
9/1/2020 TO 11/30/2020...
CLIMATE NORMAL PERIOD: 1981 TO 2010
CLIMATE RECORD PERIOD: 9999 TO 9999
WEATHER OBSERVED NORMAL DEPART LAST YEAR`S
VALUE DATE(S) VALUE FROM VALUE DATE(S)
NORMAL
................................................................
TEMPERATURE (F)
HIGHEST 83 09/08 85 09/23
LOWEST 18R 10/31 29 10/05
11/18
AVG. MAXIMUM 61.5 57.9 3.6 66.1
AVG. MINIMUM 40.9 38.0 2.9 45.3
MEAN 51.2 48.0 3.2 55.7
DAYS MAX >= 90 0 0.2 -0.2 0
DAYS MAX <= 32 1 2.2 -1.2 0
DAYS MIN <= 32 23 29.5 -6.5 3
DAYS MIN <= 0 0 0.0 0.0 0
PRECIPITATION (INCHES)
TOTALS 10.92 12.60 -1.68 11.50
DAILY AVG. 0.13 0.19
DAYS >= .01 24 27
DAYS >= .10 15 17
DAYS >= .50 9 7
DAYS >= 1.00 2 2
GREATEST
24 HR. TOTAL 4.10 09/29 TO 09/30
DEGREE DAYS
HEATING TOTAL 1246 1573 -327 577
SINCE 7/1 1271 1652 -381 603
COOLING TOTAL 35 20 15 24
SINCE 1/1 581 290 291 416
................................................................
WIND (MPH)
AVERAGE WIND SPEED 5.9
HIGHEST WIND SPEED/DIRECTION 39/280 DATE 10/07
HIGHEST GUST SPEED/DIRECTION 60/290 DATE 10/07
WEATHER CONDITIONS. NUMBER OF DAYS WITH
THUNDERSTORM 1 MIXED PRECIP 0
HEAVY RAIN 9 RAIN 15
LIGHT RAIN 35 FREEZING RAIN 0
LT FREEZING RAIN 0 HAIL 0
HEAVY SNOW 0 SNOW 1
LIGHT SNOW 5 SLEET 0
FOG 54 FOG W/VIS <= 1/4 MILE 11
HAZE 5
- INDICATES NEGATIVE NUMBERS.
R INDICATES RECORD WAS SET OR TIED.
MM INDICATES DATA IS MISSING.
T INDICATES TRACE AMOUNT.
$$