680
CXUS55 KPUB 011908
CF6PUB
PRELIMINARY LOCAL CLIMATOLOGICAL DATA (WS FORM: F-6)
STATION: PUEBLO CO
MONTH: JULY
YEAR: 2020
LATITUDE: 38 16 N
LONGITUDE: 104 31 W
TEMPERATURE IN F: :PCPN: SNOW: WIND :SUNSHINE: SKY :PK WND
================================================================================
1 2 3 4 5 6A 6B 7 8 9 10 11 12 13 14 15 16 17 18
12Z AVG MX 2MIN
DY MAX MIN AVG DEP HDD CDD WTR SNW DPTH SPD SPD DIR MIN PSBL S-S WX SPD DR
================================================================================
1 90 55 73 -1 0 8 0.00 0.0 0 11.7 25 110 M M 0 35 120
2 98 59 79 4 0 14 0.00 0.0 0 10.5 29 80 M M 0 18 36 130
3 97 60 79 4 0 14 T 0.0 0 10.2 32 320 M M 2 3 40 330
4 93 62 78 3 0 13 0.16 0.0 0 9.3 36 310 M M 2 13 53 310
5 86 57 72 -3 0 7 0.00 0.0 0 6.2 18 140 M M 0 18 24 100
6 96 57 77 1 0 12 0.00 0.0 0 8.5 24 120 M M 0 32 120
7 98 61 80 4 0 15 0.03 0.0 0 9.3 41 200 M M 0 3 55 210
8 104 55 80 4 0 15 0.00 0.0 0 7.9 25 210 M M 0 34 290
9 100 64 82 6 0 17 0.00 0.0 0 12.7 30 110 M M 0 36 110
10 101 72 87 11 0 22 0.00 0.0 0 9.0 22 110 M M 2 8 29 130
11 101 74 88 12 0 23 0.00 0.0 0 15.5 33 360 M M 0 43 360
12 101 71 86 10 0 21 T 0.0 0 8.2 35 360 M M 3 138 43 360
13 104 66 85 9 0 20 0.00 0.0 0 11.2 40 260 M M 0 38 52 270
14 97 66 82 6 0 17 0.01 0.0 0 9.8 35 40 M M 1 3 47 330
15 90 61 76 0 0 11 0.13 0.0 0 10.0 33 30 M M 1 13 42 10
16 92 59 76 0 0 11 T 0.0 0 5.8 31 210 M M 1 38 180
17 101 60 81 5 0 16 0.04 0.0 0 8.5 26 290 M M 1 33 270
18 101 63 82 6 0 17 T 0.0 0 8.8 30 260 M M 0 3 43 250
19 95 66 81 5 0 16 0.00 0.0 0 7.7 40 300 M M 1 8 50 310
20 98 55 77 1 0 12 0.00 0.0 0 8.5 26 40 M M 0 35 50
21 93 61 77 1 0 12 T 0.0 0 7.5 33 30 M M 0 3 41 30
22 96 61 79 3 0 14 0.00 0.0 0 7.2 25 230 M M 0 35 230
23 96 64 80 4 0 15 0.00 0.0 0 6.5 20 160 M M 0 28 170
24 98 67 83 7 0 18 T 0.0 0 8.5 37 190 M M 1 3 46 190
25 93 63 78 2 0 13 T 0.0 0 7.1 28 210 M M 3 3 37 210
26 91 65 78 2 0 13 0.35 0.0 0 8.8 36 360 M M 4 13 46 10
27 83 65 74 -2 0 9 0.12 0.0 0 6.7 22 130 M M 3 1 27 130
28 87 63 75 -1 0 10 0.14 0.0 0 5.8 26 260 M M 4 1238 36 270
29 100 61 81 5 0 16 0.00 0.0 0 11.9 36 270 M M 0 46 280
30 89 61 75 -1 0 10 0.08 0.0 0 6.3 25 80 M M 3 3 31 80
31 90 57 74 -2 0 9 0.25 T 0 5.9 45 300 M M 1 135 61 310
================================================================================
SM 2959 1931 0 440 1.31 T 271.5 M 33
================================================================================
AV 95.5 62.3 8.8 FASTST M M 1 MAX(MPH)
MISC ----> 45 300 61 310
================================================================================
NOTES:
COLUMN 17 PEAK WIND IN M.P.H.
PRELIMINARY LOCAL CLIMATOLOGICAL DATA (WS FORM: F-6) , PAGE 2
STATION: PUEBLO CO
MONTH: JULY
YEAR: 2020
LATITUDE: 38 16 N
LONGITUDE: 104 31 W
[TEMPERATURE DATA] [PRECIPITATION DATA] SYMBOLS USED IN COLUMN 16
AVERAGE MONTHLY: 78.9 TOTAL FOR MONTH: 1.31 1 = FOG OR MIST
DPTR FM NORMAL: 3.1 DPTR FM NORMAL: -0.75 2 = FOG REDUCING VISIBILITY
HIGHEST: 104 ON 13, 8 GRTST 24HR 0.47 ON 26-27 TO 1/4 MILE OR LESS
LOWEST: 55 ON 20, 8 3 = THUNDER
SNOW, ICE PELLETS, HAIL 4 = ICE PELLETS
TOTAL MONTH: T 5 = HAIL
GRTST 24HR T ON 31 6 = FREEZING RAIN OR DRIZZLE
GRTST DEPTH: 0 7 = DUSTSTORM OR SANDSTORM:
VSBY 1/2 MILE OR LESS
8 = SMOKE OR HAZE
[NO. OF DAYS WITH] [WEATHER - DAYS WITH] 9 = BLOWING SNOW
X = TORNADO
MAX 32 OR BELOW: 0 0.01 INCH OR MORE: 10
MAX 90 OR ABOVE: 27 0.10 INCH OR MORE: 6
MIN 32 OR BELOW: 0 0.50 INCH OR MORE: 0
MIN 0 OR BELOW: 0 1.00 INCH OR MORE: 0
[HDD (BASE 65) ]
TOTAL THIS MO. 0 CLEAR (SCALE 0-3) 29
DPTR FM NORMAL -1 PTCLDY (SCALE 4-7) 2
TOTAL FM JUL 1 0 CLOUDY (SCALE 8-10) 0
DPTR FM NORMAL 0
[CDD (BASE 65) ]
TOTAL THIS MO. 440
DPTR FM NORMAL 104 [PRESSURE DATA]
TOTAL FM JAN 1 845 HIGHEST SLP 30.16 ON 30
DPTR FM NORMAL 300 LOWEST SLP 29.57 ON 8
[REMARKS]
#FINAL-07-20#