000
CXUS55 KPUB 011818
CLMPUB
CLIMATE REPORT
NATIONAL WEATHER SERVICE
1118 AM MST FRI MAR 01 2024
...................................
...THE PUEBLO CO CLIMATE SUMMARY FOR THE MONTH OF FEBRUARY 2024...
CLIMATE NORMAL PERIOD 1991 TO 2020
CLIMATE RECORD PERIOD 1888 TO 2024
WEATHER OBSERVED NORMAL DEPART LAST YEAR`S
VALUE DATE(S) VALUE FROM VALUE DATE(S)
NORMAL
................................................................
TEMPERATURE (F)
RECORD
HIGH 82 02/10/2017
LOW -27 02/12/1899
HIGHEST 72 02/25 54 18 70 02/21
02/26
LOWEST 11 02/28 16 -5 -3 02/17
AVG. MAXIMUM 55.5 51.1 4.4 53.0
AVG. MINIMUM 24.3 19.0 5.3 14.5
MEAN 39.9 35.1 4.8 33.7
DAYS MAX >= 90 0 0.0 0.0
DAYS MAX <= 32 0 3.2 -3.2
DAYS MIN <= 32 26 27.0 -1.0
DAYS MIN <= 0 0 1.3 -1.3
PRECIPITATION (INCHES)
RECORD
MAXIMUM 1.47 1897
MINIMUM T 2006
TOTALS 1.48 0.32 1.16 0.46
DAILY AVG. 0.05 NAN NAN
DAYS >= .01 6 4.0 2.0
DAYS >= .10 2 1.3 0.7
DAYS >= .50 1 0.0 1.0
DAYS >= 1.00 1 0.0 1.0
GREATEST
24 HR. TOTAL 1.06 02/03 TO 02/03
SNOWFALL (INCHES)
RECORDS
TOTAL 23.5 2015
TOTALS 5.4 4.7 0.7 8.3
SINCE 7/1 19.0 20.4 -1.4 MM
SNOWDEPTH AVG. 0
DAYS >= 1.0 2 1.6 0.4
GREATEST
SNOW DEPTH 3 02/10 6
02/11
24 HR TOTAL 3.3 02/10 TO 02/10 6.5
DEGREE DAYS
HEATING TOTAL 720 838 -118 871
SINCE 7/1 3732 4143 -411 MM
COOLING TOTAL 0 0 0 0
SINCE 1/1 0 0 0 MM
................................................................
WIND (MPH)
AVERAGE WIND SPEED 8.5
HIGHEST WIND SPEED/DIRECTION 41/020 DATE 02/27
HIGHEST GUST SPEED/DIRECTION 55/020 DATE 02/27
SKY COVER
POSSIBLE SUNSHINE (PERCENT) MM
AVERAGE SKY COVER 0.20
NUMBER OF DAYS FAIR 21
NUMBER OF DAYS PC 5
NUMBER OF DAYS CLOUDY 3
AVERAGE RH (PERCENT) 59
WEATHER CONDITIONS. NUMBER OF DAYS WITH
THUNDERSTORM 0 MIXED PRECIP 0
HEAVY RAIN 1 RAIN 1
LIGHT RAIN 3 FREEZING RAIN 0
LT FREEZING RAIN 1 HAIL 0
HEAVY SNOW 1 SNOW 4
LIGHT SNOW 8 SLEET 0
FOG 8 FOG W/VIS <= 1/4 MILE 3
HAZE 0
- INDICATES NEGATIVE NUMBERS.
R INDICATES RECORD WAS SET OR TIED.
MM INDICATES DATA IS MISSING.
T INDICATES TRACE AMOUNT.
$$