000
CXUS56 KOTX 010910
CF6PUW
PRELIMINARY LOCAL CLIMATOLOGICAL DATA (WS FORM: F-6)
STATION: PULLMAN_MOSCOW AIRPORT
MONTH: JULY
YEAR: 2023
LATITUDE: 46 44 N
LONGITUDE: 117 7 W
TEMPERATURE IN F: :PCPN: SNOW: WIND :SUNSHINE: SKY :PK WND
================================================================================
1 2 3 4 5 6A 6B 7 8 9 10 11 12 13 14 15 16 17 18
12Z AVG MX 2MIN
DY MAX MIN AVG DEP HDD CDD WTR SNW DPTH SPD SPD DIR MIN PSBL S-S WX SPD DR
================================================================================
1 84 53 69 6 0 4 0.00 M M 7.2 20 240 M M 0 27 220
2 81 46 64 0 1 0 0.00 M M 4.6 15 250 M M 0 21 270
3 81 41 61 -3 4 0 0.00 M M 4.0 14 350 M M 0 20 330
4 83 41 62 -2 3 0 0.00 M M 3.5 14 100 M M 0 17 110
5 85 45 65 0 0 0 0.00 M M 3.2 10 40 M M 0 14 270
6 88 48 68 3 0 3 0.00 M M 3.0 9 20 M M 0 13 350
7 91 53 72 7 0 7 0.00 M M 3.0 14 100 M M 0 17 120
8 91 51 71 5 0 6 0.00 M M 2.6 9 30 M M 0 15 20
9 94 52 73 7 0 8 0.00 M M 2.5 13 320 M M 0 16 270
10 77 55 66 0 0 1 0.02 M M 6.5 22 280 M M 2 38 30 290
11 80 51 66 0 0 1 0.00 M M 3.8 14 260 M M 0 19 280
12 84 45 65 -2 0 0 0.00 M M 3.0 15 270 M M 0 8 20 260
13 82 54 68 1 0 3 0.00 M M 6.9 20 280 M M 0 26 240
14 87 49 68 1 0 3 0.00 M M 2.2 12 10 M M 0 18 130
15 92 54 73 6 0 8 0.00 M M 3.3 13 240 M M 0 16 360
16 95 54 75 7 0 10 0.00 M M 2.8 12 280 M M 0 15 280
17 79 55 67 -1 0 2 0.00 M M 13.7 29 250 M M 0 8 41 260
18 81 45 63 -5 2 0 0.00 M M 2.3 10 240 M M 0 8 14 240
19 90 46 68 0 0 3 0.00 M M 2.6 9 20 M M 0 12 20
20 95 50 73 5 0 8 0.00 M M 2.2 10 350 M M 0 8 14 310
21 94 55 75 7 0 10 0.00 M M 2.2 13 280 M M 0 8 17 280
22 89 55 72 4 0 7 0.00 M M 5.3 15 250 M M 0 18 240
23 95 52 74 5 0 9 0.00 M M 2.7 12 280 M M 0 16 270
24 85 59 72 3 0 7 0.04 M M 8.6 18 280 M M 2 38 24 250
25 80 49 65 -4 0 0 0.00 M M 9.7 22 270 M M 2 8 28 270
26 79 43 61 -8 4 0 0.00 M M 3.0 13 260 M M 0 18 270
27 83 43 63 -6 2 0 0.00 M M 2.1 14 250 M M 0 8 20 250
28 87 47 67 -2 0 2 0.00 M M 2.5 12 300 M M 0 8 15 280
29 89 50 70 1 0 5 0.02 M M 3.9 14 250 M M 0 3 17 260
30 84 51 68 -1 0 3 0.00 M M 5.7 14 270 M M 0 20 290
31 85 49 67 -2 0 2 0.00 M M 3.8 13 340 M M 0 8 17 330
================================================================================
SM 2670 1541 16 112 0.08 M 132.4 M 6
================================================================================
AV 86.1 49.7 4.3 FASTST M M 0 MAX(MPH)
MISC ----> 29 250 41 260
================================================================================
NOTES:
# LAST OF SEVERAL OCCURRENCES
COLUMN 17 PEAK WIND IN M.P.H.
PRELIMINARY LOCAL CLIMATOLOGICAL DATA (WS FORM: F-6) , PAGE 2
STATION: PULLMAN_MOSCOW AIRPORT
MONTH: JULY
YEAR: 2023
LATITUDE: 46 44 N
LONGITUDE: 117 7 W
[TEMPERATURE DATA] [PRECIPITATION DATA] SYMBOLS USED IN COLUMN 16
AVERAGE MONTHLY: 67.9 TOTAL FOR MONTH: 0.08 1 = FOG OR MIST
DPTR FM NORMAL: 0.9 DPTR FM NORMAL: -0.31 2 = FOG REDUCING VISIBILITY
HIGHEST: 95 ON 23,20 GRTST 24HR 0.04 ON 24-24 TO 1/4 MILE OR LESS
LOWEST: 41 ON 4, 3 3 = THUNDER
SNOW, ICE PELLETS, HAIL 4 = ICE PELLETS
TOTAL MONTH: M 5 = HAIL
GRTST 24HR M ON M 6 = FREEZING RAIN OR DRIZZLE
GRTST DEPTH: M ON M 7 = DUSTSTORM OR SANDSTORM:
VSBY 1/2 MILE OR LESS
8 = SMOKE OR HAZE
[NO. OF DAYS WITH] [WEATHER - DAYS WITH] 9 = BLOWING SNOW
X = TORNADO
MAX 32 OR BELOW: 0 0.01 INCH OR MORE: 3
MAX 90 OR ABOVE: 9 0.10 INCH OR MORE: 0
MIN 32 OR BELOW: 0 0.50 INCH OR MORE: 0
MIN 0 OR BELOW: 0 1.00 INCH OR MORE: 0
[HDD (BASE 65) ]
TOTAL THIS MO. 16 CLEAR (SCALE 0-3) 31
DPTR FM NORMAL -32 PTCLDY (SCALE 4-7) 0
TOTAL FM JUL 1 16 CLOUDY (SCALE 8-10) 0
DPTR FM NORMAL -34
[CDD (BASE 65) ]
TOTAL THIS MO. 112
DPTR FM NORMAL 2 [PRESSURE DATA]
TOTAL FM JAN 1 188 HIGHEST SLP M ON M
DPTR FM NORMAL 47 LOWEST SLP 29.71 ON 9
[REMARKS]
#FINAL-07-23#