000
CXUS56 KOTX 010910
CF6PUW
PRELIMINARY LOCAL CLIMATOLOGICAL DATA (WS FORM: F-6)
STATION: PULLMAN_MOSCOW AIRPORT
MONTH: APRIL
YEAR: 2023
LATITUDE: 46 44 N
LONGITUDE: 117 7 W
TEMPERATURE IN F: :PCPN: SNOW: WIND :SUNSHINE: SKY :PK WND
================================================================================
1 2 3 4 5 6A 6B 7 8 9 10 11 12 13 14 15 16 17 18
12Z AVG MX 2MIN
DY MAX MIN AVG DEP HDD CDD WTR SNW DPTH SPD SPD DIR MIN PSBL S-S WX SPD DR
================================================================================
1 45 31 38 -6 27 0 0.38 M M 13.8 28 230 M M 9 128 37 250
2 42 25 34 -10 31 0 0.09 M M 7.1 21 240 M M 5 128 28 250
3 33 28 31 -13 34 0 0.06 M M 9.3 15 270 M M 10 1 21 270
4 43 27 35 -9 30 0 T M M 6.7 20 290 M M 7 1 25 300
5 46 24 35 -10 30 0 0.00 M M 3.0 12 250 M M 4 19 250
6 57 31 44 -1 21 0 0.00 M M 11.8 20 160 M M 5 27 160
7 51 41 46 1 19 0 0.02 M M 7.6 15 100 M M 9 18 170
8 55 33 44 -1 21 0 T M M 4.3 15 230 M M 5 20 230
9 62 39 51 6 14 0 0.03 M M 9.0 17 130 M M 8 20 130
10 70 47 59 13 6 0 0.04 M M 10.2 20 110 M M 6 1 23 100
11 49 29 39 -7 26 0 0.28 M M 12.8 26 240 M M 7 1 35 220
12 45 26 36 -10 29 0 0.02 M M 7.2 21 280 M M 5 8 24 270
13 48 29 39 -7 26 0 0.00 M M 8.3 18 280 M M 4 24 280
14 50 30 40 -6 25 0 0.00 M M 5.0 14 60 M M 2 23 210
15 59 33 46 0 19 0 0.00 M M 9.3 20 100 M M 3 23 90
16 64 38 51 4 14 0 0.23 M M 10.3 25 270 M M 6 1 34 260
17 46 35 41 -6 24 0 T M M 9.0 20 100 M M 7 26 100
18 47 28 38 -9 27 0 0.07 M M 10.2 24 290 M M 5 1 33 290
19 49 25 37 -10 28 0 0.00 M M 5.2 21 230 M M 3 26 280
20 48 24 36 -12 29 0 0.04 M M 4.0 18 230 M M 5 1 24 230
21 48 33 41 -7 24 0 0.19 M M 9.2 18 230 M M 9 1 23 270
22 56 34 45 -3 20 0 0.00 M M 7.7 15 100 M M 2 19 120
23 56 39 48 0 17 0 0.04 M M 10.9 21 240 M M 6 27 240
24 52 40 46 -3 19 0 0.01 M M 11.3 24 250 M M 10 30 250
25 58 41 50 1 15 0 0.00 M M 4.0 14 260 M M 3 21 260
26 67 40 54 5 11 0 0.00 M M 8.0 17 230 M M 0 23 270
27 67 38 53 3 12 0 0.00 M M 5.6 15 290 M M 0 8 22 290
28 76 39 58 8 7 0 0.00 M M 5.8 20 100 M M 0 23 90
29 82 50 66 16 0 1 0.00 M M 6.1 17 90 M M 0 20 100
30 78 52 65 15 0 0 0.00 M M 10.5 18 270 M M 0 8 24 280
================================================================================
SM 1649 1029 605 1 1.50 M 243.2 M 145
================================================================================
AV 55.0 34.3 8.1 FASTST M M 5 MAX(MPH)
MISC ----> 28 230 37 250
================================================================================
NOTES:
# LAST OF SEVERAL OCCURRENCES
COLUMN 17 PEAK WIND IN M.P.H.
PRELIMINARY LOCAL CLIMATOLOGICAL DATA (WS FORM: F-6) , PAGE 2
STATION: PULLMAN_MOSCOW AIRPORT
MONTH: APRIL
YEAR: 2023
LATITUDE: 46 44 N
LONGITUDE: 117 7 W
[TEMPERATURE DATA] [PRECIPITATION DATA] SYMBOLS USED IN COLUMN 16
AVERAGE MONTHLY: 44.6 TOTAL FOR MONTH: 1.50 1 = FOG OR MIST
DPTR FM NORMAL: -2.2 DPTR FM NORMAL: -0.29 2 = FOG REDUCING VISIBILITY
HIGHEST: 82 ON 29 GRTST 24HR 0.41 ON 31- 1 TO 1/4 MILE OR LESS
LOWEST: 24 ON 20, 5 3 = THUNDER
SNOW, ICE PELLETS, HAIL 4 = ICE PELLETS
TOTAL MONTH: M 5 = HAIL
GRTST 24HR M ON M 6 = FREEZING RAIN OR DRIZZLE
GRTST DEPTH: M ON M 7 = DUSTSTORM OR SANDSTORM:
VSBY 1/2 MILE OR LESS
8 = SMOKE OR HAZE
[NO. OF DAYS WITH] [WEATHER - DAYS WITH] 9 = BLOWING SNOW
X = TORNADO
MAX 32 OR BELOW: 0 0.01 INCH OR MORE: 14
MAX 90 OR ABOVE: 0 0.10 INCH OR MORE: 4
MIN 32 OR BELOW: 13 0.50 INCH OR MORE: 0
MIN 0 OR BELOW: 0 1.00 INCH OR MORE: 0
[HDD (BASE 65) ]
TOTAL THIS MO. 605 CLEAR (SCALE 0-3) 9
DPTR FM NORMAL 59 PTCLDY (SCALE 4-7) 16
TOTAL FM JUL 1 5995 CLOUDY (SCALE 8-10) 5
DPTR FM NORMAL 252
[CDD (BASE 65) ]
TOTAL THIS MO. 1
DPTR FM NORMAL 1 [PRESSURE DATA]
TOTAL FM JAN 1 1 HIGHEST SLP M ON M
DPTR FM NORMAL 1 LOWEST SLP 29.65 ON 17
[REMARKS]
#FINAL-04-23#