000
CXUS56 KOTX 011300
CLMPUW
CLIMATE REPORT
NATIONAL WEATHER SERVICE SPOKANE WA
600 AM PDT SAT JUL 01 2023
...................................
...THE PULLMAN_MOSCOW AIRPORT CLIMATE SUMMARY FOR THE MONTH OF JUNE 2023...
CLIMATE NORMAL PERIOD 1991 TO 2020
CLIMATE RECORD PERIOD 9999 TO 9999
WEATHER OBSERVED NORMAL DEPART LAST YEAR`S
VALUE DATE(S) VALUE FROM VALUE DATE(S)
NORMAL
................................................................
TEMPERATURE (F)
RECORD
HIGH 106 06/29/2021
LOW 27 06/02/1912
HIGHEST 88 06/30 MM MM 91 06/27
LOWEST 38 06/23 MM MM 40 06/15
AVG. MAXIMUM 75.9 71.9 4.0 69.7
AVG. MINIMUM 49.5 47.7 1.8 48.9
MEAN 62.7 59.8 2.9 59.3
DAYS MAX >= 90 0 1.0 -1.0 1
DAYS MAX <= 32 0 0.0 0.0 0
DAYS MIN <= 32 0 0.0 0.0 0
DAYS MIN <= 0 0 0.0 0.0 0
PRECIPITATION (INCHES)
RECORD
MAXIMUM 3.94 2022
MINIMUM 0.04 1902
TOTALS 0.36 1.17 -0.81 3.94
DAILY AVG. 0.01 0.04 -0.03 0.13
DAYS >= .01 5 7.4 -2.4 12
DAYS >= .10 2 3.6 -1.6 10
DAYS >= .50 0 0.3 -0.3 2
DAYS >= 1.00 0 0.0 0.0 0
GREATEST
24 HR. TOTAL 0.23 06/08 TO 06/09 1.07
DEGREE DAYS
HEATING TOTAL 111 179 -68 179
SINCE 7/1 6295 6254 41 MM
COOLING TOTAL 48 23 25 18
SINCE 1/1 76 31 45 MM
................................................................
WIND (MPH)
AVERAGE WIND SPEED 5.2
HIGHEST WIND SPEED/DIRECTION 29/240 DATE 06/13
HIGHEST GUST SPEED/DIRECTION 37/190 DATE 06/24
SKY COVER
POSSIBLE SUNSHINE (PERCENT) MM
AVERAGE SKY COVER 0.23
NUMBER OF DAYS FAIR 23
NUMBER OF DAYS PC 7
NUMBER OF DAYS CLOUDY 0
AVERAGE RH (PERCENT) 57
WEATHER CONDITIONS. NUMBER OF DAYS WITH
THUNDERSTORM 4 MIXED PRECIP 0
HEAVY RAIN 0 RAIN 2
LIGHT RAIN 6 FREEZING RAIN 0
LT FREEZING RAIN 0 HAIL 0
HEAVY SNOW 0 SNOW 0
LIGHT SNOW 0 SLEET 0
FOG 4 FOG W/VIS <= 1/4 MILE 0
HAZE 10
- INDICATES NEGATIVE NUMBERS.
R INDICATES RECORD WAS SET OR TIED.
MM INDICATES DATA IS MISSING.
T INDICATES TRACE AMOUNT.
$$