000
CXUS54 KOUN 010810
CF6PWA
PRELIMINARY LOCAL CLIMATOLOGICAL DATA (WS FORM: F-6)
STATION: BETHANY/WILEY POST
MONTH: MAY
YEAR: 2023
LATITUDE: 35 31 N
LONGITUDE: 97 38 W
TEMPERATURE IN F: :PCPN: SNOW: WIND :SUNSHINE: SKY :PK WND
================================================================================
1 2 3 4 5 6A 6B 7 8 9 10 11 12 13 14 15 16 17 18
12Z AVG MX 2MIN
DY MAX MIN AVG DEP HDD CDD WTR SNW DPTH SPD SPD DIR MIN PSBL S-S WX SPD DR
================================================================================
1 71 39 55 -10 10 0 0.00 0.0 M 5.0 13 10 M M 0 21 40
2 75 44 60 -5 5 0 0.00 0.0 M 4.9 14 60 M M 0 17 40
3 68 49 59 -6 6 0 0.00 0.0 M 7.1 15 210 M M 2 19 210
4 65 56 61 -5 4 0 1.90 M M 10.5 29 150 M M 7 138 35 150
5 88 59 74 8 0 9 0.00 M M 10.9 22 160 M M 3 12 28 170
6 90 67 79 13 0 14 0.00 M M 14.0 26 170 M M 0 1 37 190
7 83 63 73 6 0 8 0.00 M M 17.2 26 200 M M 1 34 210
8 85 60 73 6 0 8 0.00 M M 9.5 20 190 M M 0 24 190
9 85 71 78 11 0 13 0.00 M M 13.1 22 170 M M 2 18 29 140
10 83 64 74 6 0 9 0.00 M M 8.7 16 140 M M 2 20 160
11 79 63 71 3 0 6 0.07 M M 10.6 22 140 M M 5 13 29 130
12 86 70 78 10 0 13 0.00 M M 17.2 23 190 M M 2 18 31 190
13 81 61 71 2 0 6 1.35 M M 6.8 45 240 M M 5 123 66 240
14 78 65 72 3 0 7 1.30 M M 4.5 20 220 M M 6 13 22 220
15 71 62 67 -3 0 2 0.39 M M 8.7 16 340 M M 10 1 23 360
16 72 59 66 -4 0 1 0.00 M M 8.3 14 360 M M 6 18 330
17 78 53 66 -4 0 1 0.00 M M 4.8 13 80 M M 1 1 16 80
18 75 62 69 -1 0 4 0.14 M M 6.6 14 200 M M 5 13 18 210
19 78 55 67 -4 0 2 0.70 M M 10.3 29 10 M M 8 138 36 10
20 73 52 63 -8 2 0 0.00 M M 7.8 16 30 M M 0 1 21 20
21 76 53 65 -7 0 0 0.00 M M 3.4 10 160 M M 0 13 160
22 75 55 65 -7 0 0 T M M 7.4 15 140 M M 1 18 140
23 76 64 70 -2 0 5 0.05 0.0 0 9.0 16 110 M M 6 21 80
24 81 64 73 1 0 8 0.00 0.0 0 8.4 16 130 M M 3 19 130
25 75 66 71 -2 0 6 T M M 6.1 13 140 M M 6 16 150
26 81 64 73 0 0 8 0.00 M M 6.3 15 130 M M 6 19 130
27 81 65 73 -1 0 8 0.00 0.0 0 8.7 17 160 M M 4 20 160
28 78 66 72 -2 0 7 0.03 M M 9.9 18 270 M M 4 13 24 250
29 78 64 71 -3 0 6 0.10 M M 9.0 21 150 M M 3 1 26 140
30 86 63 75 1 0 10 0.00 M M 8.7 14 180 M M 1 19 160
31 86 65 76 1 0 11 0.00 M M 10.1 20 170 M M 1 138 26 140
================================================================================
SM 2437 1863 27 172 6.03 0.0 273.5 M 100
================================================================================
AV 78.6 60.1 8.8 FASTST M M 3 MAX(MPH)
MISC ----> 45 240 66 240
================================================================================
NOTES:
# LAST OF SEVERAL OCCURRENCES
COLUMN 17 PEAK WIND IN M.P.H.
PRELIMINARY LOCAL CLIMATOLOGICAL DATA (WS FORM: F-6) , PAGE 2
STATION: BETHANY/WILEY POST
MONTH: MAY
YEAR: 2023
LATITUDE: 35 31 N
LONGITUDE: 97 38 W
[TEMPERATURE DATA] [PRECIPITATION DATA] SYMBOLS USED IN COLUMN 16
AVERAGE MONTHLY: 69.4 TOTAL FOR MONTH: 6.03 1 = FOG OR MIST
DPTR FM NORMAL: -0.3 DPTR FM NORMAL: 1.77 2 = FOG REDUCING VISIBILITY
HIGHEST: 90 ON 6 GRTST 24HR 1.93 ON 13-14 TO 1/4 MILE OR LESS
LOWEST: 39 ON 1 3 = THUNDER
SNOW, ICE PELLETS, HAIL 4 = ICE PELLETS
TOTAL MONTH: 0.0 INCH 5 = HAIL
GRTST 24HR 0.0 6 = FREEZING RAIN OR DRIZZLE
GRTST DEPTH: 0 7 = DUSTSTORM OR SANDSTORM:
VSBY 1/2 MILE OR LESS
8 = SMOKE OR HAZE
[NO. OF DAYS WITH] [WEATHER - DAYS WITH] 9 = BLOWING SNOW
X = TORNADO
MAX 32 OR BELOW: 0 0.01 INCH OR MORE: 10
MAX 90 OR ABOVE: 1 0.10 INCH OR MORE: 7
MIN 32 OR BELOW: 0 0.50 INCH OR MORE: 4
MIN 0 OR BELOW: 0 1.00 INCH OR MORE: 3
[HDD (BASE 65) ]
TOTAL THIS MO. 27 CLEAR (SCALE 0-3) 18
DPTR FM NORMAL -13 PTCLDY (SCALE 4-7) 12
TOTAL FM JUL 1 3341 CLOUDY (SCALE 8-10) 1
DPTR FM NORMAL -87
[CDD (BASE 65) ]
TOTAL THIS MO. 172
DPTR FM NORMAL -16 [PRESSURE DATA]
TOTAL FM JAN 1 226 HIGHEST SLP M ON M
DPTR FM NORMAL -29 LOWEST SLP 29.66 ON 11
[REMARKS]
#FINAL-05-23#