000
CXUS54 KOUN 010810
CF6PWA
PRELIMINARY LOCAL CLIMATOLOGICAL DATA (WS FORM: F-6)
STATION: BETHANY/WILEY POST
MONTH: OCTOBER
YEAR: 2022
LATITUDE: 35 31 N
LONGITUDE: 97 38 W
TEMPERATURE IN F: :PCPN: SNOW: WIND :SUNSHINE: SKY :PK WND
================================================================================
1 2 3 4 5 6A 6B 7 8 9 10 11 12 13 14 15 16 17 18
12Z AVG MX 2MIN
DY MAX MIN AVG DEP HDD CDD WTR SNW DPTH SPD SPD DIR MIN PSBL S-S WX SPD DR
================================================================================
1 84 53 69 1 0 4 0.00 0.0 0 6.2 13 210 M M 0 16 130
2 86 50 68 0 0 3 0.00 0.0 M 4.2 12 140 M M 0 16 60
3 83 49 66 -2 0 1 0.00 0.0 M 5.9 16 170 M M 0 21 180
4 84 53 69 2 0 4 0.00 0.0 M 6.8 15 200 M M 0 21 220
5 85 57 71 4 0 6 0.00 0.0 M 3.9 9 210 M M 2 14 200
6 87 60 74 8 0 9 0.00 M M 3.9 15 360 M M 4 19 360
7 67 51 59 -7 6 0 0.05 M M 10.0 18 10 M M 4 23 10
8 68 45 57 -9 8 0 0.01 M M 5.6 14 20 M M 3 16 20
9 75 53 64 -1 1 0 T M M 8.8 18 200 M M 4 22 210
10 78 62 70 5 0 5 0.19 M M 5.4 17 200 M M 7 13 22 190
11 80 61 71 7 0 6 0.01 M M 16.7 29 180 M M 3 1 37 180
12 81 52 67 3 0 2 0.00 M M 9.3 21 350 M M 0 26 50
13 76 45 61 -3 4 0 0.00 M M 7.9 17 320 M M 0 23 320
14 85 47 66 3 0 1 0.00 M M 10.8 23 220 M M 0 29 250
15 91 54 73 10 0 8 0.36 M M 7.2 47 350 M M 1 3 59 350
16 70 55 63 1 2 0 0.00 M M 9.1 17 10 M M 1 21 50
17 62 43 53 -9 12 0 0.00 M M 9.9 21 350 M M 0 32 350
18 57 35 46 -16 19 0 0.00 M M 8.6 17 20 M M 2 26 30
19 67 31 49 -12 16 0 0.00 M M 8.7 17 180 M M 0 21 180
20 79 39 59 -2 6 0 0.00 M M 6.3 14 180 M M 0 17 360
21 89 49 69 9 0 4 0.00 M M 15.6 25 190 M M 0 33 200
22 91 65 78 18 0 13 0.00 M M 21.3 31 190 M M 0 41 190
23 82 67 75 15 0 10 0.00 M M 23.4 35 180 M M 0 44 190
24 74 48 61 2 4 0 1.72 M M 16.5 39 340 M M 8 123 52 360
25 66 45 56 -3 9 0 0.08 M M 11.9 29 20 M M 3 37 340
26 69 42 56 -2 9 0 0.00 M M 10.0 18 150 M M 0 8 23 140
27 70 52 61 3 4 0 T M M 15.5 30 170 M M 2 3 35 160
28 60 51 56 -2 9 0 0.34 M M 7.2 18 360 M M 9 13 21 360
29 66 51 59 2 6 0 T M M 7.8 15 350 M M 9 18 350
30 68 42 55 -2 10 0 0.00 M M 5.5 13 310 M M 4 16 310
31 74 39 57 1 8 0 0.00 M M 4.3 12 200 M M 0 14 200
================================================================================
SM 2354 1546 133 76 2.76 0.0 294.2 M 66
================================================================================
AV 75.9 49.9 9.5 FASTST M M 2 MAX(MPH)
MISC ----> 47 350 59 350
================================================================================
NOTES:
# LAST OF SEVERAL OCCURRENCES
COLUMN 17 PEAK WIND IN M.P.H.
PRELIMINARY LOCAL CLIMATOLOGICAL DATA (WS FORM: F-6) , PAGE 2
STATION: BETHANY/WILEY POST
MONTH: OCTOBER
YEAR: 2022
LATITUDE: 35 31 N
LONGITUDE: 97 38 W
[TEMPERATURE DATA] [PRECIPITATION DATA] SYMBOLS USED IN COLUMN 16
AVERAGE MONTHLY: 62.9 TOTAL FOR MONTH: 2.76 1 = FOG OR MIST
DPTR FM NORMAL: 0.5 DPTR FM NORMAL: 0.04 2 = FOG REDUCING VISIBILITY
HIGHEST: 91 ON 22,15 GRTST 24HR 1.79 ON 24-25 TO 1/4 MILE OR LESS
LOWEST: 31 ON 19 3 = THUNDER
SNOW, ICE PELLETS, HAIL 4 = ICE PELLETS
TOTAL MONTH: 0.0 INCH 5 = HAIL
GRTST 24HR 0.0 6 = FREEZING RAIN OR DRIZZLE
GRTST DEPTH: 0 7 = DUSTSTORM OR SANDSTORM:
VSBY 1/2 MILE OR LESS
8 = SMOKE OR HAZE
[NO. OF DAYS WITH] [WEATHER - DAYS WITH] 9 = BLOWING SNOW
X = TORNADO
MAX 32 OR BELOW: 0 0.01 INCH OR MORE: 8
MAX 90 OR ABOVE: 2 0.10 INCH OR MORE: 4
MIN 32 OR BELOW: 1 0.50 INCH OR MORE: 1
MIN 0 OR BELOW: 0 1.00 INCH OR MORE: 1
[HDD (BASE 65) ]
TOTAL THIS MO. 133 CLEAR (SCALE 0-3) 22
DPTR FM NORMAL -28 PTCLDY (SCALE 4-7) 7
TOTAL FM JUL 1 133 CLOUDY (SCALE 8-10) 2
DPTR FM NORMAL -43
[CDD (BASE 65) ]
TOTAL THIS MO. 76
DPTR FM NORMAL -3 [PRESSURE DATA]
TOTAL FM JAN 1 2722 HIGHEST SLP M ON M
DPTR FM NORMAL 561 LOWEST SLP 29.47 ON 22
[REMARKS]
#FINAL-10-22#