000
CXUS54 KFWD 010830
CF6RBD
PRELIMINARY LOCAL CLIMATOLOGICAL DATA (WS FORM: F-6)
STATION: DALLAS EXECUTIVE
MONTH: FEBRUARY
YEAR: 2023
LATITUDE: 32 40 N
LONGITUDE: 96 52 W
TEMPERATURE IN F: :PCPN: SNOW: WIND :SUNSHINE: SKY :PK WND
================================================================================
1 2 3 4 5 6A 6B 7 8 9 10 11 12 13 14 15 16 17 18
12Z AVG MX 2MIN
DY MAX MIN AVG DEP HDD CDD WTR SNW DPTH SPD SPD DIR MIN PSBL S-S WX SPD DR
================================================================================
1 31 27 29 -20 36 0 0.18 M M 8.1 16 320 M M 10 16 22 320
2 33 31 32 -17 33 0 0.40 M M 8.3 15 340 M M 10 16 19 340
3 52 28 40 -9 25 0 0.00 M M 5.2 9 330 M M 0 1 13 320
4 57 33 45 -4 20 0 0.00 M M 9.6 20 170 M M 0 29 180
5 70 39 55 5 10 0 0.00 M M 6.6 13 150 M M 0 1 19 240
6 72 52 62 12 3 0 0.00 M M 15.4 33 180 M M 4 47 180
7 63 47 55 5 10 0 0.75 M M 10.1 17 160 M M 10 13 24 170
8 48 37 43 -7 22 0 0.46 M M 10.6 22 290 M M 8 13 33 300
9 64 33 49 -1 16 0 0.00 M M 5.7 16 350 M M 0 1 22 350
10 50 37 44 -6 21 0 T M M 14.2 24 330 M M 10 32 330
11 55 35 45 -5 20 0 T M M 8.5 16 340 M M 4 20 330
12 66 35 51 0 14 0 0.00 M M 8.2 15 170 M M 0 23 180
13 66 43 55 4 10 0 T M M 10.2 25 140 M M 1 36 160
14 71 51 61 10 4 0 0.54 M M 13.7 29 230 M M 4 13 45 220
15 77 48 63 12 2 0 0.00 M M 12.9 28 170 M M 2 39 170
16 64 35 50 -1 15 0 0.00 M M 19.2 29 330 M M 5 41 310
17 50 28 39 -13 26 0 0.00 M M 8.4 22 350 M M 0 32 10
18 53 33 43 -9 22 0 0.00 M M 9.8 20 160 M M 0 25 170
19 71 46 59 7 6 0 0.00 M M 11.1 20 200 M M 0 29 190
20 78 58 68 16 0 3 0.00 M M 11.3 21 210 M M 0 36 210
21 87 62 75 23 0 10 0.00 M M 13.8 25 170 M M 0 36 170
22 79 14 47 -6 18 0 0.16 M M 12.8 30 180 M M 5 13 45 180
23 67 46 57 4 8 0 0.00 M M 13.6 22 340 M M 2 31 300
24 49 41 45 -8 20 0 T M M 10.6 16 330 M M 10 1 21 310
25 50 39 45 -8 20 0 0.02 M M 5.8 14 330 M M 10 1 18 340
26 79 48 64 10 1 0 0.00 M M 12.3 35 170 M M 7 128 51 180
27 75 54 65 11 0 0 0.04 M M 9.1 24 290 M M 3 8 33 190
28 84 55 70 16 0 5 0.00 M M 8.6 16 190 M M 0 23 180
================================================================================
SM 1761 1135 382 18 2.55 M 293.7 M 105
================================================================================
AV 62.9 40.5 10.5 FASTST M M 4 MAX(MPH)
MISC ----> 35 170 51 180
================================================================================
NOTES:
# LAST OF SEVERAL OCCURRENCES
COLUMN 17 PEAK WIND IN M.P.H.
PRELIMINARY LOCAL CLIMATOLOGICAL DATA (WS FORM: F-6) , PAGE 2
STATION: DALLAS EXECUTIVE
MONTH: FEBRUARY
YEAR: 2023
LATITUDE: 32 40 N
LONGITUDE: 96 52 W
[TEMPERATURE DATA] [PRECIPITATION DATA] SYMBOLS USED IN COLUMN 16
AVERAGE MONTHLY: 51.7 TOTAL FOR MONTH: 2.55 1 = FOG OR MIST
DPTR FM NORMAL: 0.4 DPTR FM NORMAL: -0.02 2 = FOG REDUCING VISIBILITY
HIGHEST: 87 ON 21 GRTST 24HR 1.21 ON 7- 8 TO 1/4 MILE OR LESS
LOWEST: 14 ON 22 3 = THUNDER
SNOW, ICE PELLETS, HAIL 4 = ICE PELLETS
TOTAL MONTH: M 5 = HAIL
GRTST 24HR M ON M 6 = FREEZING RAIN OR DRIZZLE
GRTST DEPTH: M ON M 7 = DUSTSTORM OR SANDSTORM:
VSBY 1/2 MILE OR LESS
8 = SMOKE OR HAZE
[NO. OF DAYS WITH] [WEATHER - DAYS WITH] 9 = BLOWING SNOW
X = TORNADO
MAX 32 OR BELOW: 1 0.01 INCH OR MORE: 8
MAX 90 OR ABOVE: 0 0.10 INCH OR MORE: 6
MIN 32 OR BELOW: 5 0.50 INCH OR MORE: 2
MIN 0 OR BELOW: 0 1.00 INCH OR MORE: 0
[HDD (BASE 65) ]
TOTAL THIS MO. 382 CLEAR (SCALE 0-3) 14
DPTR FM NORMAL -12 PTCLDY (SCALE 4-7) 7
TOTAL FM JUL 1 1692 CLOUDY (SCALE 8-10) 7
DPTR FM NORMAL -77
[CDD (BASE 65) ]
TOTAL THIS MO. 18
DPTR FM NORMAL 8 [PRESSURE DATA]
TOTAL FM JAN 1 38 HIGHEST SLP 30.61 ON 3
DPTR FM NORMAL 31 LOWEST SLP 29.43 ON 22
[REMARKS]
#FINAL-02-23#