000
CXUS54 KFWD 010141
CF6RBD
PRELIMINARY LOCAL CLIMATOLOGICAL DATA (WS FORM: F-6)
STATION: DALLAS EXECUTIVE
MONTH: DECEMBER
YEAR: 2020
LATITUDE: 32 40 N
LONGITUDE: 96 52 W
TEMPERATURE IN F: :PCPN: SNOW: WIND :SUNSHINE: SKY :PK WND
================================================================================
1 2 3 4 5 6A 6B 7 8 9 10 11 12 13 14 15 16 17 18
12Z AVG MX 2MIN
DY MAX MIN AVG DEP HDD CDD WTR SNW DPTH SPD SPD DIR MIN PSBL S-S WX SPD DR
================================================================================
1 58 30 44 -7 21 0 0.00 M M 11.6 24 170 M M 0 37 170
2 57 40 49 -1 16 0 T M M 9.2 17 300 M M 4 24 310
3 48 37 43 -7 22 0 0.00 M M 11.1 18 310 M M 8 23 310
4 56 33 45 -5 20 0 0.00 M M 5.7 12 340 M M 2 18 17 300
5 63 35 49 0 16 0 T M M 4.8 9 270 M M 3 12 230
6 60 45 53 4 12 0 T M M 10.3 20 340 M M 4 27 350
7 64 39 52 3 13 0 0.00 M M 7.3 14 350 M M 0 22 340
8 72 47 60 11 5 0 0.00 M M 7.4 13 290 M M 0 17 270
9 80 43 62 14 3 0 0.00 M M 7.0 12 250 M M 0 19 250
10 78 50 64 16 1 0 0.00 M M 11.6 23 170 M M 0 33 180
11 69 47 58 10 7 0 0.14 M M 9.1 21 190 M M 6 1 31 170
12 55 39 47 -1 18 0 0.00 M M 6.3 14 310 M M 0 20 350
13 44 37 41 -7 24 0 0.66 M M 13.4 26 330 M M 10 13 37 330
14 51 34 43 -4 22 0 0.00 M M 6.9 18 330 M M 4 25 330
15 43 34 39 -8 26 0 0.06 M M 6.7 16 130 M M 8 18 21 330
16 44 32 38 -9 27 0 0.02 M M 8.0 17 320 M M 5 1 23 340
17 61 32 47 0 18 0 0.00 M M 7.2 13 250 M M 0 17 250
18 63 37 50 3 15 0 T M M 12.2 22 180 M M 4 32 180
19 60 42 51 4 14 0 0.00 M M 5.4 18 290 M M 7 18 23 290
20 64 35 50 4 15 0 0.00 M M 6.4 14 330 M M 0 20 320
21 72 39 56 10 9 0 0.00 M M 6.6 14 190 M M 0 20 220
22 71 44 58 12 7 0 0.00 M M 11.4 24 170 M M 1 18 32 190
23 73 37 55 9 10 0 0.00 M M 18.3 33 340 M M 2 45 360
24 54 29 42 -4 23 0 0.00 M M 12.6 25 340 M M 0 35 360
25 60 32 46 0 19 0 0.00 M M 5.8 13 190 M M 0 18 190
26 70 37 54 8 11 0 0.00 M M 10.4 23 180 M M 0 30 200
27 75 46 61 15 4 0 0.00 M M 10.7 25 200 M M 0 42 210
28 61 45 53 7 12 0 0.06 M M 9.2 14 60 M M 5 1 20 120
29 70 55 63 17 2 0 0.02 M M 14.6 23 170 M M 9 1 32 170
30 62 38 50 4 15 0 0.57 M M 12.0 24 360 M M 10 1 33 360
31 41 38 40 -6 25 0 1.81 M M 12.9 30 10 M M 10 13 37 360
================================================================================
SM 1899 1208 452 0 3.34 M 292.1 M 102
================================================================================
AV 61.3 39.0 9.4 FASTST M M 3 MAX(MPH)
MISC ----> 33 340 45 360
================================================================================
NOTES:
# LAST OF SEVERAL OCCURRENCES
COLUMN 17 PEAK WIND IN M.P.H.
PRELIMINARY LOCAL CLIMATOLOGICAL DATA (WS FORM: F-6) , PAGE 2
STATION: DALLAS EXECUTIVE
MONTH: DECEMBER
YEAR: 2020
LATITUDE: 32 40 N
LONGITUDE: 96 52 W
[TEMPERATURE DATA] [PRECIPITATION DATA] SYMBOLS USED IN COLUMN 16
AVERAGE MONTHLY: 50.1 TOTAL FOR MONTH: 3.34 1 = FOG OR MIST
DPTR FM NORMAL: 2.6 DPTR FM NORMAL: 0.43 2 = FOG REDUCING VISIBILITY
HIGHEST: 80 ON 9 GRTST 24HR 1.82 ON 30-31 TO 1/4 MILE OR LESS
LOWEST: 29 ON 24 3 = THUNDER
SNOW, ICE PELLETS, HAIL 4 = ICE PELLETS
TOTAL MONTH: M 5 = HAIL
GRTST 24HR M ON M 6 = FREEZING RAIN OR DRIZZLE
GRTST DEPTH: M ON M 7 = DUSTSTORM OR SANDSTORM:
VSBY 1/2 MILE OR LESS
8 = SMOKE OR HAZE
[NO. OF DAYS WITH] [WEATHER - DAYS WITH] 9 = BLOWING SNOW
X = TORNADO
MAX 32 OR BELOW: 0 0.01 INCH OR MORE: 8
MAX 90 OR ABOVE: 0 0.10 INCH OR MORE: 4
MIN 32 OR BELOW: 5 0.50 INCH OR MORE: 3
MIN 0 OR BELOW: 0 1.00 INCH OR MORE: 1
[HDD (BASE 65) ]
TOTAL THIS MO. 452 CLEAR (SCALE 0-3) 17
DPTR FM NORMAL -94 PTCLDY (SCALE 4-7) 9
TOTAL FM JUL 1 727 CLOUDY (SCALE 8-10) 5
DPTR FM NORMAL -172
[CDD (BASE 65) ]
TOTAL THIS MO. 0
DPTR FM NORMAL -4 [PRESSURE DATA]
TOTAL FM JAN 1 2730 HIGHEST SLP 30.37 ON 24
DPTR FM NORMAL 160 LOWEST SLP 29.55 ON 31
[REMARKS]
#FINAL-12-20#